{"version":"1.0","provider_name":"Radio Leinewelle","provider_url":"https:\/\/radioleinewelle.de","author_name":"Leinewelle","author_url":"https:\/\/radioleinewelle.de\/index.php\/author\/leinewelle\/","title":"ver.di erneuert Forderung nach Tarifverhandlungen - Radio Leinewelle","type":"rich","width":600,"height":338,"html":"<blockquote class=\"wp-embedded-content\" data-secret=\"f9N24ZKX48\"><a href=\"https:\/\/radioleinewelle.de\/index.php\/2020\/09\/11\/ver-di-erneuert-forderung-nach-tarifverhandlungen\/\">ver.di erneuert Forderung nach Tarifverhandlungen<\/a><\/blockquote><iframe sandbox=\"allow-scripts\" security=\"restricted\" src=\"https:\/\/radioleinewelle.de\/index.php\/2020\/09\/11\/ver-di-erneuert-forderung-nach-tarifverhandlungen\/embed\/#?secret=f9N24ZKX48\" width=\"600\" height=\"338\" title=\"&#8222;ver.di erneuert Forderung nach Tarifverhandlungen&#8220; &#8211; Radio Leinewelle\" data-secret=\"f9N24ZKX48\" frameborder=\"0\" marginwidth=\"0\" marginheight=\"0\" scrolling=\"no\" class=\"wp-embedded-content\"><\/iframe><script type=\"text\/javascript\">\n\/* <![CDATA[ *\/\n\/*! This file is auto-generated *\/\n!function(d,l){\"use strict\";l.querySelector&&d.addEventListener&&\"undefined\"!=typeof URL&&(d.wp=d.wp||{},d.wp.receiveEmbedMessage||(d.wp.receiveEmbedMessage=function(e){var t=e.data;if((t||t.secret||t.message||t.value)&&!\/[^a-zA-Z0-9]\/.test(t.secret)){for(var s,r,n,a=l.querySelectorAll('iframe[data-secret=\"'+t.secret+'\"]'),o=l.querySelectorAll('blockquote[data-secret=\"'+t.secret+'\"]'),c=new RegExp(\"^https?:$\",\"i\"),i=0;i<o.length;i++)o[i].style.display=\"none\";for(i=0;i<a.length;i++)s=a[i],e.source===s.contentWindow&&(s.removeAttribute(\"style\"),\"height\"===t.message?(1e3<(r=parseInt(t.value,10))?r=1e3:~~r<200&&(r=200),s.height=r):\"link\"===t.message&&(r=new URL(s.getAttribute(\"src\")),n=new URL(t.value),c.test(n.protocol))&&n.host===r.host&&l.activeElement===s&&(d.top.location.href=t.value))}},d.addEventListener(\"message\",d.wp.receiveEmbedMessage,!1),l.addEventListener(\"DOMContentLoaded\",function(){for(var e,t,s=l.querySelectorAll(\"iframe.wp-embedded-content\"),r=0;r<s.length;r++)(t=(e=s[r]).getAttribute(\"data-secret\"))||(t=Math.random().toString(36).substring(2,12),e.src+=\"#?secret=\"+t,e.setAttribute(\"data-secret\",t)),e.contentWindow.postMessage({message:\"ready\",secret:t},\"*\")},!1)))}(window,document);\n\/\/# sourceURL=https:\/\/radioleinewelle.de\/wp-includes\/js\/wp-embed.min.js\n\/* ]]> *\/\n<\/script>\n","thumbnail_url":"https:\/\/radioleinewelle.de\/wp-content\/uploads\/2020\/09\/asklepios-seesen-e1599769622466.jpg","thumbnail_width":500,"thumbnail_height":281,"description":"Falschaussagen der Gesch\u00e4ftsf\u00fchrer richtiggestellt Die Gesch\u00e4ftsf\u00fchrer der verschiedenen Asklepios Gesellschaften in Seesen scheinen m\u00e4chtig unter Druck zu geraten. Anders l\u00e4sst sich nicht erkl\u00e4ren, wie verzweifelt sie \u00f6ffentlich und nachweislich die Unwahrheit sagen.\u00a0So erkl\u00e4rt Sebastian von der Haar: \u201ever.di fordert \u00fcberdies, dass wir die Notfallversorgung absagen, denn der [ver.di] Vorschlag sieht weder Ruf- noch Bereitschaftsdienst f\u00fcr [&hellip;]"}

Falschaussagen der Geschäftsführer richtiggestellt Die Geschäftsführer der verschiedenen Asklepios Gesellschaften in Seesen scheinen mächtig unter Druck zu geraten. Anders lässt sich nicht erklären, wie verzweifelt sie öffentlich und nachweislich die Unwahrheit sagen. So erklärt Sebastian von der Haar: „ver.di fordert überdies, dass wir die Notfallversorgung absagen, denn der [ver.di] Vorschlag sieht weder Ruf- noch Bereitschaftsdienst für [&hellip;]
