{"version":"1.0","provider_name":"Radio Leinewelle","provider_url":"https:\/\/radioleinewelle.de","author_name":"Leinewelle","author_url":"https:\/\/radioleinewelle.de\/index.php\/author\/leinewelle\/","title":"Am Mittwoch erneut Warnstreik - Radio Leinewelle","type":"rich","width":600,"height":338,"html":"<blockquote class=\"wp-embedded-content\" data-secret=\"70FEwsB63g\"><a href=\"https:\/\/radioleinewelle.de\/index.php\/2020\/10\/06\/am-mittwoch-erneut-warnstreik\/\">Am Mittwoch erneut Warnstreik<\/a><\/blockquote><iframe sandbox=\"allow-scripts\" security=\"restricted\" src=\"https:\/\/radioleinewelle.de\/index.php\/2020\/10\/06\/am-mittwoch-erneut-warnstreik\/embed\/#?secret=70FEwsB63g\" width=\"600\" height=\"338\" title=\"&#8222;Am Mittwoch erneut Warnstreik&#8220; &#8211; Radio Leinewelle\" data-secret=\"70FEwsB63g\" frameborder=\"0\" marginwidth=\"0\" marginheight=\"0\" scrolling=\"no\" class=\"wp-embedded-content\"><\/iframe><script type=\"text\/javascript\">\n\/* <![CDATA[ *\/\n\/*! This file is auto-generated *\/\n!function(d,l){\"use strict\";l.querySelector&&d.addEventListener&&\"undefined\"!=typeof URL&&(d.wp=d.wp||{},d.wp.receiveEmbedMessage||(d.wp.receiveEmbedMessage=function(e){var t=e.data;if((t||t.secret||t.message||t.value)&&!\/[^a-zA-Z0-9]\/.test(t.secret)){for(var s,r,n,a=l.querySelectorAll('iframe[data-secret=\"'+t.secret+'\"]'),o=l.querySelectorAll('blockquote[data-secret=\"'+t.secret+'\"]'),c=new RegExp(\"^https?:$\",\"i\"),i=0;i<o.length;i++)o[i].style.display=\"none\";for(i=0;i<a.length;i++)s=a[i],e.source===s.contentWindow&&(s.removeAttribute(\"style\"),\"height\"===t.message?(1e3<(r=parseInt(t.value,10))?r=1e3:~~r<200&&(r=200),s.height=r):\"link\"===t.message&&(r=new URL(s.getAttribute(\"src\")),n=new URL(t.value),c.test(n.protocol))&&n.host===r.host&&l.activeElement===s&&(d.top.location.href=t.value))}},d.addEventListener(\"message\",d.wp.receiveEmbedMessage,!1),l.addEventListener(\"DOMContentLoaded\",function(){for(var e,t,s=l.querySelectorAll(\"iframe.wp-embedded-content\"),r=0;r<s.length;r++)(t=(e=s[r]).getAttribute(\"data-secret\"))||(t=Math.random().toString(36).substring(2,12),e.src+=\"#?secret=\"+t,e.setAttribute(\"data-secret\",t)),e.contentWindow.postMessage({message:\"ready\",secret:t},\"*\")},!1)))}(window,document);\n\/\/# sourceURL=https:\/\/radioleinewelle.de\/wp-includes\/js\/wp-embed.min.js\n\/* ]]> *\/\n<\/script>\n","thumbnail_url":"https:\/\/radioleinewelle.de\/wp-content\/uploads\/2020\/09\/tarif_-_warnstreik2_-_c_v_polentz_-_ohne_pin-e1601067396174.jpg","thumbnail_width":600,"thumbnail_height":338,"description":"Erneuter Streiktag im \u00d6ffentlichen Personennahverkehr: Nachdem sich die kommunalen Arbeitgeber nach den ersten Warnstreiks in Niedersachsen und Bremen noch immer gegen die Verhandlung \u00fcber einen bundesweiten Rahmentarifvertrag f\u00fcr die Besch\u00e4ftigten des \u00d6PNV ausgesprochen haben, erh\u00f6ht die Vereinte Dienstleistungsgewerkschaft (ver.di) den Druck. Sie ruft am kommenden Mittwoch, 7. Oktober, erneut 6.000 Besch\u00e4ftigte in Hannover, Bremen, Braunschweig, [&hellip;]"}

Erneuter Streiktag im Öffentlichen Personennahverkehr: Nachdem sich die kommunalen Arbeitgeber nach den ersten Warnstreiks in Niedersachsen und Bremen noch immer gegen die Verhandlung über einen bundesweiten Rahmentarifvertrag für die Beschäftigten des ÖPNV ausgesprochen haben, erhöht die Vereinte Dienstleistungsgewerkschaft (ver.di) den Druck. Sie ruft am kommenden Mittwoch, 7. Oktober, erneut 6.000 Beschäftigte in Hannover, Bremen, Braunschweig, [&hellip;]
