{"version":"1.0","provider_name":"Radio Leinewelle","provider_url":"https:\/\/radioleinewelle.de","author_name":"Leinewelle","author_url":"https:\/\/radioleinewelle.de\/index.php\/author\/leinewelle\/","title":"Chronische Krankheiten in Deutschland - Radio Leinewelle","type":"rich","width":600,"height":338,"html":"<blockquote class=\"wp-embedded-content\" data-secret=\"DGxFcGzh3x\"><a href=\"https:\/\/radioleinewelle.de\/index.php\/2020\/10\/08\/chronische-krankheiten-in-deutschland\/\">Chronische Krankheiten in Deutschland<\/a><\/blockquote><iframe sandbox=\"allow-scripts\" security=\"restricted\" src=\"https:\/\/radioleinewelle.de\/index.php\/2020\/10\/08\/chronische-krankheiten-in-deutschland\/embed\/#?secret=DGxFcGzh3x\" width=\"600\" height=\"338\" title=\"&#8222;Chronische Krankheiten in Deutschland&#8220; &#8211; Radio Leinewelle\" data-secret=\"DGxFcGzh3x\" frameborder=\"0\" marginwidth=\"0\" marginheight=\"0\" scrolling=\"no\" class=\"wp-embedded-content\"><\/iframe><script type=\"text\/javascript\">\n\/* <![CDATA[ *\/\n\/*! This file is auto-generated *\/\n!function(d,l){\"use strict\";l.querySelector&&d.addEventListener&&\"undefined\"!=typeof URL&&(d.wp=d.wp||{},d.wp.receiveEmbedMessage||(d.wp.receiveEmbedMessage=function(e){var t=e.data;if((t||t.secret||t.message||t.value)&&!\/[^a-zA-Z0-9]\/.test(t.secret)){for(var s,r,n,a=l.querySelectorAll('iframe[data-secret=\"'+t.secret+'\"]'),o=l.querySelectorAll('blockquote[data-secret=\"'+t.secret+'\"]'),c=new RegExp(\"^https?:$\",\"i\"),i=0;i<o.length;i++)o[i].style.display=\"none\";for(i=0;i<a.length;i++)s=a[i],e.source===s.contentWindow&&(s.removeAttribute(\"style\"),\"height\"===t.message?(1e3<(r=parseInt(t.value,10))?r=1e3:~~r<200&&(r=200),s.height=r):\"link\"===t.message&&(r=new URL(s.getAttribute(\"src\")),n=new URL(t.value),c.test(n.protocol))&&n.host===r.host&&l.activeElement===s&&(d.top.location.href=t.value))}},d.addEventListener(\"message\",d.wp.receiveEmbedMessage,!1),l.addEventListener(\"DOMContentLoaded\",function(){for(var e,t,s=l.querySelectorAll(\"iframe.wp-embedded-content\"),r=0;r<s.length;r++)(t=(e=s[r]).getAttribute(\"data-secret\"))||(t=Math.random().toString(36).substring(2,12),e.src+=\"#?secret=\"+t,e.setAttribute(\"data-secret\",t)),e.contentWindow.postMessage({message:\"ready\",secret:t},\"*\")},!1)))}(window,document);\n\/\/# sourceURL=https:\/\/radioleinewelle.de\/wp-includes\/js\/wp-embed.min.js\n\/* ]]> *\/\n<\/script>\n","thumbnail_url":"https:\/\/radioleinewelle.de\/wp-content\/uploads\/2020\/10\/Chronische-Krankheiten.jpg","thumbnail_width":600,"thumbnail_height":852,"description":"Eine laienverst\u00e4ndliche \u00dcbersicht mit Zahlen, Fakten und Patientenstimmen.\u00a0Mehr als die H\u00e4lfte der \u00e4lteren deutschen Bev\u00f6lkerung ist chronisch krank. Was chronische Krankheiten f\u00fcr das Gesundheitswesen, f\u00fcr die Gesellschaft und f\u00fcr die Patienten selber bedeuten, fasst dieser Report des Instituts f\u00fcr Allgemeinmedizin der Goethe-Universit\u00e4t Frankfurt allgemeinverst\u00e4ndlich zusammen. Die Studienautorinnen arbeiten zun\u00e4chst die oft verwirrenden Daten zu Verbreitung, [&hellip;]"}

Eine laienverständliche Übersicht mit Zahlen, Fakten und Patientenstimmen. Mehr als die Hälfte der älteren deutschen Bevölkerung ist chronisch krank. Was chronische Krankheiten für das Gesundheitswesen, für die Gesellschaft und für die Patienten selber bedeuten, fasst dieser Report des Instituts für Allgemeinmedizin der Goethe-Universität Frankfurt allgemeinverständlich zusammen. Die Studienautorinnen arbeiten zunächst die oft verwirrenden Daten zu Verbreitung, [&hellip;]
