{"version":"1.0","provider_name":"Radio Leinewelle","provider_url":"https:\/\/radioleinewelle.de","author_name":"Leinewelle","author_url":"https:\/\/radioleinewelle.de\/index.php\/author\/leinewelle\/","title":"Regional \"Aktiv im Freien\" in den Herbstferien - Radio Leinewelle","type":"rich","width":600,"height":338,"html":"<blockquote class=\"wp-embedded-content\" data-secret=\"nT0USv1ils\"><a href=\"https:\/\/radioleinewelle.de\/index.php\/2020\/10\/09\/regional-aktiv-im-freien-in-den-herbstferien\/\">Regional &#8222;Aktiv im Freien&#8220; in den Herbstferien<\/a><\/blockquote><iframe sandbox=\"allow-scripts\" security=\"restricted\" src=\"https:\/\/radioleinewelle.de\/index.php\/2020\/10\/09\/regional-aktiv-im-freien-in-den-herbstferien\/embed\/#?secret=nT0USv1ils\" width=\"600\" height=\"338\" title=\"&#8222;Regional &#8222;Aktiv im Freien&#8220; in den Herbstferien&#8220; &#8211; Radio Leinewelle\" data-secret=\"nT0USv1ils\" frameborder=\"0\" marginwidth=\"0\" marginheight=\"0\" scrolling=\"no\" class=\"wp-embedded-content\"><\/iframe><script type=\"text\/javascript\">\n\/* <![CDATA[ *\/\n\/*! This file is auto-generated *\/\n!function(d,l){\"use strict\";l.querySelector&&d.addEventListener&&\"undefined\"!=typeof URL&&(d.wp=d.wp||{},d.wp.receiveEmbedMessage||(d.wp.receiveEmbedMessage=function(e){var t=e.data;if((t||t.secret||t.message||t.value)&&!\/[^a-zA-Z0-9]\/.test(t.secret)){for(var s,r,n,a=l.querySelectorAll('iframe[data-secret=\"'+t.secret+'\"]'),o=l.querySelectorAll('blockquote[data-secret=\"'+t.secret+'\"]'),c=new RegExp(\"^https?:$\",\"i\"),i=0;i<o.length;i++)o[i].style.display=\"none\";for(i=0;i<a.length;i++)s=a[i],e.source===s.contentWindow&&(s.removeAttribute(\"style\"),\"height\"===t.message?(1e3<(r=parseInt(t.value,10))?r=1e3:~~r<200&&(r=200),s.height=r):\"link\"===t.message&&(r=new URL(s.getAttribute(\"src\")),n=new URL(t.value),c.test(n.protocol))&&n.host===r.host&&l.activeElement===s&&(d.top.location.href=t.value))}},d.addEventListener(\"message\",d.wp.receiveEmbedMessage,!1),l.addEventListener(\"DOMContentLoaded\",function(){for(var e,t,s=l.querySelectorAll(\"iframe.wp-embedded-content\"),r=0;r<s.length;r++)(t=(e=s[r]).getAttribute(\"data-secret\"))||(t=Math.random().toString(36).substring(2,12),e.src+=\"#?secret=\"+t,e.setAttribute(\"data-secret\",t)),e.contentWindow.postMessage({message:\"ready\",secret:t},\"*\")},!1)))}(window,document);\n\/\/# sourceURL=https:\/\/radioleinewelle.de\/wp-includes\/js\/wp-embed.min.js\n\/* ]]> *\/\n<\/script>\n","description":"Erlebnisse an der frischen Luft liegen im Trend &#8211; die sch\u00f6nsten Outdoor-Aktivit\u00e4ten in der Region pr\u00e4sentiert die neue Brosch\u00fcre \u201eAktiv im Freien\u201c. B\u00fcrger und G\u00e4ste erhalten darin Tipps zu Erlebnissen rund um die St\u00e4dte Duderstadt, Einbeck, Hann. M\u00fcnden, Northeim und Osterode am Harz \u2013 von der Erholung in der Natur bis hin zu sportlichen Herausforderungen. [&hellip;]"}

Erlebnisse an der frischen Luft liegen im Trend &#8211; die schönsten Outdoor-Aktivitäten in der Region präsentiert die neue Broschüre „Aktiv im Freien“. Bürger und Gäste erhalten darin Tipps zu Erlebnissen rund um die Städte Duderstadt, Einbeck, Hann. Münden, Northeim und Osterode am Harz – von der Erholung in der Natur bis hin zu sportlichen Herausforderungen. [&hellip;]
