{"version":"1.0","provider_name":"Radio Leinewelle","provider_url":"https:\/\/radioleinewelle.de","author_name":"Leinewelle","author_url":"https:\/\/radioleinewelle.de\/index.php\/author\/leinewelle\/","title":"Kondolenzbuch f\u00fcr Thomas Oppermann - Radio Leinewelle","type":"rich","width":600,"height":338,"html":"<blockquote class=\"wp-embedded-content\" data-secret=\"0VxGLBn8gV\"><a href=\"https:\/\/radioleinewelle.de\/index.php\/2020\/10\/28\/kondolenzbuch-fuer-thomas-oppermann\/\">Kondolenzbuch f\u00fcr Thomas Oppermann<\/a><\/blockquote><iframe sandbox=\"allow-scripts\" security=\"restricted\" src=\"https:\/\/radioleinewelle.de\/index.php\/2020\/10\/28\/kondolenzbuch-fuer-thomas-oppermann\/embed\/#?secret=0VxGLBn8gV\" width=\"600\" height=\"338\" title=\"&#8222;Kondolenzbuch f\u00fcr Thomas Oppermann&#8220; &#8211; Radio Leinewelle\" data-secret=\"0VxGLBn8gV\" frameborder=\"0\" marginwidth=\"0\" marginheight=\"0\" scrolling=\"no\" class=\"wp-embedded-content\"><\/iframe><script type=\"text\/javascript\">\n\/* <![CDATA[ *\/\n\/*! This file is auto-generated *\/\n!function(d,l){\"use strict\";l.querySelector&&d.addEventListener&&\"undefined\"!=typeof URL&&(d.wp=d.wp||{},d.wp.receiveEmbedMessage||(d.wp.receiveEmbedMessage=function(e){var t=e.data;if((t||t.secret||t.message||t.value)&&!\/[^a-zA-Z0-9]\/.test(t.secret)){for(var s,r,n,a=l.querySelectorAll('iframe[data-secret=\"'+t.secret+'\"]'),o=l.querySelectorAll('blockquote[data-secret=\"'+t.secret+'\"]'),c=new RegExp(\"^https?:$\",\"i\"),i=0;i<o.length;i++)o[i].style.display=\"none\";for(i=0;i<a.length;i++)s=a[i],e.source===s.contentWindow&&(s.removeAttribute(\"style\"),\"height\"===t.message?(1e3<(r=parseInt(t.value,10))?r=1e3:~~r<200&&(r=200),s.height=r):\"link\"===t.message&&(r=new URL(s.getAttribute(\"src\")),n=new URL(t.value),c.test(n.protocol))&&n.host===r.host&&l.activeElement===s&&(d.top.location.href=t.value))}},d.addEventListener(\"message\",d.wp.receiveEmbedMessage,!1),l.addEventListener(\"DOMContentLoaded\",function(){for(var e,t,s=l.querySelectorAll(\"iframe.wp-embedded-content\"),r=0;r<s.length;r++)(t=(e=s[r]).getAttribute(\"data-secret\"))||(t=Math.random().toString(36).substring(2,12),e.src+=\"#?secret=\"+t,e.setAttribute(\"data-secret\",t)),e.contentWindow.postMessage({message:\"ready\",secret:t},\"*\")},!1)))}(window,document);\n\/\/# sourceURL=https:\/\/radioleinewelle.de\/wp-includes\/js\/wp-embed.min.js\n\/* ]]> *\/\n<\/script>\n","description":"Am Mittwoch und Donnerstag liegt im Alten Rathaus in G\u00f6ttingen ein Kondolenzbuch f\u00fcr Thomas Oppermann aus. Es ist am Mittwoch von 9 bis 15 Uhr und am Donnerstag von 12 bis 16 Uhr f\u00fcr alle B\u00fcrgerinnen und B\u00fcrger zug\u00e4nglich. Eine weitere M\u00f6glichkeit zur Anteilnahme ist Freitag. Dann liegt das Kondolenzbuch im Parteihaus der SPD in [&hellip;]"}

Kondolenzbuch für Thomas Oppermann - Radio Leinewelle

<blockquote class="wp-embedded-content" data-secret="0VxGLBn8gV"><a href="https://radioleinewelle.de/index.php/2020/10/28/kondolenzbuch-fuer-thomas-oppermann/">Kondolenzbuch für Thomas Oppermann</a></blockquote><iframe sandbox="allow-scripts" security="restricted" src="https://radioleinewelle.de/index.php/2020/10/28/kondolenzbuch-fuer-thomas-oppermann/embed/#?secret=0VxGLBn8gV" width="600" height="338" title="&#8222;Kondolenzbuch für Thomas Oppermann&#8220; &#8211; Radio Leinewelle" data-secret="0VxGLBn8gV" frameborder="0" marginwidth="0" marginheight="0" scrolling="no" class="wp-embedded-content"></iframe><script type="text/javascript">
/* <![CDATA[ */
/*! This file is auto-generated */
!function(d,l){"use strict";l.querySelector&&d.addEventListener&&"undefined"!=typeof URL&&(d.wp=d.wp||{},d.wp.receiveEmbedMessage||(d.wp.receiveEmbedMessage=function(e){var t=e.data;if((t||t.secret||t.message||t.value)&&!/[^a-zA-Z0-9]/.test(t.secret)){for(var s,r,n,a=l.querySelectorAll('iframe[data-secret="'+t.secret+'"]'),o=l.querySelectorAll('blockquote[data-secret="'+t.secret+'"]'),c=new RegExp("^https?:$","i"),i=0;i<o.length;i++)o[i].style.display="none";for(i=0;i<a.length;i++)s=a[i],e.source===s.contentWindow&&(s.removeAttribute("style"),"height"===t.message?(1e3<(r=parseInt(t.value,10))?r=1e3:~~r<200&&(r=200),s.height=r):"link"===t.message&&(r=new URL(s.getAttribute("src")),n=new URL(t.value),c.test(n.protocol))&&n.host===r.host&&l.activeElement===s&&(d.top.location.href=t.value))}},d.addEventListener("message",d.wp.receiveEmbedMessage,!1),l.addEventListener("DOMContentLoaded",function(){for(var e,t,s=l.querySelectorAll("iframe.wp-embedded-content"),r=0;r<s.length;r++)(t=(e=s[r]).getAttribute("data-secret"))||(t=Math.random().toString(36).substring(2,12),e.src+="#?secret="+t,e.setAttribute("data-secret",t)),e.contentWindow.postMessage({message:"ready",secret:t},"*")},!1)))}(window,document);
//# sourceURL=https://radioleinewelle.de/wp-includes/js/wp-embed.min.js
/* ]]> */
</script>

Am Mittwoch und Donnerstag liegt im Alten Rathaus in Göttingen ein Kondolenzbuch für Thomas Oppermann aus. Es ist am Mittwoch von 9 bis 15 Uhr und am Donnerstag von 12 bis 16 Uhr für alle Bürgerinnen und Bürger zugänglich. Eine weitere Möglichkeit zur Anteilnahme ist Freitag. Dann liegt das Kondolenzbuch im Parteihaus der SPD in [&hellip;]
