{"version":"1.0","provider_name":"Radio Leinewelle","provider_url":"https:\/\/radioleinewelle.de","author_name":"Leinewelle","author_url":"https:\/\/radioleinewelle.de\/index.php\/author\/leinewelle\/","title":"G\u00f6ttingen: Kein Weihnachtsmarkt in diesem Jahr - Radio Leinewelle","type":"rich","width":600,"height":338,"html":"<blockquote class=\"wp-embedded-content\" data-secret=\"kvpzreZEMi\"><a href=\"https:\/\/radioleinewelle.de\/index.php\/2020\/11\/06\/goettingen-keine-weihnachtsmarkt-in-diesem-jahr\/\">G\u00f6ttingen: Kein Weihnachtsmarkt in diesem Jahr<\/a><\/blockquote><iframe sandbox=\"allow-scripts\" security=\"restricted\" src=\"https:\/\/radioleinewelle.de\/index.php\/2020\/11\/06\/goettingen-keine-weihnachtsmarkt-in-diesem-jahr\/embed\/#?secret=kvpzreZEMi\" width=\"600\" height=\"338\" title=\"&#8222;G\u00f6ttingen: Kein Weihnachtsmarkt in diesem Jahr&#8220; &#8211; Radio Leinewelle\" data-secret=\"kvpzreZEMi\" frameborder=\"0\" marginwidth=\"0\" marginheight=\"0\" scrolling=\"no\" class=\"wp-embedded-content\"><\/iframe><script type=\"text\/javascript\">\n\/* <![CDATA[ *\/\n\/*! This file is auto-generated *\/\n!function(d,l){\"use strict\";l.querySelector&&d.addEventListener&&\"undefined\"!=typeof URL&&(d.wp=d.wp||{},d.wp.receiveEmbedMessage||(d.wp.receiveEmbedMessage=function(e){var t=e.data;if((t||t.secret||t.message||t.value)&&!\/[^a-zA-Z0-9]\/.test(t.secret)){for(var s,r,n,a=l.querySelectorAll('iframe[data-secret=\"'+t.secret+'\"]'),o=l.querySelectorAll('blockquote[data-secret=\"'+t.secret+'\"]'),c=new RegExp(\"^https?:$\",\"i\"),i=0;i<o.length;i++)o[i].style.display=\"none\";for(i=0;i<a.length;i++)s=a[i],e.source===s.contentWindow&&(s.removeAttribute(\"style\"),\"height\"===t.message?(1e3<(r=parseInt(t.value,10))?r=1e3:~~r<200&&(r=200),s.height=r):\"link\"===t.message&&(r=new URL(s.getAttribute(\"src\")),n=new URL(t.value),c.test(n.protocol))&&n.host===r.host&&l.activeElement===s&&(d.top.location.href=t.value))}},d.addEventListener(\"message\",d.wp.receiveEmbedMessage,!1),l.addEventListener(\"DOMContentLoaded\",function(){for(var e,t,s=l.querySelectorAll(\"iframe.wp-embedded-content\"),r=0;r<s.length;r++)(t=(e=s[r]).getAttribute(\"data-secret\"))||(t=Math.random().toString(36).substring(2,12),e.src+=\"#?secret=\"+t,e.setAttribute(\"data-secret\",t)),e.contentWindow.postMessage({message:\"ready\",secret:t},\"*\")},!1)))}(window,document);\n\/\/# sourceURL=https:\/\/radioleinewelle.de\/wp-includes\/js\/wp-embed.min.js\n\/* ]]> *\/\n<\/script>\n","thumbnail_url":"https:\/\/radioleinewelle.de\/wp-content\/uploads\/2020\/11\/image_1604589096258-e1604608074988.jpg","thumbnail_width":600,"thumbnail_height":399,"description":"Mit Blick auf die j\u00fcngste Corona-Verordnung der Landesregierung und die aktuelle Entwicklung hat die Stadt G\u00f6ttingen entschieden, den traditionellen Weihnachtsmarkt 2020 ausfallen zu lassen. Nach der Landesverordnung h\u00e4tte der Weihnachtsmarkt ohnehin erst im Dezember starten d\u00fcrfen. Die unklare Lage mit Blick auf das Infektionsgeschehen in der Corona-Pandemie l\u00e4sst eine zuverl\u00e4ssige, aber unabdingbare Planung f\u00fcr die [&hellip;]"}

Göttingen: Kein Weihnachtsmarkt in diesem Jahr - Radio Leinewelle

<blockquote class="wp-embedded-content" data-secret="kvpzreZEMi"><a href="https://radioleinewelle.de/index.php/2020/11/06/goettingen-keine-weihnachtsmarkt-in-diesem-jahr/">Göttingen: Kein Weihnachtsmarkt in diesem Jahr</a></blockquote><iframe sandbox="allow-scripts" security="restricted" src="https://radioleinewelle.de/index.php/2020/11/06/goettingen-keine-weihnachtsmarkt-in-diesem-jahr/embed/#?secret=kvpzreZEMi" width="600" height="338" title="&#8222;Göttingen: Kein Weihnachtsmarkt in diesem Jahr&#8220; &#8211; Radio Leinewelle" data-secret="kvpzreZEMi" frameborder="0" marginwidth="0" marginheight="0" scrolling="no" class="wp-embedded-content"></iframe><script type="text/javascript">
/* <![CDATA[ */
/*! This file is auto-generated */
!function(d,l){"use strict";l.querySelector&&d.addEventListener&&"undefined"!=typeof URL&&(d.wp=d.wp||{},d.wp.receiveEmbedMessage||(d.wp.receiveEmbedMessage=function(e){var t=e.data;if((t||t.secret||t.message||t.value)&&!/[^a-zA-Z0-9]/.test(t.secret)){for(var s,r,n,a=l.querySelectorAll('iframe[data-secret="'+t.secret+'"]'),o=l.querySelectorAll('blockquote[data-secret="'+t.secret+'"]'),c=new RegExp("^https?:$","i"),i=0;i<o.length;i++)o[i].style.display="none";for(i=0;i<a.length;i++)s=a[i],e.source===s.contentWindow&&(s.removeAttribute("style"),"height"===t.message?(1e3<(r=parseInt(t.value,10))?r=1e3:~~r<200&&(r=200),s.height=r):"link"===t.message&&(r=new URL(s.getAttribute("src")),n=new URL(t.value),c.test(n.protocol))&&n.host===r.host&&l.activeElement===s&&(d.top.location.href=t.value))}},d.addEventListener("message",d.wp.receiveEmbedMessage,!1),l.addEventListener("DOMContentLoaded",function(){for(var e,t,s=l.querySelectorAll("iframe.wp-embedded-content"),r=0;r<s.length;r++)(t=(e=s[r]).getAttribute("data-secret"))||(t=Math.random().toString(36).substring(2,12),e.src+="#?secret="+t,e.setAttribute("data-secret",t)),e.contentWindow.postMessage({message:"ready",secret:t},"*")},!1)))}(window,document);
//# sourceURL=https://radioleinewelle.de/wp-includes/js/wp-embed.min.js
/* ]]> */
</script>

Mit Blick auf die jüngste Corona-Verordnung der Landesregierung und die aktuelle Entwicklung hat die Stadt Göttingen entschieden, den traditionellen Weihnachtsmarkt 2020 ausfallen zu lassen. Nach der Landesverordnung hätte der Weihnachtsmarkt ohnehin erst im Dezember starten dürfen. Die unklare Lage mit Blick auf das Infektionsgeschehen in der Corona-Pandemie lässt eine zuverlässige, aber unabdingbare Planung für die [&hellip;]
