{"version":"1.0","provider_name":"Radio Leinewelle","provider_url":"https:\/\/radioleinewelle.de","author_name":"Leinewelle","author_url":"https:\/\/radioleinewelle.de\/index.php\/author\/leinewelle\/","title":"Kapazit\u00e4t der Intensivmedizin an der UMG wird erweitert - Radio Leinewelle","type":"rich","width":600,"height":338,"html":"<blockquote class=\"wp-embedded-content\" data-secret=\"BxZg2eoJiR\"><a href=\"https:\/\/radioleinewelle.de\/index.php\/2020\/11\/20\/3059\/\">Kapazit\u00e4t der Intensivmedizin an der UMG wird erweitert<\/a><\/blockquote><iframe sandbox=\"allow-scripts\" security=\"restricted\" src=\"https:\/\/radioleinewelle.de\/index.php\/2020\/11\/20\/3059\/embed\/#?secret=BxZg2eoJiR\" width=\"600\" height=\"338\" title=\"&#8222;Kapazit\u00e4t der Intensivmedizin an der UMG wird erweitert&#8220; &#8211; Radio Leinewelle\" data-secret=\"BxZg2eoJiR\" frameborder=\"0\" marginwidth=\"0\" marginheight=\"0\" scrolling=\"no\" class=\"wp-embedded-content\"><\/iframe><script type=\"text\/javascript\">\n\/* <![CDATA[ *\/\n\/*! This file is auto-generated *\/\n!function(d,l){\"use strict\";l.querySelector&&d.addEventListener&&\"undefined\"!=typeof URL&&(d.wp=d.wp||{},d.wp.receiveEmbedMessage||(d.wp.receiveEmbedMessage=function(e){var t=e.data;if((t||t.secret||t.message||t.value)&&!\/[^a-zA-Z0-9]\/.test(t.secret)){for(var s,r,n,a=l.querySelectorAll('iframe[data-secret=\"'+t.secret+'\"]'),o=l.querySelectorAll('blockquote[data-secret=\"'+t.secret+'\"]'),c=new RegExp(\"^https?:$\",\"i\"),i=0;i<o.length;i++)o[i].style.display=\"none\";for(i=0;i<a.length;i++)s=a[i],e.source===s.contentWindow&&(s.removeAttribute(\"style\"),\"height\"===t.message?(1e3<(r=parseInt(t.value,10))?r=1e3:~~r<200&&(r=200),s.height=r):\"link\"===t.message&&(r=new URL(s.getAttribute(\"src\")),n=new URL(t.value),c.test(n.protocol))&&n.host===r.host&&l.activeElement===s&&(d.top.location.href=t.value))}},d.addEventListener(\"message\",d.wp.receiveEmbedMessage,!1),l.addEventListener(\"DOMContentLoaded\",function(){for(var e,t,s=l.querySelectorAll(\"iframe.wp-embedded-content\"),r=0;r<s.length;r++)(t=(e=s[r]).getAttribute(\"data-secret\"))||(t=Math.random().toString(36).substring(2,12),e.src+=\"#?secret=\"+t,e.setAttribute(\"data-secret\",t)),e.contentWindow.postMessage({message:\"ready\",secret:t},\"*\")},!1)))}(window,document);\n\/\/# sourceURL=https:\/\/radioleinewelle.de\/wp-includes\/js\/wp-embed.min.js\n\/* ]]> *\/\n<\/script>\n","thumbnail_url":"https:\/\/radioleinewelle.de\/wp-content\/uploads\/2020\/11\/csm_PIC-135-2020_UMG_Modulgebaeude_Intensivmedizin_MWK_Meissner-Dokken-Brueck-Thuemler-Siess-Finke-Paul__1__36a88a299d-e1605818253417.jpg","thumbnail_width":600,"thumbnail_height":400,"description":"Nieders\u00e4chsischer Minister f\u00fcr Wissenschaft und Kultur Bj\u00f6rn Th\u00fcmler \u00fcbergibt Zuwendungsbescheid f\u00fcr neues Modulgeb\u00e4ude Intensivmedizin (IMG) an der UMG. Das IMG schafft mit 41 Intensivbettpl\u00e4tzen zus\u00e4tzliche Kapazit\u00e4ten f\u00fcr die Versorgung von Corona-Patient*innen in Niedersachsen. Baukosten rund 26,6 Mio. Euro. Land Niedersachsen und UMG teilen sich die Kosten.\u00a0Die Universit\u00e4tsmedizin G\u00f6ttingen (UMG) ben\u00f6tigt dringend weitere Kapazit\u00e4ten f\u00fcr die [&hellip;]"}

Kapazität der Intensivmedizin an der UMG wird erweitert - Radio Leinewelle

<blockquote class="wp-embedded-content" data-secret="BxZg2eoJiR"><a href="https://radioleinewelle.de/index.php/2020/11/20/3059/">Kapazität der Intensivmedizin an der UMG wird erweitert</a></blockquote><iframe sandbox="allow-scripts" security="restricted" src="https://radioleinewelle.de/index.php/2020/11/20/3059/embed/#?secret=BxZg2eoJiR" width="600" height="338" title="&#8222;Kapazität der Intensivmedizin an der UMG wird erweitert&#8220; &#8211; Radio Leinewelle" data-secret="BxZg2eoJiR" frameborder="0" marginwidth="0" marginheight="0" scrolling="no" class="wp-embedded-content"></iframe><script type="text/javascript">
/* <![CDATA[ */
/*! This file is auto-generated */
!function(d,l){"use strict";l.querySelector&&d.addEventListener&&"undefined"!=typeof URL&&(d.wp=d.wp||{},d.wp.receiveEmbedMessage||(d.wp.receiveEmbedMessage=function(e){var t=e.data;if((t||t.secret||t.message||t.value)&&!/[^a-zA-Z0-9]/.test(t.secret)){for(var s,r,n,a=l.querySelectorAll('iframe[data-secret="'+t.secret+'"]'),o=l.querySelectorAll('blockquote[data-secret="'+t.secret+'"]'),c=new RegExp("^https?:$","i"),i=0;i<o.length;i++)o[i].style.display="none";for(i=0;i<a.length;i++)s=a[i],e.source===s.contentWindow&&(s.removeAttribute("style"),"height"===t.message?(1e3<(r=parseInt(t.value,10))?r=1e3:~~r<200&&(r=200),s.height=r):"link"===t.message&&(r=new URL(s.getAttribute("src")),n=new URL(t.value),c.test(n.protocol))&&n.host===r.host&&l.activeElement===s&&(d.top.location.href=t.value))}},d.addEventListener("message",d.wp.receiveEmbedMessage,!1),l.addEventListener("DOMContentLoaded",function(){for(var e,t,s=l.querySelectorAll("iframe.wp-embedded-content"),r=0;r<s.length;r++)(t=(e=s[r]).getAttribute("data-secret"))||(t=Math.random().toString(36).substring(2,12),e.src+="#?secret="+t,e.setAttribute("data-secret",t)),e.contentWindow.postMessage({message:"ready",secret:t},"*")},!1)))}(window,document);
//# sourceURL=https://radioleinewelle.de/wp-includes/js/wp-embed.min.js
/* ]]> */
</script>

Niedersächsischer Minister für Wissenschaft und Kultur Björn Thümler übergibt Zuwendungsbescheid für neues Modulgebäude Intensivmedizin (IMG) an der UMG. Das IMG schafft mit 41 Intensivbettplätzen zusätzliche Kapazitäten für die Versorgung von Corona-Patient*innen in Niedersachsen. Baukosten rund 26,6 Mio. Euro. Land Niedersachsen und UMG teilen sich die Kosten. Die Universitätsmedizin Göttingen (UMG) benötigt dringend weitere Kapazitäten für die [&hellip;]
