{"version":"1.0","provider_name":"Radio Leinewelle","provider_url":"https:\/\/radioleinewelle.de","author_name":"Leinewelle","author_url":"https:\/\/radioleinewelle.de\/index.php\/author\/leinewelle\/","title":"Osterode: Altes Rathaus - im Fr\u00fchjahr beginnt die Sanierung - Radio Leinewelle","type":"rich","width":600,"height":338,"html":"<blockquote class=\"wp-embedded-content\" data-secret=\"RFjj5JvB2l\"><a href=\"https:\/\/radioleinewelle.de\/index.php\/2021\/01\/29\/altes-rathaus-im-fruehjahr-beginnt-die-sanierung\/\">Osterode: Altes Rathaus &#8211; im Fr\u00fchjahr beginnt die Sanierung<\/a><\/blockquote><iframe sandbox=\"allow-scripts\" security=\"restricted\" src=\"https:\/\/radioleinewelle.de\/index.php\/2021\/01\/29\/altes-rathaus-im-fruehjahr-beginnt-die-sanierung\/embed\/#?secret=RFjj5JvB2l\" width=\"600\" height=\"338\" title=\"&#8222;Osterode: Altes Rathaus &#8211; im Fr\u00fchjahr beginnt die Sanierung&#8220; &#8211; Radio Leinewelle\" data-secret=\"RFjj5JvB2l\" frameborder=\"0\" marginwidth=\"0\" marginheight=\"0\" scrolling=\"no\" class=\"wp-embedded-content\"><\/iframe><script type=\"text\/javascript\">\n\/* <![CDATA[ *\/\n\/*! This file is auto-generated *\/\n!function(d,l){\"use strict\";l.querySelector&&d.addEventListener&&\"undefined\"!=typeof URL&&(d.wp=d.wp||{},d.wp.receiveEmbedMessage||(d.wp.receiveEmbedMessage=function(e){var t=e.data;if((t||t.secret||t.message||t.value)&&!\/[^a-zA-Z0-9]\/.test(t.secret)){for(var s,r,n,a=l.querySelectorAll('iframe[data-secret=\"'+t.secret+'\"]'),o=l.querySelectorAll('blockquote[data-secret=\"'+t.secret+'\"]'),c=new RegExp(\"^https?:$\",\"i\"),i=0;i<o.length;i++)o[i].style.display=\"none\";for(i=0;i<a.length;i++)s=a[i],e.source===s.contentWindow&&(s.removeAttribute(\"style\"),\"height\"===t.message?(1e3<(r=parseInt(t.value,10))?r=1e3:~~r<200&&(r=200),s.height=r):\"link\"===t.message&&(r=new URL(s.getAttribute(\"src\")),n=new URL(t.value),c.test(n.protocol))&&n.host===r.host&&l.activeElement===s&&(d.top.location.href=t.value))}},d.addEventListener(\"message\",d.wp.receiveEmbedMessage,!1),l.addEventListener(\"DOMContentLoaded\",function(){for(var e,t,s=l.querySelectorAll(\"iframe.wp-embedded-content\"),r=0;r<s.length;r++)(t=(e=s[r]).getAttribute(\"data-secret\"))||(t=Math.random().toString(36).substring(2,12),e.src+=\"#?secret=\"+t,e.setAttribute(\"data-secret\",t)),e.contentWindow.postMessage({message:\"ready\",secret:t},\"*\")},!1)))}(window,document);\n\/\/# sourceURL=https:\/\/radioleinewelle.de\/wp-includes\/js\/wp-embed.min.js\n\/* ]]> *\/\n<\/script>\n","thumbnail_url":"https:\/\/radioleinewelle.de\/wp-content\/uploads\/2021\/01\/altes_rathaus_1280x430_-912003845-21351-101.jpg","thumbnail_width":583,"thumbnail_height":196,"description":"Nach Abschluss der Sondierungsarbeiten im letzten Herbst, stehen im kommenden Fr\u00fchjahr die ersten Sanierungsarbeiten an. Die Planungsgruppe Lange aus Northeim hat hierzu ein Konzept vorgelegt, das neben der Sanierung des Natursteingiebels, die Erneuerung der \u00fcbrigen Fassaden umfasst. Hierzu wird als Erstes das gesamte Geb\u00e4ude einger\u00fcstet. Die barrierefreie Gestaltung des Restaurants mit der damit einhergehenden \u00d6ffnung [&hellip;]"}

Osterode: Altes Rathaus - im Frühjahr beginnt die Sanierung - Radio Leinewelle

<blockquote class="wp-embedded-content" data-secret="RFjj5JvB2l"><a href="https://radioleinewelle.de/index.php/2021/01/29/altes-rathaus-im-fruehjahr-beginnt-die-sanierung/">Osterode: Altes Rathaus &#8211; im Frühjahr beginnt die Sanierung</a></blockquote><iframe sandbox="allow-scripts" security="restricted" src="https://radioleinewelle.de/index.php/2021/01/29/altes-rathaus-im-fruehjahr-beginnt-die-sanierung/embed/#?secret=RFjj5JvB2l" width="600" height="338" title="&#8222;Osterode: Altes Rathaus &#8211; im Frühjahr beginnt die Sanierung&#8220; &#8211; Radio Leinewelle" data-secret="RFjj5JvB2l" frameborder="0" marginwidth="0" marginheight="0" scrolling="no" class="wp-embedded-content"></iframe><script type="text/javascript">
/* <![CDATA[ */
/*! This file is auto-generated */
!function(d,l){"use strict";l.querySelector&&d.addEventListener&&"undefined"!=typeof URL&&(d.wp=d.wp||{},d.wp.receiveEmbedMessage||(d.wp.receiveEmbedMessage=function(e){var t=e.data;if((t||t.secret||t.message||t.value)&&!/[^a-zA-Z0-9]/.test(t.secret)){for(var s,r,n,a=l.querySelectorAll('iframe[data-secret="'+t.secret+'"]'),o=l.querySelectorAll('blockquote[data-secret="'+t.secret+'"]'),c=new RegExp("^https?:$","i"),i=0;i<o.length;i++)o[i].style.display="none";for(i=0;i<a.length;i++)s=a[i],e.source===s.contentWindow&&(s.removeAttribute("style"),"height"===t.message?(1e3<(r=parseInt(t.value,10))?r=1e3:~~r<200&&(r=200),s.height=r):"link"===t.message&&(r=new URL(s.getAttribute("src")),n=new URL(t.value),c.test(n.protocol))&&n.host===r.host&&l.activeElement===s&&(d.top.location.href=t.value))}},d.addEventListener("message",d.wp.receiveEmbedMessage,!1),l.addEventListener("DOMContentLoaded",function(){for(var e,t,s=l.querySelectorAll("iframe.wp-embedded-content"),r=0;r<s.length;r++)(t=(e=s[r]).getAttribute("data-secret"))||(t=Math.random().toString(36).substring(2,12),e.src+="#?secret="+t,e.setAttribute("data-secret",t)),e.contentWindow.postMessage({message:"ready",secret:t},"*")},!1)))}(window,document);
//# sourceURL=https://radioleinewelle.de/wp-includes/js/wp-embed.min.js
/* ]]> */
</script>

Nach Abschluss der Sondierungsarbeiten im letzten Herbst, stehen im kommenden Frühjahr die ersten Sanierungsarbeiten an. Die Planungsgruppe Lange aus Northeim hat hierzu ein Konzept vorgelegt, das neben der Sanierung des Natursteingiebels, die Erneuerung der übrigen Fassaden umfasst. Hierzu wird als Erstes das gesamte Gebäude eingerüstet. Die barrierefreie Gestaltung des Restaurants mit der damit einhergehenden Öffnung [&hellip;]
