{"version":"1.0","provider_name":"Radio Leinewelle","provider_url":"https:\/\/radioleinewelle.de","author_name":"Leinewelle","author_url":"https:\/\/radioleinewelle.de\/index.php\/author\/leinewelle\/","title":"Schnee und K\u00e4lte lassen K\u00e4fer nicht kalt - Radio Leinewelle","type":"rich","width":600,"height":338,"html":"<blockquote class=\"wp-embedded-content\" data-secret=\"y7Et1JoVBj\"><a href=\"https:\/\/radioleinewelle.de\/index.php\/2021\/02\/12\/schnee-und-kaelte-lassen-kaefer-nicht-kalt\/\">Schnee und K\u00e4lte lassen K\u00e4fer nicht kalt<\/a><\/blockquote><iframe sandbox=\"allow-scripts\" security=\"restricted\" src=\"https:\/\/radioleinewelle.de\/index.php\/2021\/02\/12\/schnee-und-kaelte-lassen-kaefer-nicht-kalt\/embed\/#?secret=y7Et1JoVBj\" width=\"600\" height=\"338\" title=\"&#8222;Schnee und K\u00e4lte lassen K\u00e4fer nicht kalt&#8220; &#8211; Radio Leinewelle\" data-secret=\"y7Et1JoVBj\" frameborder=\"0\" marginwidth=\"0\" marginheight=\"0\" scrolling=\"no\" class=\"wp-embedded-content\"><\/iframe><script type=\"text\/javascript\">\n\/* <![CDATA[ *\/\n\/*! This file is auto-generated *\/\n!function(d,l){\"use strict\";l.querySelector&&d.addEventListener&&\"undefined\"!=typeof URL&&(d.wp=d.wp||{},d.wp.receiveEmbedMessage||(d.wp.receiveEmbedMessage=function(e){var t=e.data;if((t||t.secret||t.message||t.value)&&!\/[^a-zA-Z0-9]\/.test(t.secret)){for(var s,r,n,a=l.querySelectorAll('iframe[data-secret=\"'+t.secret+'\"]'),o=l.querySelectorAll('blockquote[data-secret=\"'+t.secret+'\"]'),c=new RegExp(\"^https?:$\",\"i\"),i=0;i<o.length;i++)o[i].style.display=\"none\";for(i=0;i<a.length;i++)s=a[i],e.source===s.contentWindow&&(s.removeAttribute(\"style\"),\"height\"===t.message?(1e3<(r=parseInt(t.value,10))?r=1e3:~~r<200&&(r=200),s.height=r):\"link\"===t.message&&(r=new URL(s.getAttribute(\"src\")),n=new URL(t.value),c.test(n.protocol))&&n.host===r.host&&l.activeElement===s&&(d.top.location.href=t.value))}},d.addEventListener(\"message\",d.wp.receiveEmbedMessage,!1),l.addEventListener(\"DOMContentLoaded\",function(){for(var e,t,s=l.querySelectorAll(\"iframe.wp-embedded-content\"),r=0;r<s.length;r++)(t=(e=s[r]).getAttribute(\"data-secret\"))||(t=Math.random().toString(36).substring(2,12),e.src+=\"#?secret=\"+t,e.setAttribute(\"data-secret\",t)),e.contentWindow.postMessage({message:\"ready\",secret:t},\"*\")},!1)))}(window,document);\n\/\/# sourceURL=https:\/\/radioleinewelle.de\/wp-includes\/js\/wp-embed.min.js\n\/* ]]> *\/\n<\/script>\n","thumbnail_url":"https:\/\/radioleinewelle.de\/wp-content\/uploads\/2021\/02\/20210210-Winter-Solling_sbm-scaled-1-e1613128577574.jpg","thumbnail_width":600,"thumbnail_height":397,"description":"L P D&nbsp;\u2013 \u201eDer niederschlagsreiche Januar und die jetzigen Schneef\u00e4lle im Februar sind f\u00fcr Niedersachsens Waldgebiete in Solling und Harz wichtig und gut. So k\u00f6nnen die Wasserspeicher aufgef\u00fcllt werden, denn sowohl der Dezember und vor allem der November waren viel zu trocken\u201c, freut sich Dr. Bernd von Garmissen von den Forstbetriebsgemeinschaften Solling und S\u00fcdhannover \u00fcber [&hellip;]"}

Schnee und Kälte lassen Käfer nicht kalt - Radio Leinewelle

<blockquote class="wp-embedded-content" data-secret="y7Et1JoVBj"><a href="https://radioleinewelle.de/index.php/2021/02/12/schnee-und-kaelte-lassen-kaefer-nicht-kalt/">Schnee und Kälte lassen Käfer nicht kalt</a></blockquote><iframe sandbox="allow-scripts" security="restricted" src="https://radioleinewelle.de/index.php/2021/02/12/schnee-und-kaelte-lassen-kaefer-nicht-kalt/embed/#?secret=y7Et1JoVBj" width="600" height="338" title="&#8222;Schnee und Kälte lassen Käfer nicht kalt&#8220; &#8211; Radio Leinewelle" data-secret="y7Et1JoVBj" frameborder="0" marginwidth="0" marginheight="0" scrolling="no" class="wp-embedded-content"></iframe><script type="text/javascript">
/* <![CDATA[ */
/*! This file is auto-generated */
!function(d,l){"use strict";l.querySelector&&d.addEventListener&&"undefined"!=typeof URL&&(d.wp=d.wp||{},d.wp.receiveEmbedMessage||(d.wp.receiveEmbedMessage=function(e){var t=e.data;if((t||t.secret||t.message||t.value)&&!/[^a-zA-Z0-9]/.test(t.secret)){for(var s,r,n,a=l.querySelectorAll('iframe[data-secret="'+t.secret+'"]'),o=l.querySelectorAll('blockquote[data-secret="'+t.secret+'"]'),c=new RegExp("^https?:$","i"),i=0;i<o.length;i++)o[i].style.display="none";for(i=0;i<a.length;i++)s=a[i],e.source===s.contentWindow&&(s.removeAttribute("style"),"height"===t.message?(1e3<(r=parseInt(t.value,10))?r=1e3:~~r<200&&(r=200),s.height=r):"link"===t.message&&(r=new URL(s.getAttribute("src")),n=new URL(t.value),c.test(n.protocol))&&n.host===r.host&&l.activeElement===s&&(d.top.location.href=t.value))}},d.addEventListener("message",d.wp.receiveEmbedMessage,!1),l.addEventListener("DOMContentLoaded",function(){for(var e,t,s=l.querySelectorAll("iframe.wp-embedded-content"),r=0;r<s.length;r++)(t=(e=s[r]).getAttribute("data-secret"))||(t=Math.random().toString(36).substring(2,12),e.src+="#?secret="+t,e.setAttribute("data-secret",t)),e.contentWindow.postMessage({message:"ready",secret:t},"*")},!1)))}(window,document);
//# sourceURL=https://radioleinewelle.de/wp-includes/js/wp-embed.min.js
/* ]]> */
</script>

L P D&nbsp;– „Der niederschlagsreiche Januar und die jetzigen Schneefälle im Februar sind für Niedersachsens Waldgebiete in Solling und Harz wichtig und gut. So können die Wasserspeicher aufgefüllt werden, denn sowohl der Dezember und vor allem der November waren viel zu trocken“, freut sich Dr. Bernd von Garmissen von den Forstbetriebsgemeinschaften Solling und Südhannover über [&hellip;]
