{"version":"1.0","provider_name":"Radio Leinewelle","provider_url":"https:\/\/radioleinewelle.de","author_name":"Leinewelle","author_url":"https:\/\/radioleinewelle.de\/index.php\/author\/leinewelle\/","title":"Mit Bewegung und Wirkstoff gegen Alzheimer - Radio Leinewelle","type":"rich","width":600,"height":338,"html":"<blockquote class=\"wp-embedded-content\" data-secret=\"Pdc8gjZFkW\"><a href=\"https:\/\/radioleinewelle.de\/index.php\/2021\/02\/16\/mit-bewegung-und-wirkstoff-gegen-alzheimer\/\">Mit Bewegung und Wirkstoff gegen Alzheimer<\/a><\/blockquote><iframe sandbox=\"allow-scripts\" security=\"restricted\" src=\"https:\/\/radioleinewelle.de\/index.php\/2021\/02\/16\/mit-bewegung-und-wirkstoff-gegen-alzheimer\/embed\/#?secret=Pdc8gjZFkW\" width=\"600\" height=\"338\" title=\"&#8222;Mit Bewegung und Wirkstoff gegen Alzheimer&#8220; &#8211; Radio Leinewelle\" data-secret=\"Pdc8gjZFkW\" frameborder=\"0\" marginwidth=\"0\" marginheight=\"0\" scrolling=\"no\" class=\"wp-embedded-content\"><\/iframe><script type=\"text\/javascript\">\n\/* <![CDATA[ *\/\n\/*! This file is auto-generated *\/\n!function(d,l){\"use strict\";l.querySelector&&d.addEventListener&&\"undefined\"!=typeof URL&&(d.wp=d.wp||{},d.wp.receiveEmbedMessage||(d.wp.receiveEmbedMessage=function(e){var t=e.data;if((t||t.secret||t.message||t.value)&&!\/[^a-zA-Z0-9]\/.test(t.secret)){for(var s,r,n,a=l.querySelectorAll('iframe[data-secret=\"'+t.secret+'\"]'),o=l.querySelectorAll('blockquote[data-secret=\"'+t.secret+'\"]'),c=new RegExp(\"^https?:$\",\"i\"),i=0;i<o.length;i++)o[i].style.display=\"none\";for(i=0;i<a.length;i++)s=a[i],e.source===s.contentWindow&&(s.removeAttribute(\"style\"),\"height\"===t.message?(1e3<(r=parseInt(t.value,10))?r=1e3:~~r<200&&(r=200),s.height=r):\"link\"===t.message&&(r=new URL(s.getAttribute(\"src\")),n=new URL(t.value),c.test(n.protocol))&&n.host===r.host&&l.activeElement===s&&(d.top.location.href=t.value))}},d.addEventListener(\"message\",d.wp.receiveEmbedMessage,!1),l.addEventListener(\"DOMContentLoaded\",function(){for(var e,t,s=l.querySelectorAll(\"iframe.wp-embedded-content\"),r=0;r<s.length;r++)(t=(e=s[r]).getAttribute(\"data-secret\"))||(t=Math.random().toString(36).substring(2,12),e.src+=\"#?secret=\"+t,e.setAttribute(\"data-secret\",t)),e.contentWindow.postMessage({message:\"ready\",secret:t},\"*\")},!1)))}(window,document);\n\/\/# sourceURL=https:\/\/radioleinewelle.de\/wp-includes\/js\/wp-embed.min.js\n\/* ]]> *\/\n<\/script>\n","description":"(umg) K\u00f6rperliche Aktivit\u00e4t gilt als wichtiger Baustein zur Vorbeugung der Alzheimer-Krankheit. Aber auch Menschen mit der Alzheimer-Krankheit profitieren von regelm\u00e4\u00dfiger Bewegung. Prof. Dr. Oliver Wirths aus der Klinik f\u00fcr Psychiatrie und Psychotherapie der Universit\u00e4tsmedizin G\u00f6ttingen (UMG) m\u00f6chte nun herausfinden, ob sich die positiven Effekte durch die Verabreichung eines Wirkstoffs verst\u00e4rken lassen. Gef\u00f6rdert wird das dreij\u00e4hrige [&hellip;]"}

(umg) Körperliche Aktivität gilt als wichtiger Baustein zur Vorbeugung der Alzheimer-Krankheit. Aber auch Menschen mit der Alzheimer-Krankheit profitieren von regelmäßiger Bewegung. Prof. Dr. Oliver Wirths aus der Klinik für Psychiatrie und Psychotherapie der Universitätsmedizin Göttingen (UMG) möchte nun herausfinden, ob sich die positiven Effekte durch die Verabreichung eines Wirkstoffs verstärken lassen. Gefördert wird das dreijährige [&hellip;]
