{"version":"1.0","provider_name":"Radio Leinewelle","provider_url":"https:\/\/radioleinewelle.de","author_name":"Leinewelle","author_url":"https:\/\/radioleinewelle.de\/index.php\/author\/leinewelle\/","title":"Veranstaltungstipp: Gef\u00fchrte Gedenkwanderung - Radio Leinewelle","type":"rich","width":600,"height":338,"html":"<blockquote class=\"wp-embedded-content\" data-secret=\"b4t8MXE4VP\"><a href=\"https:\/\/radioleinewelle.de\/index.php\/2021\/08\/15\/veranstaltungstipp-gefuehrte-gedenkwanderung\/\">Veranstaltungstipp: Gef\u00fchrte Gedenkwanderung<\/a><\/blockquote><iframe sandbox=\"allow-scripts\" security=\"restricted\" src=\"https:\/\/radioleinewelle.de\/index.php\/2021\/08\/15\/veranstaltungstipp-gefuehrte-gedenkwanderung\/embed\/#?secret=b4t8MXE4VP\" width=\"600\" height=\"338\" title=\"&#8222;Veranstaltungstipp: Gef\u00fchrte Gedenkwanderung&#8220; &#8211; Radio Leinewelle\" data-secret=\"b4t8MXE4VP\" frameborder=\"0\" marginwidth=\"0\" marginheight=\"0\" scrolling=\"no\" class=\"wp-embedded-content\"><\/iframe><script type=\"text\/javascript\">\n\/* <![CDATA[ *\/\n\/*! This file is auto-generated *\/\n!function(d,l){\"use strict\";l.querySelector&&d.addEventListener&&\"undefined\"!=typeof URL&&(d.wp=d.wp||{},d.wp.receiveEmbedMessage||(d.wp.receiveEmbedMessage=function(e){var t=e.data;if((t||t.secret||t.message||t.value)&&!\/[^a-zA-Z0-9]\/.test(t.secret)){for(var s,r,n,a=l.querySelectorAll('iframe[data-secret=\"'+t.secret+'\"]'),o=l.querySelectorAll('blockquote[data-secret=\"'+t.secret+'\"]'),c=new RegExp(\"^https?:$\",\"i\"),i=0;i<o.length;i++)o[i].style.display=\"none\";for(i=0;i<a.length;i++)s=a[i],e.source===s.contentWindow&&(s.removeAttribute(\"style\"),\"height\"===t.message?(1e3<(r=parseInt(t.value,10))?r=1e3:~~r<200&&(r=200),s.height=r):\"link\"===t.message&&(r=new URL(s.getAttribute(\"src\")),n=new URL(t.value),c.test(n.protocol))&&n.host===r.host&&l.activeElement===s&&(d.top.location.href=t.value))}},d.addEventListener(\"message\",d.wp.receiveEmbedMessage,!1),l.addEventListener(\"DOMContentLoaded\",function(){for(var e,t,s=l.querySelectorAll(\"iframe.wp-embedded-content\"),r=0;r<s.length;r++)(t=(e=s[r]).getAttribute(\"data-secret\"))||(t=Math.random().toString(36).substring(2,12),e.src+=\"#?secret=\"+t,e.setAttribute(\"data-secret\",t)),e.contentWindow.postMessage({message:\"ready\",secret:t},\"*\")},!1)))}(window,document);\n\/\/# sourceURL=https:\/\/radioleinewelle.de\/wp-includes\/js\/wp-embed.min.js\n\/* ]]> *\/\n<\/script>\n","thumbnail_url":"https:\/\/radioleinewelle.de\/wp-content\/uploads\/2021\/08\/Wanderung-Gruenes-Band-scaled-1.jpg","thumbnail_width":2560,"thumbnail_height":1703,"description":"Sonntag, 15. August, 11:00 \u2013 16:00 Uhr\u201eGr\u00fcnes Band\u201c: Gef\u00fchrte Gedenkwanderung in Kooperation mit dem Grenzlandmuseum Eichsfeld zur Erinnerung an den Beginn des Mauerbaus am 13. August 1961 Auf der H\u00e4lfte der Strecke findet ein Zeitzeugengespr\u00e4ch mit einem langj\u00e4hrigen Angeh\u00f6rigen der Bundepolizei (ehem. Bundesgrenzschutz, BGS) aus Duderstadt statt. Anschlie\u00dfende Besichtigung des Grenzlandmuseums Eichsfeld, freier Eintritt f\u00fcr [&hellip;]"}

Veranstaltungstipp: Geführte Gedenkwanderung - Radio Leinewelle

<blockquote class="wp-embedded-content" data-secret="b4t8MXE4VP"><a href="https://radioleinewelle.de/index.php/2021/08/15/veranstaltungstipp-gefuehrte-gedenkwanderung/">Veranstaltungstipp: Geführte Gedenkwanderung</a></blockquote><iframe sandbox="allow-scripts" security="restricted" src="https://radioleinewelle.de/index.php/2021/08/15/veranstaltungstipp-gefuehrte-gedenkwanderung/embed/#?secret=b4t8MXE4VP" width="600" height="338" title="&#8222;Veranstaltungstipp: Geführte Gedenkwanderung&#8220; &#8211; Radio Leinewelle" data-secret="b4t8MXE4VP" frameborder="0" marginwidth="0" marginheight="0" scrolling="no" class="wp-embedded-content"></iframe><script type="text/javascript">
/* <![CDATA[ */
/*! This file is auto-generated */
!function(d,l){"use strict";l.querySelector&&d.addEventListener&&"undefined"!=typeof URL&&(d.wp=d.wp||{},d.wp.receiveEmbedMessage||(d.wp.receiveEmbedMessage=function(e){var t=e.data;if((t||t.secret||t.message||t.value)&&!/[^a-zA-Z0-9]/.test(t.secret)){for(var s,r,n,a=l.querySelectorAll('iframe[data-secret="'+t.secret+'"]'),o=l.querySelectorAll('blockquote[data-secret="'+t.secret+'"]'),c=new RegExp("^https?:$","i"),i=0;i<o.length;i++)o[i].style.display="none";for(i=0;i<a.length;i++)s=a[i],e.source===s.contentWindow&&(s.removeAttribute("style"),"height"===t.message?(1e3<(r=parseInt(t.value,10))?r=1e3:~~r<200&&(r=200),s.height=r):"link"===t.message&&(r=new URL(s.getAttribute("src")),n=new URL(t.value),c.test(n.protocol))&&n.host===r.host&&l.activeElement===s&&(d.top.location.href=t.value))}},d.addEventListener("message",d.wp.receiveEmbedMessage,!1),l.addEventListener("DOMContentLoaded",function(){for(var e,t,s=l.querySelectorAll("iframe.wp-embedded-content"),r=0;r<s.length;r++)(t=(e=s[r]).getAttribute("data-secret"))||(t=Math.random().toString(36).substring(2,12),e.src+="#?secret="+t,e.setAttribute("data-secret",t)),e.contentWindow.postMessage({message:"ready",secret:t},"*")},!1)))}(window,document);
//# sourceURL=https://radioleinewelle.de/wp-includes/js/wp-embed.min.js
/* ]]> */
</script>

Sonntag, 15. August, 11:00 – 16:00 Uhr„Grünes Band“: Geführte Gedenkwanderung in Kooperation mit dem Grenzlandmuseum Eichsfeld zur Erinnerung an den Beginn des Mauerbaus am 13. August 1961 Auf der Hälfte der Strecke findet ein Zeitzeugengespräch mit einem langjährigen Angehörigen der Bundepolizei (ehem. Bundesgrenzschutz, BGS) aus Duderstadt statt. Anschließende Besichtigung des Grenzlandmuseums Eichsfeld, freier Eintritt für [&hellip;]
