{"version":"1.0","provider_name":"Radio Leinewelle","provider_url":"https:\/\/radioleinewelle.de","author_name":"Leinewelle","author_url":"https:\/\/radioleinewelle.de\/index.php\/author\/leinewelle\/","title":"Stra\u00dfensperrungen in der Innenstadt - Radio Leinewelle","type":"rich","width":600,"height":338,"html":"<blockquote class=\"wp-embedded-content\" data-secret=\"97cGphnAeu\"><a href=\"https:\/\/radioleinewelle.de\/index.php\/2021\/08\/16\/strassensperrungen-in-der-innenstadt\/\">Stra\u00dfensperrungen in der Innenstadt<\/a><\/blockquote><iframe sandbox=\"allow-scripts\" security=\"restricted\" src=\"https:\/\/radioleinewelle.de\/index.php\/2021\/08\/16\/strassensperrungen-in-der-innenstadt\/embed\/#?secret=97cGphnAeu\" width=\"600\" height=\"338\" title=\"&#8222;Stra\u00dfensperrungen in der Innenstadt&#8220; &#8211; Radio Leinewelle\" data-secret=\"97cGphnAeu\" frameborder=\"0\" marginwidth=\"0\" marginheight=\"0\" scrolling=\"no\" class=\"wp-embedded-content\"><\/iframe><script type=\"text\/javascript\">\n\/* <![CDATA[ *\/\n\/*! This file is auto-generated *\/\n!function(d,l){\"use strict\";l.querySelector&&d.addEventListener&&\"undefined\"!=typeof URL&&(d.wp=d.wp||{},d.wp.receiveEmbedMessage||(d.wp.receiveEmbedMessage=function(e){var t=e.data;if((t||t.secret||t.message||t.value)&&!\/[^a-zA-Z0-9]\/.test(t.secret)){for(var s,r,n,a=l.querySelectorAll('iframe[data-secret=\"'+t.secret+'\"]'),o=l.querySelectorAll('blockquote[data-secret=\"'+t.secret+'\"]'),c=new RegExp(\"^https?:$\",\"i\"),i=0;i<o.length;i++)o[i].style.display=\"none\";for(i=0;i<a.length;i++)s=a[i],e.source===s.contentWindow&&(s.removeAttribute(\"style\"),\"height\"===t.message?(1e3<(r=parseInt(t.value,10))?r=1e3:~~r<200&&(r=200),s.height=r):\"link\"===t.message&&(r=new URL(s.getAttribute(\"src\")),n=new URL(t.value),c.test(n.protocol))&&n.host===r.host&&l.activeElement===s&&(d.top.location.href=t.value))}},d.addEventListener(\"message\",d.wp.receiveEmbedMessage,!1),l.addEventListener(\"DOMContentLoaded\",function(){for(var e,t,s=l.querySelectorAll(\"iframe.wp-embedded-content\"),r=0;r<s.length;r++)(t=(e=s[r]).getAttribute(\"data-secret\"))||(t=Math.random().toString(36).substring(2,12),e.src+=\"#?secret=\"+t,e.setAttribute(\"data-secret\",t)),e.contentWindow.postMessage({message:\"ready\",secret:t},\"*\")},!1)))}(window,document);\n\/\/# sourceURL=https:\/\/radioleinewelle.de\/wp-includes\/js\/wp-embed.min.js\n\/* ]]> *\/\n<\/script>\n","description":"Wegen Sanierungs- und Markierungsarbeiten in der G\u00f6ttinger Innenstadt bleiben einige Stra\u00dfen zwischen Montag und Freitag, 23. und 27. August 2021, gesperrt. Busse fahren die Innenstadt in dieser Zeit nicht an, sie werden \u00fcber den Bahnhof umgeleitet. In einigen Bereichen der Innenstadt werden die Pflasterfl\u00e4chen und Kanalsch\u00e4chte saniert. Betroffen sind die J\u00fcdenstra\u00dfe auf H\u00f6he der Jacobikirche, [&hellip;]"}

Straßensperrungen in der Innenstadt - Radio Leinewelle

<blockquote class="wp-embedded-content" data-secret="97cGphnAeu"><a href="https://radioleinewelle.de/index.php/2021/08/16/strassensperrungen-in-der-innenstadt/">Straßensperrungen in der Innenstadt</a></blockquote><iframe sandbox="allow-scripts" security="restricted" src="https://radioleinewelle.de/index.php/2021/08/16/strassensperrungen-in-der-innenstadt/embed/#?secret=97cGphnAeu" width="600" height="338" title="&#8222;Straßensperrungen in der Innenstadt&#8220; &#8211; Radio Leinewelle" data-secret="97cGphnAeu" frameborder="0" marginwidth="0" marginheight="0" scrolling="no" class="wp-embedded-content"></iframe><script type="text/javascript">
/* <![CDATA[ */
/*! This file is auto-generated */
!function(d,l){"use strict";l.querySelector&&d.addEventListener&&"undefined"!=typeof URL&&(d.wp=d.wp||{},d.wp.receiveEmbedMessage||(d.wp.receiveEmbedMessage=function(e){var t=e.data;if((t||t.secret||t.message||t.value)&&!/[^a-zA-Z0-9]/.test(t.secret)){for(var s,r,n,a=l.querySelectorAll('iframe[data-secret="'+t.secret+'"]'),o=l.querySelectorAll('blockquote[data-secret="'+t.secret+'"]'),c=new RegExp("^https?:$","i"),i=0;i<o.length;i++)o[i].style.display="none";for(i=0;i<a.length;i++)s=a[i],e.source===s.contentWindow&&(s.removeAttribute("style"),"height"===t.message?(1e3<(r=parseInt(t.value,10))?r=1e3:~~r<200&&(r=200),s.height=r):"link"===t.message&&(r=new URL(s.getAttribute("src")),n=new URL(t.value),c.test(n.protocol))&&n.host===r.host&&l.activeElement===s&&(d.top.location.href=t.value))}},d.addEventListener("message",d.wp.receiveEmbedMessage,!1),l.addEventListener("DOMContentLoaded",function(){for(var e,t,s=l.querySelectorAll("iframe.wp-embedded-content"),r=0;r<s.length;r++)(t=(e=s[r]).getAttribute("data-secret"))||(t=Math.random().toString(36).substring(2,12),e.src+="#?secret="+t,e.setAttribute("data-secret",t)),e.contentWindow.postMessage({message:"ready",secret:t},"*")},!1)))}(window,document);
//# sourceURL=https://radioleinewelle.de/wp-includes/js/wp-embed.min.js
/* ]]> */
</script>

Wegen Sanierungs- und Markierungsarbeiten in der Göttinger Innenstadt bleiben einige Straßen zwischen Montag und Freitag, 23. und 27. August 2021, gesperrt. Busse fahren die Innenstadt in dieser Zeit nicht an, sie werden über den Bahnhof umgeleitet. In einigen Bereichen der Innenstadt werden die Pflasterflächen und Kanalschächte saniert. Betroffen sind die Jüdenstraße auf Höhe der Jacobikirche, [&hellip;]
