{"version":"1.0","provider_name":"Radio Leinewelle","provider_url":"https:\/\/radioleinewelle.de","author_name":"Leinewelle","author_url":"https:\/\/radioleinewelle.de\/index.php\/author\/leinewelle\/","title":"Online Petition zum Gartetalradweg - Radio Leinewelle","type":"rich","width":600,"height":338,"html":"<blockquote class=\"wp-embedded-content\" data-secret=\"C7iSVAWuyb\"><a href=\"https:\/\/radioleinewelle.de\/index.php\/2022\/02\/28\/online-petition-zum-gartetalradweg\/\">Online Petition zum Gartetalradweg<\/a><\/blockquote><iframe sandbox=\"allow-scripts\" security=\"restricted\" src=\"https:\/\/radioleinewelle.de\/index.php\/2022\/02\/28\/online-petition-zum-gartetalradweg\/embed\/#?secret=C7iSVAWuyb\" width=\"600\" height=\"338\" title=\"&#8222;Online Petition zum Gartetalradweg&#8220; &#8211; Radio Leinewelle\" data-secret=\"C7iSVAWuyb\" frameborder=\"0\" marginwidth=\"0\" marginheight=\"0\" scrolling=\"no\" class=\"wp-embedded-content\"><\/iframe><script type=\"text\/javascript\">\n\/* <![CDATA[ *\/\n\/*! This file is auto-generated *\/\n!function(d,l){\"use strict\";l.querySelector&&d.addEventListener&&\"undefined\"!=typeof URL&&(d.wp=d.wp||{},d.wp.receiveEmbedMessage||(d.wp.receiveEmbedMessage=function(e){var t=e.data;if((t||t.secret||t.message||t.value)&&!\/[^a-zA-Z0-9]\/.test(t.secret)){for(var s,r,n,a=l.querySelectorAll('iframe[data-secret=\"'+t.secret+'\"]'),o=l.querySelectorAll('blockquote[data-secret=\"'+t.secret+'\"]'),c=new RegExp(\"^https?:$\",\"i\"),i=0;i<o.length;i++)o[i].style.display=\"none\";for(i=0;i<a.length;i++)s=a[i],e.source===s.contentWindow&&(s.removeAttribute(\"style\"),\"height\"===t.message?(1e3<(r=parseInt(t.value,10))?r=1e3:~~r<200&&(r=200),s.height=r):\"link\"===t.message&&(r=new URL(s.getAttribute(\"src\")),n=new URL(t.value),c.test(n.protocol))&&n.host===r.host&&l.activeElement===s&&(d.top.location.href=t.value))}},d.addEventListener(\"message\",d.wp.receiveEmbedMessage,!1),l.addEventListener(\"DOMContentLoaded\",function(){for(var e,t,s=l.querySelectorAll(\"iframe.wp-embedded-content\"),r=0;r<s.length;r++)(t=(e=s[r]).getAttribute(\"data-secret\"))||(t=Math.random().toString(36).substring(2,12),e.src+=\"#?secret=\"+t,e.setAttribute(\"data-secret\",t)),e.contentWindow.postMessage({message:\"ready\",secret:t},\"*\")},!1)))}(window,document);\n\/\/# sourceURL=https:\/\/radioleinewelle.de\/wp-includes\/js\/wp-embed.min.js\n\/* ]]> *\/\n<\/script>\n","thumbnail_url":"https:\/\/radioleinewelle.de\/wp-content\/uploads\/2022\/02\/274587726_1227093447696512_6025927709398000509_n-e1645689997819.jpg","thumbnail_width":600,"thumbnail_height":418,"description":"Die Diskussion um den Ausbau des Gartetalradwegs ging in den letzten Wochen durch die lokalen Medien. Jetzt hat sich eine B\u00fcrgerinitiative mit einer Petition f\u00fcr den schonenden Erhalt bestimmter Abschnitte des aktuellen Radwegs eingesetzt. In einem Auszug aus der Petition hei\u00dft es: Der Fu\u00df- und Radweg durch das Gartetal zwischen Diemarden und G\u00f6ttingen soll auf [&hellip;]"}

Die Diskussion um den Ausbau des Gartetalradwegs ging in den letzten Wochen durch die lokalen Medien. Jetzt hat sich eine Bürgerinitiative mit einer Petition für den schonenden Erhalt bestimmter Abschnitte des aktuellen Radwegs eingesetzt. In einem Auszug aus der Petition heißt es: Der Fuß- und Radweg durch das Gartetal zwischen Diemarden und Göttingen soll auf [&hellip;]
