{"version":"1.0","provider_name":"Radio Leinewelle","provider_url":"https:\/\/radioleinewelle.de","author_name":"Leinewelle","author_url":"https:\/\/radioleinewelle.de\/index.php\/author\/leinewelle\/","title":"Die regionalen Kurzmeldungen am 10.08. - Radio Leinewelle","type":"rich","width":600,"height":338,"html":"<blockquote class=\"wp-embedded-content\" data-secret=\"CCBMjqMbFn\"><a href=\"https:\/\/radioleinewelle.de\/index.php\/2022\/08\/10\/die-regionalen-kurzmeldungen-am-10-08\/\">Die regionalen Kurzmeldungen am 10.08.<\/a><\/blockquote><iframe sandbox=\"allow-scripts\" security=\"restricted\" src=\"https:\/\/radioleinewelle.de\/index.php\/2022\/08\/10\/die-regionalen-kurzmeldungen-am-10-08\/embed\/#?secret=CCBMjqMbFn\" width=\"600\" height=\"338\" title=\"&#8222;Die regionalen Kurzmeldungen am 10.08.&#8220; &#8211; Radio Leinewelle\" data-secret=\"CCBMjqMbFn\" frameborder=\"0\" marginwidth=\"0\" marginheight=\"0\" scrolling=\"no\" class=\"wp-embedded-content\"><\/iframe><script type=\"text\/javascript\">\n\/* <![CDATA[ *\/\n\/*! This file is auto-generated *\/\n!function(d,l){\"use strict\";l.querySelector&&d.addEventListener&&\"undefined\"!=typeof URL&&(d.wp=d.wp||{},d.wp.receiveEmbedMessage||(d.wp.receiveEmbedMessage=function(e){var t=e.data;if((t||t.secret||t.message||t.value)&&!\/[^a-zA-Z0-9]\/.test(t.secret)){for(var s,r,n,a=l.querySelectorAll('iframe[data-secret=\"'+t.secret+'\"]'),o=l.querySelectorAll('blockquote[data-secret=\"'+t.secret+'\"]'),c=new RegExp(\"^https?:$\",\"i\"),i=0;i<o.length;i++)o[i].style.display=\"none\";for(i=0;i<a.length;i++)s=a[i],e.source===s.contentWindow&&(s.removeAttribute(\"style\"),\"height\"===t.message?(1e3<(r=parseInt(t.value,10))?r=1e3:~~r<200&&(r=200),s.height=r):\"link\"===t.message&&(r=new URL(s.getAttribute(\"src\")),n=new URL(t.value),c.test(n.protocol))&&n.host===r.host&&l.activeElement===s&&(d.top.location.href=t.value))}},d.addEventListener(\"message\",d.wp.receiveEmbedMessage,!1),l.addEventListener(\"DOMContentLoaded\",function(){for(var e,t,s=l.querySelectorAll(\"iframe.wp-embedded-content\"),r=0;r<s.length;r++)(t=(e=s[r]).getAttribute(\"data-secret\"))||(t=Math.random().toString(36).substring(2,12),e.src+=\"#?secret=\"+t,e.setAttribute(\"data-secret\",t)),e.contentWindow.postMessage({message:\"ready\",secret:t},\"*\")},!1)))}(window,document);\n\/\/# sourceURL=https:\/\/radioleinewelle.de\/wp-includes\/js\/wp-embed.min.js\n\/* ]]> *\/\n<\/script>\n","description":"+++ Ausbildung am G\u00e4nseliesel klarmachen &#8211; Gemeinsam mit den Kammern organisiert die Berufsberatung der Agentur f\u00fcr Arbeit G\u00f6ttingen am 17. August ein kompaktes Informationsangebot zum Thema Ausbildungsstart 2022. In G\u00f6ttingen k\u00f6nnen sich vor dem Alten Rathaus Ausbildungsinteressierte \u00fcber offene Lehrstellen, Alternativen zum Wunschberuf und Bewerbungsstrategien informieren. Ein Bildungstr\u00e4ger stellt Unterst\u00fctzungsangebote am \u00dcbergang Schule-Beruf vor. F\u00fcr [&hellip;]"}

+++ Ausbildung am Gänseliesel klarmachen &#8211; Gemeinsam mit den Kammern organisiert die Berufsberatung der Agentur für Arbeit Göttingen am 17. August ein kompaktes Informationsangebot zum Thema Ausbildungsstart 2022. In Göttingen können sich vor dem Alten Rathaus Ausbildungsinteressierte über offene Lehrstellen, Alternativen zum Wunschberuf und Bewerbungsstrategien informieren. Ein Bildungsträger stellt Unterstützungsangebote am Übergang Schule-Beruf vor. Für [&hellip;]
