{"version":"1.0","provider_name":"Radio Leinewelle","provider_url":"https:\/\/radioleinewelle.de","author_name":"Leinewelle","author_url":"https:\/\/radioleinewelle.de\/index.php\/author\/leinewelle\/","title":"\"Auf ein Wort\" mit Stephan Weil - Radio Leinewelle","type":"rich","width":600,"height":338,"html":"<blockquote class=\"wp-embedded-content\" data-secret=\"yXv0MqT8YG\"><a href=\"https:\/\/radioleinewelle.de\/index.php\/2022\/10\/06\/heute-auf-ein-wort-mit-stephan-weil\/\">&#8222;Auf ein Wort&#8220; mit Stephan Weil<\/a><\/blockquote><iframe sandbox=\"allow-scripts\" security=\"restricted\" src=\"https:\/\/radioleinewelle.de\/index.php\/2022\/10\/06\/heute-auf-ein-wort-mit-stephan-weil\/embed\/#?secret=yXv0MqT8YG\" width=\"600\" height=\"338\" title=\"&#8222;&#8222;Auf ein Wort&#8220; mit Stephan Weil&#8220; &#8211; Radio Leinewelle\" data-secret=\"yXv0MqT8YG\" frameborder=\"0\" marginwidth=\"0\" marginheight=\"0\" scrolling=\"no\" class=\"wp-embedded-content\"><\/iframe><script type=\"text\/javascript\">\n\/* <![CDATA[ *\/\n\/*! This file is auto-generated *\/\n!function(d,l){\"use strict\";l.querySelector&&d.addEventListener&&\"undefined\"!=typeof URL&&(d.wp=d.wp||{},d.wp.receiveEmbedMessage||(d.wp.receiveEmbedMessage=function(e){var t=e.data;if((t||t.secret||t.message||t.value)&&!\/[^a-zA-Z0-9]\/.test(t.secret)){for(var s,r,n,a=l.querySelectorAll('iframe[data-secret=\"'+t.secret+'\"]'),o=l.querySelectorAll('blockquote[data-secret=\"'+t.secret+'\"]'),c=new RegExp(\"^https?:$\",\"i\"),i=0;i<o.length;i++)o[i].style.display=\"none\";for(i=0;i<a.length;i++)s=a[i],e.source===s.contentWindow&&(s.removeAttribute(\"style\"),\"height\"===t.message?(1e3<(r=parseInt(t.value,10))?r=1e3:~~r<200&&(r=200),s.height=r):\"link\"===t.message&&(r=new URL(s.getAttribute(\"src\")),n=new URL(t.value),c.test(n.protocol))&&n.host===r.host&&l.activeElement===s&&(d.top.location.href=t.value))}},d.addEventListener(\"message\",d.wp.receiveEmbedMessage,!1),l.addEventListener(\"DOMContentLoaded\",function(){for(var e,t,s=l.querySelectorAll(\"iframe.wp-embedded-content\"),r=0;r<s.length;r++)(t=(e=s[r]).getAttribute(\"data-secret\"))||(t=Math.random().toString(36).substring(2,12),e.src+=\"#?secret=\"+t,e.setAttribute(\"data-secret\",t)),e.contentWindow.postMessage({message:\"ready\",secret:t},\"*\")},!1)))}(window,document);\n\/\/# sourceURL=https:\/\/radioleinewelle.de\/wp-includes\/js\/wp-embed.min.js\n\/* ]]> *\/\n<\/script>\n","thumbnail_url":"https:\/\/radioleinewelle.de\/wp-content\/uploads\/2022\/10\/Auf-ein-Wort-Stephan-Weil-Goettingen-95-1-scaled-e1665044202319.jpg","thumbnail_width":546,"thumbnail_height":343,"description":"Der nieders\u00e4chsische Ministerpr\u00e4sident Stephan Weil war gestern auf Wahlkampftour in G\u00f6ttingen. Die Veranstaltung &#8222;Auf ein Wort\u201c mit Stephan Weil&nbsp;fand vor dem Alten Rathaus in G\u00f6ttingen statt. Neben dem SPD-Landesvorsitzenden stellten sich auch die vier sozialdemokratischen LandtagskandidatInnen B\u00e4rbel Diebel-Geries, Gerd Hujahn, Karola Margraf und Alexander Saade gemeinsam mit Stephan Weil den Fragen der B\u00fcrgerinnen und B\u00fcrger. [&hellip;]"}

Der niedersächsische Ministerpräsident Stephan Weil war gestern auf Wahlkampftour in Göttingen. Die Veranstaltung &#8222;Auf ein Wort“ mit Stephan Weil&nbsp;fand vor dem Alten Rathaus in Göttingen statt. Neben dem SPD-Landesvorsitzenden stellten sich auch die vier sozialdemokratischen LandtagskandidatInnen Bärbel Diebel-Geries, Gerd Hujahn, Karola Margraf und Alexander Saade gemeinsam mit Stephan Weil den Fragen der Bürgerinnen und Bürger. [&hellip;]
