{"version":"1.0","provider_name":"Radio Leinewelle","provider_url":"https:\/\/radioleinewelle.de","author_name":"Leinewelle","author_url":"https:\/\/radioleinewelle.de\/index.php\/author\/leinewelle\/","title":"Wir haben die Wahl - Radio Leinewelle","type":"rich","width":600,"height":338,"html":"<blockquote class=\"wp-embedded-content\" data-secret=\"FUcThkoLM1\"><a href=\"https:\/\/radioleinewelle.de\/index.php\/2022\/10\/09\/wir-haben-die-wahl\/\">Wir haben die Wahl<\/a><\/blockquote><iframe sandbox=\"allow-scripts\" security=\"restricted\" src=\"https:\/\/radioleinewelle.de\/index.php\/2022\/10\/09\/wir-haben-die-wahl\/embed\/#?secret=FUcThkoLM1\" width=\"600\" height=\"338\" title=\"&#8222;Wir haben die Wahl&#8220; &#8211; Radio Leinewelle\" data-secret=\"FUcThkoLM1\" frameborder=\"0\" marginwidth=\"0\" marginheight=\"0\" scrolling=\"no\" class=\"wp-embedded-content\"><\/iframe><script type=\"text\/javascript\">\n\/* <![CDATA[ *\/\n\/*! This file is auto-generated *\/\n!function(d,l){\"use strict\";l.querySelector&&d.addEventListener&&\"undefined\"!=typeof URL&&(d.wp=d.wp||{},d.wp.receiveEmbedMessage||(d.wp.receiveEmbedMessage=function(e){var t=e.data;if((t||t.secret||t.message||t.value)&&!\/[^a-zA-Z0-9]\/.test(t.secret)){for(var s,r,n,a=l.querySelectorAll('iframe[data-secret=\"'+t.secret+'\"]'),o=l.querySelectorAll('blockquote[data-secret=\"'+t.secret+'\"]'),c=new RegExp(\"^https?:$\",\"i\"),i=0;i<o.length;i++)o[i].style.display=\"none\";for(i=0;i<a.length;i++)s=a[i],e.source===s.contentWindow&&(s.removeAttribute(\"style\"),\"height\"===t.message?(1e3<(r=parseInt(t.value,10))?r=1e3:~~r<200&&(r=200),s.height=r):\"link\"===t.message&&(r=new URL(s.getAttribute(\"src\")),n=new URL(t.value),c.test(n.protocol))&&n.host===r.host&&l.activeElement===s&&(d.top.location.href=t.value))}},d.addEventListener(\"message\",d.wp.receiveEmbedMessage,!1),l.addEventListener(\"DOMContentLoaded\",function(){for(var e,t,s=l.querySelectorAll(\"iframe.wp-embedded-content\"),r=0;r<s.length;r++)(t=(e=s[r]).getAttribute(\"data-secret\"))||(t=Math.random().toString(36).substring(2,12),e.src+=\"#?secret=\"+t,e.setAttribute(\"data-secret\",t)),e.contentWindow.postMessage({message:\"ready\",secret:t},\"*\")},!1)))}(window,document);\n\/\/# sourceURL=https:\/\/radioleinewelle.de\/wp-includes\/js\/wp-embed.min.js\n\/* ]]> *\/\n<\/script>\n","thumbnail_url":"https:\/\/radioleinewelle.de\/wp-content\/uploads\/2022\/10\/Plakate-Landtagswahl-2022-e1665306692818.jpg","thumbnail_width":574,"thumbnail_height":328,"description":"Der nieders\u00e4chsische Landtagswahlkampf ist vorbei, jetzt haben die W\u00e4hlerinnen und W\u00e4hler das letzte Wort. \u00dcber zwanzig Parteien bewerben sich um Sitze im Landtag in Hannover. Anl\u00e4sslich der heutigen Landtagswahl sagt Landtagspr\u00e4sidentin Dr. Gabriele Andretta: \u201eDie Demokratie lebt von der aktiven Beteiligung ihrer B\u00fcrgerinnen und B\u00fcrger. Bitte gehen Sie am 9. Oktober w\u00e4hlen! Entscheiden Sie mit [&hellip;]"}

Der niedersächsische Landtagswahlkampf ist vorbei, jetzt haben die Wählerinnen und Wähler das letzte Wort. Über zwanzig Parteien bewerben sich um Sitze im Landtag in Hannover. Anlässlich der heutigen Landtagswahl sagt Landtagspräsidentin Dr. Gabriele Andretta: „Die Demokratie lebt von der aktiven Beteiligung ihrer Bürgerinnen und Bürger. Bitte gehen Sie am 9. Oktober wählen! Entscheiden Sie mit [&hellip;]
