{"version":"1.0","provider_name":"Radio Leinewelle","provider_url":"https:\/\/radioleinewelle.de","author_name":"Leinewelle","author_url":"https:\/\/radioleinewelle.de\/index.php\/author\/leinewelle\/","title":"\"Sprach-Kitas\" bleiben - Land strebt Dauerl\u00f6sung an - Radio Leinewelle","type":"rich","width":600,"height":338,"html":"<blockquote class=\"wp-embedded-content\" data-secret=\"BxMTgdhVwm\"><a href=\"https:\/\/radioleinewelle.de\/index.php\/2022\/11\/15\/sprach-kitas-bleiben-land-strebt-dauerloesung-an\/\">&#8222;Sprach-Kitas&#8220; bleiben &#8211; Land strebt Dauerl\u00f6sung an<\/a><\/blockquote><iframe sandbox=\"allow-scripts\" security=\"restricted\" src=\"https:\/\/radioleinewelle.de\/index.php\/2022\/11\/15\/sprach-kitas-bleiben-land-strebt-dauerloesung-an\/embed\/#?secret=BxMTgdhVwm\" width=\"600\" height=\"338\" title=\"&#8222;&#8222;Sprach-Kitas&#8220; bleiben &#8211; Land strebt Dauerl\u00f6sung an&#8220; &#8211; Radio Leinewelle\" data-secret=\"BxMTgdhVwm\" frameborder=\"0\" marginwidth=\"0\" marginheight=\"0\" scrolling=\"no\" class=\"wp-embedded-content\"><\/iframe><script type=\"text\/javascript\">\n\/* <![CDATA[ *\/\n\/*! This file is auto-generated *\/\n!function(d,l){\"use strict\";l.querySelector&&d.addEventListener&&\"undefined\"!=typeof URL&&(d.wp=d.wp||{},d.wp.receiveEmbedMessage||(d.wp.receiveEmbedMessage=function(e){var t=e.data;if((t||t.secret||t.message||t.value)&&!\/[^a-zA-Z0-9]\/.test(t.secret)){for(var s,r,n,a=l.querySelectorAll('iframe[data-secret=\"'+t.secret+'\"]'),o=l.querySelectorAll('blockquote[data-secret=\"'+t.secret+'\"]'),c=new RegExp(\"^https?:$\",\"i\"),i=0;i<o.length;i++)o[i].style.display=\"none\";for(i=0;i<a.length;i++)s=a[i],e.source===s.contentWindow&&(s.removeAttribute(\"style\"),\"height\"===t.message?(1e3<(r=parseInt(t.value,10))?r=1e3:~~r<200&&(r=200),s.height=r):\"link\"===t.message&&(r=new URL(s.getAttribute(\"src\")),n=new URL(t.value),c.test(n.protocol))&&n.host===r.host&&l.activeElement===s&&(d.top.location.href=t.value))}},d.addEventListener(\"message\",d.wp.receiveEmbedMessage,!1),l.addEventListener(\"DOMContentLoaded\",function(){for(var e,t,s=l.querySelectorAll(\"iframe.wp-embedded-content\"),r=0;r<s.length;r++)(t=(e=s[r]).getAttribute(\"data-secret\"))||(t=Math.random().toString(36).substring(2,12),e.src+=\"#?secret=\"+t,e.setAttribute(\"data-secret\",t)),e.contentWindow.postMessage({message:\"ready\",secret:t},\"*\")},!1)))}(window,document);\n\/\/# sourceURL=https:\/\/radioleinewelle.de\/wp-includes\/js\/wp-embed.min.js\n\/* ]]> *\/\n<\/script>\n","description":"Aufatmen f\u00fcr die nieders\u00e4chsischen \u201eSprach-Kitas\u201c: Das entsprechende Bundesprogramm l\u00e4uft mit Ende des Jahres 2022 nicht aus, sondern wird um ein halbes Jahr bis Ende Juni 2023 verl\u00e4ngert und aus Bundesmitteln finanziert. Das Land Niedersachsen wird daf\u00fcr Sorge tragen, dass die \u201eSprach-Kitas\u201c auch \u00fcber diesen Zeitpunkt hinaus weiterfinanziert und diese wichtige S\u00e4ule der fr\u00fchkindlichen Sprachf\u00f6rderung erhalten [&hellip;]"}

"Sprach-Kitas" bleiben - Land strebt Dauerlösung an - Radio Leinewelle

<blockquote class="wp-embedded-content" data-secret="BxMTgdhVwm"><a href="https://radioleinewelle.de/index.php/2022/11/15/sprach-kitas-bleiben-land-strebt-dauerloesung-an/">&#8222;Sprach-Kitas&#8220; bleiben &#8211; Land strebt Dauerlösung an</a></blockquote><iframe sandbox="allow-scripts" security="restricted" src="https://radioleinewelle.de/index.php/2022/11/15/sprach-kitas-bleiben-land-strebt-dauerloesung-an/embed/#?secret=BxMTgdhVwm" width="600" height="338" title="&#8222;&#8222;Sprach-Kitas&#8220; bleiben &#8211; Land strebt Dauerlösung an&#8220; &#8211; Radio Leinewelle" data-secret="BxMTgdhVwm" frameborder="0" marginwidth="0" marginheight="0" scrolling="no" class="wp-embedded-content"></iframe><script type="text/javascript">
/* <![CDATA[ */
/*! This file is auto-generated */
!function(d,l){"use strict";l.querySelector&&d.addEventListener&&"undefined"!=typeof URL&&(d.wp=d.wp||{},d.wp.receiveEmbedMessage||(d.wp.receiveEmbedMessage=function(e){var t=e.data;if((t||t.secret||t.message||t.value)&&!/[^a-zA-Z0-9]/.test(t.secret)){for(var s,r,n,a=l.querySelectorAll('iframe[data-secret="'+t.secret+'"]'),o=l.querySelectorAll('blockquote[data-secret="'+t.secret+'"]'),c=new RegExp("^https?:$","i"),i=0;i<o.length;i++)o[i].style.display="none";for(i=0;i<a.length;i++)s=a[i],e.source===s.contentWindow&&(s.removeAttribute("style"),"height"===t.message?(1e3<(r=parseInt(t.value,10))?r=1e3:~~r<200&&(r=200),s.height=r):"link"===t.message&&(r=new URL(s.getAttribute("src")),n=new URL(t.value),c.test(n.protocol))&&n.host===r.host&&l.activeElement===s&&(d.top.location.href=t.value))}},d.addEventListener("message",d.wp.receiveEmbedMessage,!1),l.addEventListener("DOMContentLoaded",function(){for(var e,t,s=l.querySelectorAll("iframe.wp-embedded-content"),r=0;r<s.length;r++)(t=(e=s[r]).getAttribute("data-secret"))||(t=Math.random().toString(36).substring(2,12),e.src+="#?secret="+t,e.setAttribute("data-secret",t)),e.contentWindow.postMessage({message:"ready",secret:t},"*")},!1)))}(window,document);
//# sourceURL=https://radioleinewelle.de/wp-includes/js/wp-embed.min.js
/* ]]> */
</script>

Aufatmen für die niedersächsischen „Sprach-Kitas“: Das entsprechende Bundesprogramm läuft mit Ende des Jahres 2022 nicht aus, sondern wird um ein halbes Jahr bis Ende Juni 2023 verlängert und aus Bundesmitteln finanziert. Das Land Niedersachsen wird dafür Sorge tragen, dass die „Sprach-Kitas“ auch über diesen Zeitpunkt hinaus weiterfinanziert und diese wichtige Säule der frühkindlichen Sprachförderung erhalten [&hellip;]
