{"version":"1.0","provider_name":"Radio Leinewelle","provider_url":"https:\/\/radioleinewelle.de","author_name":"Leinewelle","author_url":"https:\/\/radioleinewelle.de\/index.php\/author\/leinewelle\/","title":"\u00dcber 3.300 Teilnehmer*innen bei der Tour d`Energie - Radio Leinewelle","type":"rich","width":600,"height":338,"html":"<blockquote class=\"wp-embedded-content\" data-secret=\"1cV9obMxaw\"><a href=\"https:\/\/radioleinewelle.de\/index.php\/2023\/04\/24\/ueber-3-800-teilnehmerinnen-bei-der-tour-denergie\/\">\u00dcber 3.300 Teilnehmer*innen bei der Tour d`Energie<\/a><\/blockquote><iframe sandbox=\"allow-scripts\" security=\"restricted\" src=\"https:\/\/radioleinewelle.de\/index.php\/2023\/04\/24\/ueber-3-800-teilnehmerinnen-bei-der-tour-denergie\/embed\/#?secret=1cV9obMxaw\" width=\"600\" height=\"338\" title=\"&#8222;\u00dcber 3.300 Teilnehmer*innen bei der Tour d`Energie&#8220; &#8211; Radio Leinewelle\" data-secret=\"1cV9obMxaw\" frameborder=\"0\" marginwidth=\"0\" marginheight=\"0\" scrolling=\"no\" class=\"wp-embedded-content\"><\/iframe><script type=\"text\/javascript\">\n\/* <![CDATA[ *\/\n\/*! This file is auto-generated *\/\n!function(d,l){\"use strict\";l.querySelector&&d.addEventListener&&\"undefined\"!=typeof URL&&(d.wp=d.wp||{},d.wp.receiveEmbedMessage||(d.wp.receiveEmbedMessage=function(e){var t=e.data;if((t||t.secret||t.message||t.value)&&!\/[^a-zA-Z0-9]\/.test(t.secret)){for(var s,r,n,a=l.querySelectorAll('iframe[data-secret=\"'+t.secret+'\"]'),o=l.querySelectorAll('blockquote[data-secret=\"'+t.secret+'\"]'),c=new RegExp(\"^https?:$\",\"i\"),i=0;i<o.length;i++)o[i].style.display=\"none\";for(i=0;i<a.length;i++)s=a[i],e.source===s.contentWindow&&(s.removeAttribute(\"style\"),\"height\"===t.message?(1e3<(r=parseInt(t.value,10))?r=1e3:~~r<200&&(r=200),s.height=r):\"link\"===t.message&&(r=new URL(s.getAttribute(\"src\")),n=new URL(t.value),c.test(n.protocol))&&n.host===r.host&&l.activeElement===s&&(d.top.location.href=t.value))}},d.addEventListener(\"message\",d.wp.receiveEmbedMessage,!1),l.addEventListener(\"DOMContentLoaded\",function(){for(var e,t,s=l.querySelectorAll(\"iframe.wp-embedded-content\"),r=0;r<s.length;r++)(t=(e=s[r]).getAttribute(\"data-secret\"))||(t=Math.random().toString(36).substring(2,12),e.src+=\"#?secret=\"+t,e.setAttribute(\"data-secret\",t)),e.contentWindow.postMessage({message:\"ready\",secret:t},\"*\")},!1)))}(window,document);\n\/\/# sourceURL=https:\/\/radioleinewelle.de\/wp-includes\/js\/wp-embed.min.js\n\/* ]]> *\/\n<\/script>\n","thumbnail_url":"https:\/\/radioleinewelle.de\/wp-content\/uploads\/2023\/04\/TDE-2023-Goe-7-e1682328595761.jpg","thumbnail_width":1000,"thumbnail_height":750,"description":"Es war ein rauschendes Fest f\u00fcr den Radsport, bei strahlendem Sonnenschein gingen tausende Velofans auf die beiden Rundstrecken von jeweils 45 km und 100 km. Es war ein Jedermannrennen f\u00fcr alle Altersgruppen, die j\u00fcngsten Teilnehmer*innen waren 11 Jahre, der \u00e4lteste Teilnehmer auf der 100 km Strecke 83 Jahre. Ein gro\u00dfer Vorteil f\u00fcr die Teilnehmer*innen war [&hellip;]"}

Über 3.300 Teilnehmer*innen bei der Tour d`Energie - Radio Leinewelle

<blockquote class="wp-embedded-content" data-secret="1cV9obMxaw"><a href="https://radioleinewelle.de/index.php/2023/04/24/ueber-3-800-teilnehmerinnen-bei-der-tour-denergie/">Über 3.300 Teilnehmer*innen bei der Tour d`Energie</a></blockquote><iframe sandbox="allow-scripts" security="restricted" src="https://radioleinewelle.de/index.php/2023/04/24/ueber-3-800-teilnehmerinnen-bei-der-tour-denergie/embed/#?secret=1cV9obMxaw" width="600" height="338" title="&#8222;Über 3.300 Teilnehmer*innen bei der Tour d`Energie&#8220; &#8211; Radio Leinewelle" data-secret="1cV9obMxaw" frameborder="0" marginwidth="0" marginheight="0" scrolling="no" class="wp-embedded-content"></iframe><script type="text/javascript">
/* <![CDATA[ */
/*! This file is auto-generated */
!function(d,l){"use strict";l.querySelector&&d.addEventListener&&"undefined"!=typeof URL&&(d.wp=d.wp||{},d.wp.receiveEmbedMessage||(d.wp.receiveEmbedMessage=function(e){var t=e.data;if((t||t.secret||t.message||t.value)&&!/[^a-zA-Z0-9]/.test(t.secret)){for(var s,r,n,a=l.querySelectorAll('iframe[data-secret="'+t.secret+'"]'),o=l.querySelectorAll('blockquote[data-secret="'+t.secret+'"]'),c=new RegExp("^https?:$","i"),i=0;i<o.length;i++)o[i].style.display="none";for(i=0;i<a.length;i++)s=a[i],e.source===s.contentWindow&&(s.removeAttribute("style"),"height"===t.message?(1e3<(r=parseInt(t.value,10))?r=1e3:~~r<200&&(r=200),s.height=r):"link"===t.message&&(r=new URL(s.getAttribute("src")),n=new URL(t.value),c.test(n.protocol))&&n.host===r.host&&l.activeElement===s&&(d.top.location.href=t.value))}},d.addEventListener("message",d.wp.receiveEmbedMessage,!1),l.addEventListener("DOMContentLoaded",function(){for(var e,t,s=l.querySelectorAll("iframe.wp-embedded-content"),r=0;r<s.length;r++)(t=(e=s[r]).getAttribute("data-secret"))||(t=Math.random().toString(36).substring(2,12),e.src+="#?secret="+t,e.setAttribute("data-secret",t)),e.contentWindow.postMessage({message:"ready",secret:t},"*")},!1)))}(window,document);
//# sourceURL=https://radioleinewelle.de/wp-includes/js/wp-embed.min.js
/* ]]> */
</script>

Es war ein rauschendes Fest für den Radsport, bei strahlendem Sonnenschein gingen tausende Velofans auf die beiden Rundstrecken von jeweils 45 km und 100 km. Es war ein Jedermannrennen für alle Altersgruppen, die jüngsten Teilnehmer*innen waren 11 Jahre, der älteste Teilnehmer auf der 100 km Strecke 83 Jahre. Ein großer Vorteil für die Teilnehmer*innen war [&hellip;]
