{"version":"1.0","provider_name":"Radio Leinewelle","provider_url":"https:\/\/radioleinewelle.de","author_name":"Leinewelle","author_url":"https:\/\/radioleinewelle.de\/index.php\/author\/leinewelle\/","title":"Das Vertrauen in die Demokratie ist stabil, aber... - Radio Leinewelle","type":"rich","width":600,"height":338,"html":"<blockquote class=\"wp-embedded-content\" data-secret=\"iZNbX9vz0d\"><a href=\"https:\/\/radioleinewelle.de\/index.php\/2023\/04\/27\/das-vertrauen-in-die-demokratie-ist-stabil-aber\/\">Das Vertrauen in die Demokratie ist stabil, aber&#8230;<\/a><\/blockquote><iframe sandbox=\"allow-scripts\" security=\"restricted\" src=\"https:\/\/radioleinewelle.de\/index.php\/2023\/04\/27\/das-vertrauen-in-die-demokratie-ist-stabil-aber\/embed\/#?secret=iZNbX9vz0d\" width=\"600\" height=\"338\" title=\"&#8222;Das Vertrauen in die Demokratie ist stabil, aber&#8230;&#8220; &#8211; Radio Leinewelle\" data-secret=\"iZNbX9vz0d\" frameborder=\"0\" marginwidth=\"0\" marginheight=\"0\" scrolling=\"no\" class=\"wp-embedded-content\"><\/iframe><script type=\"text\/javascript\">\n\/* <![CDATA[ *\/\n\/*! This file is auto-generated *\/\n!function(d,l){\"use strict\";l.querySelector&&d.addEventListener&&\"undefined\"!=typeof URL&&(d.wp=d.wp||{},d.wp.receiveEmbedMessage||(d.wp.receiveEmbedMessage=function(e){var t=e.data;if((t||t.secret||t.message||t.value)&&!\/[^a-zA-Z0-9]\/.test(t.secret)){for(var s,r,n,a=l.querySelectorAll('iframe[data-secret=\"'+t.secret+'\"]'),o=l.querySelectorAll('blockquote[data-secret=\"'+t.secret+'\"]'),c=new RegExp(\"^https?:$\",\"i\"),i=0;i<o.length;i++)o[i].style.display=\"none\";for(i=0;i<a.length;i++)s=a[i],e.source===s.contentWindow&&(s.removeAttribute(\"style\"),\"height\"===t.message?(1e3<(r=parseInt(t.value,10))?r=1e3:~~r<200&&(r=200),s.height=r):\"link\"===t.message&&(r=new URL(s.getAttribute(\"src\")),n=new URL(t.value),c.test(n.protocol))&&n.host===r.host&&l.activeElement===s&&(d.top.location.href=t.value))}},d.addEventListener(\"message\",d.wp.receiveEmbedMessage,!1),l.addEventListener(\"DOMContentLoaded\",function(){for(var e,t,s=l.querySelectorAll(\"iframe.wp-embedded-content\"),r=0;r<s.length;r++)(t=(e=s[r]).getAttribute(\"data-secret\"))||(t=Math.random().toString(36).substring(2,12),e.src+=\"#?secret=\"+t,e.setAttribute(\"data-secret\",t)),e.contentWindow.postMessage({message:\"ready\",secret:t},\"*\")},!1)))}(window,document);\n\/\/# sourceURL=https:\/\/radioleinewelle.de\/wp-includes\/js\/wp-embed.min.js\n\/* ]]> *\/\n<\/script>\n","thumbnail_url":"https:\/\/radioleinewelle.de\/wp-content\/uploads\/2023\/04\/the-reichstag-building-berlin-g88c3ff37f_1280-e1682597515714.jpg","thumbnail_width":1000,"thumbnail_height":667,"description":"Das Vertrauen der Deutschen in die Demokratie ist trotz vielf\u00e4ltiger Krisen stabil. Das ergibt eine repr\u00e4sentative Studie der Friedrich-Ebert-Stiftung. Es gibt jedoch teils gro\u00dfe Unterschiede, je nach regionaler Herkunft, Bildung und sozialer Lage der Befragten. \u00a0Zufriedenheit mit der Demokratie steigt leicht trotz KrisenIm Vergleich zu einer vorangegangenen Studie von 2019 sind die Menschen heute sogar [&hellip;]"}

Das Vertrauen der Deutschen in die Demokratie ist trotz vielfältiger Krisen stabil. Das ergibt eine repräsentative Studie der Friedrich-Ebert-Stiftung. Es gibt jedoch teils große Unterschiede, je nach regionaler Herkunft, Bildung und sozialer Lage der Befragten.  Zufriedenheit mit der Demokratie steigt leicht trotz KrisenIm Vergleich zu einer vorangegangenen Studie von 2019 sind die Menschen heute sogar [&hellip;]
