{"version":"1.0","provider_name":"Radio Leinewelle","provider_url":"https:\/\/radioleinewelle.de","author_name":"Leinewelle","author_url":"https:\/\/radioleinewelle.de\/index.php\/author\/leinewelle\/","title":"News und Infos am 28.08. - Radio Leinewelle","type":"rich","width":600,"height":338,"html":"<blockquote class=\"wp-embedded-content\" data-secret=\"E845uIITNQ\"><a href=\"https:\/\/radioleinewelle.de\/index.php\/2023\/08\/28\/news-und-infos-am-28-08\/\">News und Infos am 28.08.<\/a><\/blockquote><iframe sandbox=\"allow-scripts\" security=\"restricted\" src=\"https:\/\/radioleinewelle.de\/index.php\/2023\/08\/28\/news-und-infos-am-28-08\/embed\/#?secret=E845uIITNQ\" width=\"600\" height=\"338\" title=\"&#8222;News und Infos am 28.08.&#8220; &#8211; Radio Leinewelle\" data-secret=\"E845uIITNQ\" frameborder=\"0\" marginwidth=\"0\" marginheight=\"0\" scrolling=\"no\" class=\"wp-embedded-content\"><\/iframe><script type=\"text\/javascript\">\n\/* <![CDATA[ *\/\n\/*! This file is auto-generated *\/\n!function(d,l){\"use strict\";l.querySelector&&d.addEventListener&&\"undefined\"!=typeof URL&&(d.wp=d.wp||{},d.wp.receiveEmbedMessage||(d.wp.receiveEmbedMessage=function(e){var t=e.data;if((t||t.secret||t.message||t.value)&&!\/[^a-zA-Z0-9]\/.test(t.secret)){for(var s,r,n,a=l.querySelectorAll('iframe[data-secret=\"'+t.secret+'\"]'),o=l.querySelectorAll('blockquote[data-secret=\"'+t.secret+'\"]'),c=new RegExp(\"^https?:$\",\"i\"),i=0;i<o.length;i++)o[i].style.display=\"none\";for(i=0;i<a.length;i++)s=a[i],e.source===s.contentWindow&&(s.removeAttribute(\"style\"),\"height\"===t.message?(1e3<(r=parseInt(t.value,10))?r=1e3:~~r<200&&(r=200),s.height=r):\"link\"===t.message&&(r=new URL(s.getAttribute(\"src\")),n=new URL(t.value),c.test(n.protocol))&&n.host===r.host&&l.activeElement===s&&(d.top.location.href=t.value))}},d.addEventListener(\"message\",d.wp.receiveEmbedMessage,!1),l.addEventListener(\"DOMContentLoaded\",function(){for(var e,t,s=l.querySelectorAll(\"iframe.wp-embedded-content\"),r=0;r<s.length;r++)(t=(e=s[r]).getAttribute(\"data-secret\"))||(t=Math.random().toString(36).substring(2,12),e.src+=\"#?secret=\"+t,e.setAttribute(\"data-secret\",t)),e.contentWindow.postMessage({message:\"ready\",secret:t},\"*\")},!1)))}(window,document);\n\/\/# sourceURL=https:\/\/radioleinewelle.de\/wp-includes\/js\/wp-embed.min.js\n\/* ]]> *\/\n<\/script>\n","thumbnail_url":"https:\/\/radioleinewelle.de\/wp-content\/uploads\/2023\/02\/Leinewelle-News-scaled.jpeg","thumbnail_width":2560,"thumbnail_height":2560,"description":"+++ Auf der Kreisstra\u00dfe 342 kam es zwischen den Ortschaften Barterode und Adelebsen (Landkreis G\u00f6ttingen) am Sonntagabend (27.08.23) gegen 21.44 Uhr zu einem schweren Verkehrsunfall, bei dem der Fahrer eines Jaguars t\u00f6dlich verletzt wurde. Ersten Ermittlungen zufolge befuhr ein 31 Jahre alter Mann aus dem Landkreis G\u00f6ttingen mit seinem Fahrzeug die K 342 in Fahrtrichtung [&hellip;]"}

+++ Auf der Kreisstraße 342 kam es zwischen den Ortschaften Barterode und Adelebsen (Landkreis Göttingen) am Sonntagabend (27.08.23) gegen 21.44 Uhr zu einem schweren Verkehrsunfall, bei dem der Fahrer eines Jaguars tödlich verletzt wurde. Ersten Ermittlungen zufolge befuhr ein 31 Jahre alter Mann aus dem Landkreis Göttingen mit seinem Fahrzeug die K 342 in Fahrtrichtung [&hellip;]
