{"version":"1.0","provider_name":"Radio Leinewelle","provider_url":"https:\/\/radioleinewelle.de","author_name":"Leinewelle","author_url":"https:\/\/radioleinewelle.de\/index.php\/author\/leinewelle\/","title":"Stolpersteinverlegung am 20. November - Radio Leinewelle","type":"rich","width":600,"height":338,"html":"<blockquote class=\"wp-embedded-content\" data-secret=\"UBfMAlz2ZN\"><a href=\"https:\/\/radioleinewelle.de\/index.php\/2023\/11\/19\/stolpersteinverlegung-am-20-november\/\">Stolpersteinverlegung am 20. November<\/a><\/blockquote><iframe sandbox=\"allow-scripts\" security=\"restricted\" src=\"https:\/\/radioleinewelle.de\/index.php\/2023\/11\/19\/stolpersteinverlegung-am-20-november\/embed\/#?secret=UBfMAlz2ZN\" width=\"600\" height=\"338\" title=\"&#8222;Stolpersteinverlegung am 20. November&#8220; &#8211; Radio Leinewelle\" data-secret=\"UBfMAlz2ZN\" frameborder=\"0\" marginwidth=\"0\" marginheight=\"0\" scrolling=\"no\" class=\"wp-embedded-content\"><\/iframe><script type=\"text\/javascript\">\n\/* <![CDATA[ *\/\n\/*! This file is auto-generated *\/\n!function(d,l){\"use strict\";l.querySelector&&d.addEventListener&&\"undefined\"!=typeof URL&&(d.wp=d.wp||{},d.wp.receiveEmbedMessage||(d.wp.receiveEmbedMessage=function(e){var t=e.data;if((t||t.secret||t.message||t.value)&&!\/[^a-zA-Z0-9]\/.test(t.secret)){for(var s,r,n,a=l.querySelectorAll('iframe[data-secret=\"'+t.secret+'\"]'),o=l.querySelectorAll('blockquote[data-secret=\"'+t.secret+'\"]'),c=new RegExp(\"^https?:$\",\"i\"),i=0;i<o.length;i++)o[i].style.display=\"none\";for(i=0;i<a.length;i++)s=a[i],e.source===s.contentWindow&&(s.removeAttribute(\"style\"),\"height\"===t.message?(1e3<(r=parseInt(t.value,10))?r=1e3:~~r<200&&(r=200),s.height=r):\"link\"===t.message&&(r=new URL(s.getAttribute(\"src\")),n=new URL(t.value),c.test(n.protocol))&&n.host===r.host&&l.activeElement===s&&(d.top.location.href=t.value))}},d.addEventListener(\"message\",d.wp.receiveEmbedMessage,!1),l.addEventListener(\"DOMContentLoaded\",function(){for(var e,t,s=l.querySelectorAll(\"iframe.wp-embedded-content\"),r=0;r<s.length;r++)(t=(e=s[r]).getAttribute(\"data-secret\"))||(t=Math.random().toString(36).substring(2,12),e.src+=\"#?secret=\"+t,e.setAttribute(\"data-secret\",t)),e.contentWindow.postMessage({message:\"ready\",secret:t},\"*\")},!1)))}(window,document);\n\/\/# sourceURL=https:\/\/radioleinewelle.de\/wp-includes\/js\/wp-embed.min.js\n\/* ]]> *\/\n<\/script>\n","thumbnail_url":"https:\/\/radioleinewelle.de\/wp-content\/uploads\/2023\/11\/memorial-837783_1280.jpg","thumbnail_width":1280,"thumbnail_height":850,"description":"Am Montag, 20. November 2023, werden zum achten Mal Stolpersteine in G\u00f6ttingen verlegt, um an j\u00fcdische Mitb\u00fcrger*innen zu erinnern, die Anfang des 20. Jahrhunderts in G\u00f6ttingen gelebt haben und durch die Nationalsozialisten zwischen 1933 und 1945 verfolgt, verhaftet, gefoltert und in vielen F\u00e4llen auch deportiert und ermordet worden sind.\u00a0\u00a0 Wie schon in den letzten Jahren, [&hellip;]"}

Am Montag, 20. November 2023, werden zum achten Mal Stolpersteine in Göttingen verlegt, um an jüdische Mitbürger*innen zu erinnern, die Anfang des 20. Jahrhunderts in Göttingen gelebt haben und durch die Nationalsozialisten zwischen 1933 und 1945 verfolgt, verhaftet, gefoltert und in vielen Fällen auch deportiert und ermordet worden sind.   Wie schon in den letzten Jahren, [&hellip;]
