{"version":"1.0","provider_name":"Radio Leinewelle","provider_url":"https:\/\/radioleinewelle.de","author_name":"Leinewelle","author_url":"https:\/\/radioleinewelle.de\/index.php\/author\/leinewelle\/","title":"Stadtf\u00fchrungen zur Geschichte der Juden in Seesen - Radio Leinewelle","type":"rich","width":600,"height":338,"html":"<blockquote class=\"wp-embedded-content\" data-secret=\"iSf8zJ91sE\"><a href=\"https:\/\/radioleinewelle.de\/index.php\/2023\/12\/08\/24669\/\">Stadtf\u00fchrungen zur Geschichte der Juden in Seesen<\/a><\/blockquote><iframe sandbox=\"allow-scripts\" security=\"restricted\" src=\"https:\/\/radioleinewelle.de\/index.php\/2023\/12\/08\/24669\/embed\/#?secret=iSf8zJ91sE\" width=\"600\" height=\"338\" title=\"&#8222;Stadtf\u00fchrungen zur Geschichte der Juden in Seesen&#8220; &#8211; Radio Leinewelle\" data-secret=\"iSf8zJ91sE\" frameborder=\"0\" marginwidth=\"0\" marginheight=\"0\" scrolling=\"no\" class=\"wp-embedded-content\"><\/iframe><script type=\"text\/javascript\">\n\/* <![CDATA[ *\/\n\/*! This file is auto-generated *\/\n!function(d,l){\"use strict\";l.querySelector&&d.addEventListener&&\"undefined\"!=typeof URL&&(d.wp=d.wp||{},d.wp.receiveEmbedMessage||(d.wp.receiveEmbedMessage=function(e){var t=e.data;if((t||t.secret||t.message||t.value)&&!\/[^a-zA-Z0-9]\/.test(t.secret)){for(var s,r,n,a=l.querySelectorAll('iframe[data-secret=\"'+t.secret+'\"]'),o=l.querySelectorAll('blockquote[data-secret=\"'+t.secret+'\"]'),c=new RegExp(\"^https?:$\",\"i\"),i=0;i<o.length;i++)o[i].style.display=\"none\";for(i=0;i<a.length;i++)s=a[i],e.source===s.contentWindow&&(s.removeAttribute(\"style\"),\"height\"===t.message?(1e3<(r=parseInt(t.value,10))?r=1e3:~~r<200&&(r=200),s.height=r):\"link\"===t.message&&(r=new URL(s.getAttribute(\"src\")),n=new URL(t.value),c.test(n.protocol))&&n.host===r.host&&l.activeElement===s&&(d.top.location.href=t.value))}},d.addEventListener(\"message\",d.wp.receiveEmbedMessage,!1),l.addEventListener(\"DOMContentLoaded\",function(){for(var e,t,s=l.querySelectorAll(\"iframe.wp-embedded-content\"),r=0;r<s.length;r++)(t=(e=s[r]).getAttribute(\"data-secret\"))||(t=Math.random().toString(36).substring(2,12),e.src+=\"#?secret=\"+t,e.setAttribute(\"data-secret\",t)),e.contentWindow.postMessage({message:\"ready\",secret:t},\"*\")},!1)))}(window,document);\n\/\/# sourceURL=https:\/\/radioleinewelle.de\/wp-includes\/js\/wp-embed.min.js\n\/* ]]> *\/\n<\/script>\n","thumbnail_url":"https:\/\/radioleinewelle.de\/wp-content\/uploads\/2023\/12\/juedischer-friedhof-pforte-e1702030155615.webp","thumbnail_width":1000,"thumbnail_height":750,"description":"Die Stadt Seesen hat in enger Zusammenarbeit mit dem Israel Jacobson Netzwerk e.V. ein in S\u00fcdniedersachsen einzigartiges kulturtouristisches Angebot geschaffen: Auf drei thematisch unterschiedlichen Stadtrundg\u00e4ngen k\u00f6nnen Besucherinnen und Besucher v\u00f6llig neue Einblicke in das einst so bl\u00fchende j\u00fcdische Leben in Seesen gewinnen und so den unbekanntesten unter den weltber\u00fchmten Orten mit j\u00fcdischer Geschichte entdecken. Wie [&hellip;]"}

Stadtführungen zur Geschichte der Juden in Seesen - Radio Leinewelle

<blockquote class="wp-embedded-content" data-secret="iSf8zJ91sE"><a href="https://radioleinewelle.de/index.php/2023/12/08/24669/">Stadtführungen zur Geschichte der Juden in Seesen</a></blockquote><iframe sandbox="allow-scripts" security="restricted" src="https://radioleinewelle.de/index.php/2023/12/08/24669/embed/#?secret=iSf8zJ91sE" width="600" height="338" title="&#8222;Stadtführungen zur Geschichte der Juden in Seesen&#8220; &#8211; Radio Leinewelle" data-secret="iSf8zJ91sE" frameborder="0" marginwidth="0" marginheight="0" scrolling="no" class="wp-embedded-content"></iframe><script type="text/javascript">
/* <![CDATA[ */
/*! This file is auto-generated */
!function(d,l){"use strict";l.querySelector&&d.addEventListener&&"undefined"!=typeof URL&&(d.wp=d.wp||{},d.wp.receiveEmbedMessage||(d.wp.receiveEmbedMessage=function(e){var t=e.data;if((t||t.secret||t.message||t.value)&&!/[^a-zA-Z0-9]/.test(t.secret)){for(var s,r,n,a=l.querySelectorAll('iframe[data-secret="'+t.secret+'"]'),o=l.querySelectorAll('blockquote[data-secret="'+t.secret+'"]'),c=new RegExp("^https?:$","i"),i=0;i<o.length;i++)o[i].style.display="none";for(i=0;i<a.length;i++)s=a[i],e.source===s.contentWindow&&(s.removeAttribute("style"),"height"===t.message?(1e3<(r=parseInt(t.value,10))?r=1e3:~~r<200&&(r=200),s.height=r):"link"===t.message&&(r=new URL(s.getAttribute("src")),n=new URL(t.value),c.test(n.protocol))&&n.host===r.host&&l.activeElement===s&&(d.top.location.href=t.value))}},d.addEventListener("message",d.wp.receiveEmbedMessage,!1),l.addEventListener("DOMContentLoaded",function(){for(var e,t,s=l.querySelectorAll("iframe.wp-embedded-content"),r=0;r<s.length;r++)(t=(e=s[r]).getAttribute("data-secret"))||(t=Math.random().toString(36).substring(2,12),e.src+="#?secret="+t,e.setAttribute("data-secret",t)),e.contentWindow.postMessage({message:"ready",secret:t},"*")},!1)))}(window,document);
//# sourceURL=https://radioleinewelle.de/wp-includes/js/wp-embed.min.js
/* ]]> */
</script>

Die Stadt Seesen hat in enger Zusammenarbeit mit dem Israel Jacobson Netzwerk e.V. ein in Südniedersachsen einzigartiges kulturtouristisches Angebot geschaffen: Auf drei thematisch unterschiedlichen Stadtrundgängen können Besucherinnen und Besucher völlig neue Einblicke in das einst so blühende jüdische Leben in Seesen gewinnen und so den unbekanntesten unter den weltberühmten Orten mit jüdischer Geschichte entdecken. Wie [&hellip;]
