{"version":"1.0","provider_name":"Radio Leinewelle","provider_url":"https:\/\/radioleinewelle.de","author_name":"Leinewelle","author_url":"https:\/\/radioleinewelle.de\/index.php\/author\/leinewelle\/","title":"Sendung zum Good Good Festival - Radio Leinewelle","type":"rich","width":600,"height":338,"html":"<blockquote class=\"wp-embedded-content\" data-secret=\"nDrOkRRHeA\"><a href=\"https:\/\/radioleinewelle.de\/index.php\/2024\/05\/08\/heute-abend-auf-radio-leinewelle-3\/\">Sendung zum Good Good Festival<\/a><\/blockquote><iframe sandbox=\"allow-scripts\" security=\"restricted\" src=\"https:\/\/radioleinewelle.de\/index.php\/2024\/05\/08\/heute-abend-auf-radio-leinewelle-3\/embed\/#?secret=nDrOkRRHeA\" width=\"600\" height=\"338\" title=\"&#8222;Sendung zum Good Good Festival&#8220; &#8211; Radio Leinewelle\" data-secret=\"nDrOkRRHeA\" frameborder=\"0\" marginwidth=\"0\" marginheight=\"0\" scrolling=\"no\" class=\"wp-embedded-content\"><\/iframe><script type=\"text\/javascript\">\n\/* <![CDATA[ *\/\n\/*! This file is auto-generated *\/\n!function(d,l){\"use strict\";l.querySelector&&d.addEventListener&&\"undefined\"!=typeof URL&&(d.wp=d.wp||{},d.wp.receiveEmbedMessage||(d.wp.receiveEmbedMessage=function(e){var t=e.data;if((t||t.secret||t.message||t.value)&&!\/[^a-zA-Z0-9]\/.test(t.secret)){for(var s,r,n,a=l.querySelectorAll('iframe[data-secret=\"'+t.secret+'\"]'),o=l.querySelectorAll('blockquote[data-secret=\"'+t.secret+'\"]'),c=new RegExp(\"^https?:$\",\"i\"),i=0;i<o.length;i++)o[i].style.display=\"none\";for(i=0;i<a.length;i++)s=a[i],e.source===s.contentWindow&&(s.removeAttribute(\"style\"),\"height\"===t.message?(1e3<(r=parseInt(t.value,10))?r=1e3:~~r<200&&(r=200),s.height=r):\"link\"===t.message&&(r=new URL(s.getAttribute(\"src\")),n=new URL(t.value),c.test(n.protocol))&&n.host===r.host&&l.activeElement===s&&(d.top.location.href=t.value))}},d.addEventListener(\"message\",d.wp.receiveEmbedMessage,!1),l.addEventListener(\"DOMContentLoaded\",function(){for(var e,t,s=l.querySelectorAll(\"iframe.wp-embedded-content\"),r=0;r<s.length;r++)(t=(e=s[r]).getAttribute(\"data-secret\"))||(t=Math.random().toString(36).substring(2,12),e.src+=\"#?secret=\"+t,e.setAttribute(\"data-secret\",t)),e.contentWindow.postMessage({message:\"ready\",secret:t},\"*\")},!1)))}(window,document);\n\/\/# sourceURL=https:\/\/radioleinewelle.de\/wp-includes\/js\/wp-embed.min.js\n\/* ]]> *\/\n<\/script>\n","thumbnail_url":"https:\/\/radioleinewelle.de\/wp-content\/uploads\/2024\/05\/Hinter-den-Spiegeln-08-05-24.jpg","thumbnail_width":564,"thumbnail_height":565,"description":"Heute Abend gibt es eine Sendung \u00fcber das geplante Festival afrikanischer Musik in G\u00f6ttingen. In &#8222;Hinter den Spiegeln&#8220; l\u00e4dt dich Stefan Glitsch zu einer musikalischen Reise jenseits des allt\u00e4glichen Radiomainstreams. Schlie\u00df die Augen, lass dich fallen, \u00f6ffne deinen Geist. Diesmal gibt es zwei Stunden Musik von Bands, die im Juni aus aller Welt zum Good [&hellip;]"}

Heute Abend gibt es eine Sendung über das geplante Festival afrikanischer Musik in Göttingen. In &#8222;Hinter den Spiegeln&#8220; lädt dich Stefan Glitsch zu einer musikalischen Reise jenseits des alltäglichen Radiomainstreams. Schließ die Augen, lass dich fallen, öffne deinen Geist. Diesmal gibt es zwei Stunden Musik von Bands, die im Juni aus aller Welt zum Good [&hellip;]
