{"version":"1.0","provider_name":"Radio Leinewelle","provider_url":"https:\/\/radioleinewelle.de","author_name":"Leinewelle","author_url":"https:\/\/radioleinewelle.de\/index.php\/author\/leinewelle\/","title":"Grone: Diskussionsveranstaltung zum Radentscheid - Radio Leinewelle","type":"rich","width":600,"height":338,"html":"<blockquote class=\"wp-embedded-content\" data-secret=\"pNKPRptVIk\"><a href=\"https:\/\/radioleinewelle.de\/index.php\/2024\/05\/23\/diskussionsveranstaltung-zum-radentscheid-in-grone\/\">Grone: Diskussionsveranstaltung zum Radentscheid<\/a><\/blockquote><iframe sandbox=\"allow-scripts\" security=\"restricted\" src=\"https:\/\/radioleinewelle.de\/index.php\/2024\/05\/23\/diskussionsveranstaltung-zum-radentscheid-in-grone\/embed\/#?secret=pNKPRptVIk\" width=\"600\" height=\"338\" title=\"&#8222;Grone: Diskussionsveranstaltung zum Radentscheid&#8220; &#8211; Radio Leinewelle\" data-secret=\"pNKPRptVIk\" frameborder=\"0\" marginwidth=\"0\" marginheight=\"0\" scrolling=\"no\" class=\"wp-embedded-content\"><\/iframe><script type=\"text\/javascript\">\n\/* <![CDATA[ *\/\n\/*! This file is auto-generated *\/\n!function(d,l){\"use strict\";l.querySelector&&d.addEventListener&&\"undefined\"!=typeof URL&&(d.wp=d.wp||{},d.wp.receiveEmbedMessage||(d.wp.receiveEmbedMessage=function(e){var t=e.data;if((t||t.secret||t.message||t.value)&&!\/[^a-zA-Z0-9]\/.test(t.secret)){for(var s,r,n,a=l.querySelectorAll('iframe[data-secret=\"'+t.secret+'\"]'),o=l.querySelectorAll('blockquote[data-secret=\"'+t.secret+'\"]'),c=new RegExp(\"^https?:$\",\"i\"),i=0;i<o.length;i++)o[i].style.display=\"none\";for(i=0;i<a.length;i++)s=a[i],e.source===s.contentWindow&&(s.removeAttribute(\"style\"),\"height\"===t.message?(1e3<(r=parseInt(t.value,10))?r=1e3:~~r<200&&(r=200),s.height=r):\"link\"===t.message&&(r=new URL(s.getAttribute(\"src\")),n=new URL(t.value),c.test(n.protocol))&&n.host===r.host&&l.activeElement===s&&(d.top.location.href=t.value))}},d.addEventListener(\"message\",d.wp.receiveEmbedMessage,!1),l.addEventListener(\"DOMContentLoaded\",function(){for(var e,t,s=l.querySelectorAll(\"iframe.wp-embedded-content\"),r=0;r<s.length;r++)(t=(e=s[r]).getAttribute(\"data-secret\"))||(t=Math.random().toString(36).substring(2,12),e.src+=\"#?secret=\"+t,e.setAttribute(\"data-secret\",t)),e.contentWindow.postMessage({message:\"ready\",secret:t},\"*\")},!1)))}(window,document);\n\/\/# sourceURL=https:\/\/radioleinewelle.de\/wp-includes\/js\/wp-embed.min.js\n\/* ]]> *\/\n<\/script>\n","thumbnail_url":"https:\/\/radioleinewelle.de\/wp-content\/uploads\/2024\/05\/Einladung-zum-Gedankenaustausch.jpg","thumbnail_width":1080,"thumbnail_height":1080,"description":"Die Initiative f\u00fcr die beiden G\u00f6ttinger Radentscheide, die am 09.06. am Europawahltag ebenfalls zum B\u00fcrgerentscheid anstehen, haben in den letzten Wochen zu vielfachen Diskussionen in der Stadt G\u00f6ttingen gef\u00fchrt. In der Einladung von G\u00f6ttingen Zero zur Veranstaltung hei\u00dft es u.a: &#8222;In der vergangenen Woche ist klar geworden, dass im Bereich des G\u00f6ttinger Vereinssports die Folgen [&hellip;]"}

Die Initiative für die beiden Göttinger Radentscheide, die am 09.06. am Europawahltag ebenfalls zum Bürgerentscheid anstehen, haben in den letzten Wochen zu vielfachen Diskussionen in der Stadt Göttingen geführt. In der Einladung von Göttingen Zero zur Veranstaltung heißt es u.a: &#8222;In der vergangenen Woche ist klar geworden, dass im Bereich des Göttinger Vereinssports die Folgen [&hellip;]
