{"version":"1.0","provider_name":"Radio Leinewelle","provider_url":"https:\/\/radioleinewelle.de","author_name":"Leinewelle","author_url":"https:\/\/radioleinewelle.de\/index.php\/author\/leinewelle\/","title":"Nachrichten und Infos am 16.08. - Radio Leinewelle","type":"rich","width":600,"height":338,"html":"<blockquote class=\"wp-embedded-content\" data-secret=\"vW02ZzaKfp\"><a href=\"https:\/\/radioleinewelle.de\/index.php\/2024\/08\/16\/nachrichten-und-infos-am-16-08\/\">Nachrichten und Infos am 16.08.<\/a><\/blockquote><iframe sandbox=\"allow-scripts\" security=\"restricted\" src=\"https:\/\/radioleinewelle.de\/index.php\/2024\/08\/16\/nachrichten-und-infos-am-16-08\/embed\/#?secret=vW02ZzaKfp\" width=\"600\" height=\"338\" title=\"&#8222;Nachrichten und Infos am 16.08.&#8220; &#8211; Radio Leinewelle\" data-secret=\"vW02ZzaKfp\" frameborder=\"0\" marginwidth=\"0\" marginheight=\"0\" scrolling=\"no\" class=\"wp-embedded-content\"><\/iframe><script type=\"text\/javascript\">\n\/* <![CDATA[ *\/\n\/*! This file is auto-generated *\/\n!function(d,l){\"use strict\";l.querySelector&&d.addEventListener&&\"undefined\"!=typeof URL&&(d.wp=d.wp||{},d.wp.receiveEmbedMessage||(d.wp.receiveEmbedMessage=function(e){var t=e.data;if((t||t.secret||t.message||t.value)&&!\/[^a-zA-Z0-9]\/.test(t.secret)){for(var s,r,n,a=l.querySelectorAll('iframe[data-secret=\"'+t.secret+'\"]'),o=l.querySelectorAll('blockquote[data-secret=\"'+t.secret+'\"]'),c=new RegExp(\"^https?:$\",\"i\"),i=0;i<o.length;i++)o[i].style.display=\"none\";for(i=0;i<a.length;i++)s=a[i],e.source===s.contentWindow&&(s.removeAttribute(\"style\"),\"height\"===t.message?(1e3<(r=parseInt(t.value,10))?r=1e3:~~r<200&&(r=200),s.height=r):\"link\"===t.message&&(r=new URL(s.getAttribute(\"src\")),n=new URL(t.value),c.test(n.protocol))&&n.host===r.host&&l.activeElement===s&&(d.top.location.href=t.value))}},d.addEventListener(\"message\",d.wp.receiveEmbedMessage,!1),l.addEventListener(\"DOMContentLoaded\",function(){for(var e,t,s=l.querySelectorAll(\"iframe.wp-embedded-content\"),r=0;r<s.length;r++)(t=(e=s[r]).getAttribute(\"data-secret\"))||(t=Math.random().toString(36).substring(2,12),e.src+=\"#?secret=\"+t,e.setAttribute(\"data-secret\",t)),e.contentWindow.postMessage({message:\"ready\",secret:t},\"*\")},!1)))}(window,document);\n\/\/# sourceURL=https:\/\/radioleinewelle.de\/wp-includes\/js\/wp-embed.min.js\n\/* ]]> *\/\n<\/script>\n","thumbnail_url":"https:\/\/radioleinewelle.de\/wp-content\/uploads\/2023\/11\/Leinewelle-News-scaled-1.jpeg","thumbnail_width":2560,"thumbnail_height":2560,"description":"Nachrichten +++ Die S\u00fcdniedersachsenStiftung feierte am 13. August ihr 20-j\u00e4hriges Bestehen in der Stadthalle Northeim. Ministerpr\u00e4sident Stephan Weil hielt vor rund 220 G\u00e4sten aus Politik, Wirtschaft, Wissenschaft und Bildung die Festrede, in der er die besondere Rolle der S\u00fcdniedersachsenStiftung als Vordenker und verbindendes Element f\u00fcr die Region betonte. Im Rahmen des Festaktes beleuchtete eine von [&hellip;]"}

Nachrichten +++ Die SüdniedersachsenStiftung feierte am 13. August ihr 20-jähriges Bestehen in der Stadthalle Northeim. Ministerpräsident Stephan Weil hielt vor rund 220 Gästen aus Politik, Wirtschaft, Wissenschaft und Bildung die Festrede, in der er die besondere Rolle der SüdniedersachsenStiftung als Vordenker und verbindendes Element für die Region betonte. Im Rahmen des Festaktes beleuchtete eine von [&hellip;]
