{"version":"1.0","provider_name":"Radio Leinewelle","provider_url":"https:\/\/radioleinewelle.de","author_name":"Leinewelle","author_url":"https:\/\/radioleinewelle.de\/index.php\/author\/leinewelle\/","title":"Filmb\u00fcro G\u00f6ttingen zeigt Heinz Ehrhardt Kultfilm - Radio Leinewelle","type":"rich","width":600,"height":338,"html":"<blockquote class=\"wp-embedded-content\" data-secret=\"Vofd92TeM9\"><a href=\"https:\/\/radioleinewelle.de\/index.php\/2024\/08\/19\/filmbuero-goettingen-zeigt-heinz-ehrhardt-kultfilm\/\">Filmb\u00fcro G\u00f6ttingen zeigt Heinz Ehrhardt Kultfilm<\/a><\/blockquote><iframe sandbox=\"allow-scripts\" security=\"restricted\" src=\"https:\/\/radioleinewelle.de\/index.php\/2024\/08\/19\/filmbuero-goettingen-zeigt-heinz-ehrhardt-kultfilm\/embed\/#?secret=Vofd92TeM9\" width=\"600\" height=\"338\" title=\"&#8222;Filmb\u00fcro G\u00f6ttingen zeigt Heinz Ehrhardt Kultfilm&#8220; &#8211; Radio Leinewelle\" data-secret=\"Vofd92TeM9\" frameborder=\"0\" marginwidth=\"0\" marginheight=\"0\" scrolling=\"no\" class=\"wp-embedded-content\"><\/iframe><script type=\"text\/javascript\">\n\/* <![CDATA[ *\/\n\/*! This file is auto-generated *\/\n!function(d,l){\"use strict\";l.querySelector&&d.addEventListener&&\"undefined\"!=typeof URL&&(d.wp=d.wp||{},d.wp.receiveEmbedMessage||(d.wp.receiveEmbedMessage=function(e){var t=e.data;if((t||t.secret||t.message||t.value)&&!\/[^a-zA-Z0-9]\/.test(t.secret)){for(var s,r,n,a=l.querySelectorAll('iframe[data-secret=\"'+t.secret+'\"]'),o=l.querySelectorAll('blockquote[data-secret=\"'+t.secret+'\"]'),c=new RegExp(\"^https?:$\",\"i\"),i=0;i<o.length;i++)o[i].style.display=\"none\";for(i=0;i<a.length;i++)s=a[i],e.source===s.contentWindow&&(s.removeAttribute(\"style\"),\"height\"===t.message?(1e3<(r=parseInt(t.value,10))?r=1e3:~~r<200&&(r=200),s.height=r):\"link\"===t.message&&(r=new URL(s.getAttribute(\"src\")),n=new URL(t.value),c.test(n.protocol))&&n.host===r.host&&l.activeElement===s&&(d.top.location.href=t.value))}},d.addEventListener(\"message\",d.wp.receiveEmbedMessage,!1),l.addEventListener(\"DOMContentLoaded\",function(){for(var e,t,s=l.querySelectorAll(\"iframe.wp-embedded-content\"),r=0;r<s.length;r++)(t=(e=s[r]).getAttribute(\"data-secret\"))||(t=Math.random().toString(36).substring(2,12),e.src+=\"#?secret=\"+t,e.setAttribute(\"data-secret\",t)),e.contentWindow.postMessage({message:\"ready\",secret:t},\"*\")},!1)))}(window,document);\n\/\/# sourceURL=https:\/\/radioleinewelle.de\/wp-includes\/js\/wp-embed.min.js\n\/* ]]> *\/\n<\/script>\n","thumbnail_url":"https:\/\/radioleinewelle.de\/wp-content\/uploads\/2024\/08\/Abb.-6-Naturlich-die-Autofahrer-1959-\u00a9-Slg.-Stefan-Helfrich.jpg","thumbnail_width":2000,"thumbnail_height":1397,"description":"Als Abschluss des Jubil\u00e4umsjahrs \u201e75 Jahre Filmstadt G\u00f6ttingen\u201c zeigt das Filmb\u00fcro G\u00f6ttingen am 20. August im CinemaxX die Erhardtsche Kultkom\u00f6die \u201eNat\u00fcrlich die Autofahrer\u201c (gleichzeitig 65 Jahre Urauff\u00fchrung des Films und f\u00fcnfj\u00e4hriges Bestehen des Filmb\u00fcros G\u00f6ttingen). Der Vorverkauf hat bereits begonnen. Karten gibt\u2019s direkt an der Kinokasse oder online unter: www.cinemaxx.deDie HandlungPolizeihauptwachtmeister Eberhard Dobermann ist ein [&hellip;]"}

Filmbüro Göttingen zeigt Heinz Ehrhardt Kultfilm - Radio Leinewelle

<blockquote class="wp-embedded-content" data-secret="Vofd92TeM9"><a href="https://radioleinewelle.de/index.php/2024/08/19/filmbuero-goettingen-zeigt-heinz-ehrhardt-kultfilm/">Filmbüro Göttingen zeigt Heinz Ehrhardt Kultfilm</a></blockquote><iframe sandbox="allow-scripts" security="restricted" src="https://radioleinewelle.de/index.php/2024/08/19/filmbuero-goettingen-zeigt-heinz-ehrhardt-kultfilm/embed/#?secret=Vofd92TeM9" width="600" height="338" title="&#8222;Filmbüro Göttingen zeigt Heinz Ehrhardt Kultfilm&#8220; &#8211; Radio Leinewelle" data-secret="Vofd92TeM9" frameborder="0" marginwidth="0" marginheight="0" scrolling="no" class="wp-embedded-content"></iframe><script type="text/javascript">
/* <![CDATA[ */
/*! This file is auto-generated */
!function(d,l){"use strict";l.querySelector&&d.addEventListener&&"undefined"!=typeof URL&&(d.wp=d.wp||{},d.wp.receiveEmbedMessage||(d.wp.receiveEmbedMessage=function(e){var t=e.data;if((t||t.secret||t.message||t.value)&&!/[^a-zA-Z0-9]/.test(t.secret)){for(var s,r,n,a=l.querySelectorAll('iframe[data-secret="'+t.secret+'"]'),o=l.querySelectorAll('blockquote[data-secret="'+t.secret+'"]'),c=new RegExp("^https?:$","i"),i=0;i<o.length;i++)o[i].style.display="none";for(i=0;i<a.length;i++)s=a[i],e.source===s.contentWindow&&(s.removeAttribute("style"),"height"===t.message?(1e3<(r=parseInt(t.value,10))?r=1e3:~~r<200&&(r=200),s.height=r):"link"===t.message&&(r=new URL(s.getAttribute("src")),n=new URL(t.value),c.test(n.protocol))&&n.host===r.host&&l.activeElement===s&&(d.top.location.href=t.value))}},d.addEventListener("message",d.wp.receiveEmbedMessage,!1),l.addEventListener("DOMContentLoaded",function(){for(var e,t,s=l.querySelectorAll("iframe.wp-embedded-content"),r=0;r<s.length;r++)(t=(e=s[r]).getAttribute("data-secret"))||(t=Math.random().toString(36).substring(2,12),e.src+="#?secret="+t,e.setAttribute("data-secret",t)),e.contentWindow.postMessage({message:"ready",secret:t},"*")},!1)))}(window,document);
//# sourceURL=https://radioleinewelle.de/wp-includes/js/wp-embed.min.js
/* ]]> */
</script>

Als Abschluss des Jubiläumsjahrs „75 Jahre Filmstadt Göttingen“ zeigt das Filmbüro Göttingen am 20. August im CinemaxX die Erhardtsche Kultkomödie „Natürlich die Autofahrer“ (gleichzeitig 65 Jahre Uraufführung des Films und fünfjähriges Bestehen des Filmbüros Göttingen). Der Vorverkauf hat bereits begonnen. Karten gibt’s direkt an der Kinokasse oder online unter: www.cinemaxx.deDie HandlungPolizeihauptwachtmeister Eberhard Dobermann ist ein [&hellip;]
