{"version":"1.0","provider_name":"Radio Leinewelle","provider_url":"https:\/\/radioleinewelle.de","author_name":"Leinewelle","author_url":"https:\/\/radioleinewelle.de\/index.php\/author\/leinewelle\/","title":"Bild der Woche und neue Podcastfolge Fotografie von Andreas Blomeyer - Radio Leinewelle","type":"rich","width":600,"height":338,"html":"<blockquote class=\"wp-embedded-content\" data-secret=\"DZIo3pYDab\"><a href=\"https:\/\/radioleinewelle.de\/index.php\/2024\/09\/04\/bild-der-woche-von-andreas-blomeyer\/\">Bild der Woche und neue Podcastfolge Fotografie von Andreas Blomeyer<\/a><\/blockquote><iframe sandbox=\"allow-scripts\" security=\"restricted\" src=\"https:\/\/radioleinewelle.de\/index.php\/2024\/09\/04\/bild-der-woche-von-andreas-blomeyer\/embed\/#?secret=DZIo3pYDab\" width=\"600\" height=\"338\" title=\"&#8222;Bild der Woche und neue Podcastfolge Fotografie von Andreas Blomeyer&#8220; &#8211; Radio Leinewelle\" data-secret=\"DZIo3pYDab\" frameborder=\"0\" marginwidth=\"0\" marginheight=\"0\" scrolling=\"no\" class=\"wp-embedded-content\"><\/iframe><script type=\"text\/javascript\">\n\/* <![CDATA[ *\/\n\/*! This file is auto-generated *\/\n!function(d,l){\"use strict\";l.querySelector&&d.addEventListener&&\"undefined\"!=typeof URL&&(d.wp=d.wp||{},d.wp.receiveEmbedMessage||(d.wp.receiveEmbedMessage=function(e){var t=e.data;if((t||t.secret||t.message||t.value)&&!\/[^a-zA-Z0-9]\/.test(t.secret)){for(var s,r,n,a=l.querySelectorAll('iframe[data-secret=\"'+t.secret+'\"]'),o=l.querySelectorAll('blockquote[data-secret=\"'+t.secret+'\"]'),c=new RegExp(\"^https?:$\",\"i\"),i=0;i<o.length;i++)o[i].style.display=\"none\";for(i=0;i<a.length;i++)s=a[i],e.source===s.contentWindow&&(s.removeAttribute(\"style\"),\"height\"===t.message?(1e3<(r=parseInt(t.value,10))?r=1e3:~~r<200&&(r=200),s.height=r):\"link\"===t.message&&(r=new URL(s.getAttribute(\"src\")),n=new URL(t.value),c.test(n.protocol))&&n.host===r.host&&l.activeElement===s&&(d.top.location.href=t.value))}},d.addEventListener(\"message\",d.wp.receiveEmbedMessage,!1),l.addEventListener(\"DOMContentLoaded\",function(){for(var e,t,s=l.querySelectorAll(\"iframe.wp-embedded-content\"),r=0;r<s.length;r++)(t=(e=s[r]).getAttribute(\"data-secret\"))||(t=Math.random().toString(36).substring(2,12),e.src+=\"#?secret=\"+t,e.setAttribute(\"data-secret\",t)),e.contentWindow.postMessage({message:\"ready\",secret:t},\"*\")},!1)))}(window,document);\n\/\/# sourceURL=https:\/\/radioleinewelle.de\/wp-includes\/js\/wp-embed.min.js\n\/* ]]> *\/\n<\/script>\n","thumbnail_url":"https:\/\/radioleinewelle.de\/wp-content\/uploads\/2024\/07\/Goettingen-in-schwarzweiss-von-Andreas-Blomeyer.jpg","thumbnail_width":1460,"thumbnail_height":975,"description":"Ab sofort zeigt Radio Leinewelle regelm\u00e4\u00dfig Bilder aus der Region. Ungewohnte Perspektiven und Fotos abseits des Alltags und der Aktualit\u00e4t. Das Aktuelle k\u00f6nnen die professionellen Bildjournalisten besser. Wir stellen auch die Fotografen hinter dem Bild vor. Das heutige Foto stammt von dem G\u00f6ttinger Andreas Blomeyer. Viele seiner Bilder werden in den n\u00e4chsten Wochen hier zu [&hellip;]"}

Ab sofort zeigt Radio Leinewelle regelmäßig Bilder aus der Region. Ungewohnte Perspektiven und Fotos abseits des Alltags und der Aktualität. Das Aktuelle können die professionellen Bildjournalisten besser. Wir stellen auch die Fotografen hinter dem Bild vor. Das heutige Foto stammt von dem Göttinger Andreas Blomeyer. Viele seiner Bilder werden in den nächsten Wochen hier zu [&hellip;]
