{"version":"1.0","provider_name":"Radio Leinewelle","provider_url":"https:\/\/radioleinewelle.de","author_name":"Leinewelle","author_url":"https:\/\/radioleinewelle.de\/index.php\/author\/leinewelle\/","title":"Vorverkauf f\u00fcr 22. KUNST Gala beginnt - Radio Leinewelle","type":"rich","width":600,"height":338,"html":"<blockquote class=\"wp-embedded-content\" data-secret=\"luxiRHw2so\"><a href=\"https:\/\/radioleinewelle.de\/index.php\/2024\/12\/09\/vorverkauf-fuer-22-kunst-gala-beginnt\/\">Vorverkauf f\u00fcr 22. KUNST Gala beginnt<\/a><\/blockquote><iframe sandbox=\"allow-scripts\" security=\"restricted\" src=\"https:\/\/radioleinewelle.de\/index.php\/2024\/12\/09\/vorverkauf-fuer-22-kunst-gala-beginnt\/embed\/#?secret=luxiRHw2so\" width=\"600\" height=\"338\" title=\"&#8222;Vorverkauf f\u00fcr 22. KUNST Gala beginnt&#8220; &#8211; Radio Leinewelle\" data-secret=\"luxiRHw2so\" frameborder=\"0\" marginwidth=\"0\" marginheight=\"0\" scrolling=\"no\" class=\"wp-embedded-content\"><\/iframe><script type=\"text\/javascript\">\n\/* <![CDATA[ *\/\n\/*! This file is auto-generated *\/\n!function(d,l){\"use strict\";l.querySelector&&d.addEventListener&&\"undefined\"!=typeof URL&&(d.wp=d.wp||{},d.wp.receiveEmbedMessage||(d.wp.receiveEmbedMessage=function(e){var t=e.data;if((t||t.secret||t.message||t.value)&&!\/[^a-zA-Z0-9]\/.test(t.secret)){for(var s,r,n,a=l.querySelectorAll('iframe[data-secret=\"'+t.secret+'\"]'),o=l.querySelectorAll('blockquote[data-secret=\"'+t.secret+'\"]'),c=new RegExp(\"^https?:$\",\"i\"),i=0;i<o.length;i++)o[i].style.display=\"none\";for(i=0;i<a.length;i++)s=a[i],e.source===s.contentWindow&&(s.removeAttribute(\"style\"),\"height\"===t.message?(1e3<(r=parseInt(t.value,10))?r=1e3:~~r<200&&(r=200),s.height=r):\"link\"===t.message&&(r=new URL(s.getAttribute(\"src\")),n=new URL(t.value),c.test(n.protocol))&&n.host===r.host&&l.activeElement===s&&(d.top.location.href=t.value))}},d.addEventListener(\"message\",d.wp.receiveEmbedMessage,!1),l.addEventListener(\"DOMContentLoaded\",function(){for(var e,t,s=l.querySelectorAll(\"iframe.wp-embedded-content\"),r=0;r<s.length;r++)(t=(e=s[r]).getAttribute(\"data-secret\"))||(t=Math.random().toString(36).substring(2,12),e.src+=\"#?secret=\"+t,e.setAttribute(\"data-secret\",t)),e.contentWindow.postMessage({message:\"ready\",secret:t},\"*\")},!1)))}(window,document);\n\/\/# sourceURL=https:\/\/radioleinewelle.de\/wp-includes\/js\/wp-embed.min.js\n\/* ]]> *\/\n<\/script>\n","thumbnail_url":"https:\/\/radioleinewelle.de\/wp-content\/uploads\/2024\/12\/KAZ-Akrokids-Foto-Maria-Kaiser.jpg","thumbnail_width":2048,"thumbnail_height":1323,"description":"Die 22. KUNST-Gala des Vereins Kultur Unterst\u00fctzt STadt (KUNST) findet am 9.2.25 ab 18 Uhr in der Stadthalle G\u00f6ttingen statt. Bei dieser Kulturveranstaltung in der Region treten fast 140 K\u00fcnstlerInnen aus vielen G\u00f6ttinger Kultur-Einrichtungen wie dem Deutsche Theater G\u00f6ttingen, dem G\u00f6ttinger Symphonie Orchester, den Internationalen H\u00e4ndel-Festspielen, dem G\u00f6ttinger Knabenchor, dem Boat People Projekt, der Theaterwerkstatt [&hellip;]"}

Vorverkauf für 22. KUNST Gala beginnt - Radio Leinewelle

<blockquote class="wp-embedded-content" data-secret="luxiRHw2so"><a href="https://radioleinewelle.de/index.php/2024/12/09/vorverkauf-fuer-22-kunst-gala-beginnt/">Vorverkauf für 22. KUNST Gala beginnt</a></blockquote><iframe sandbox="allow-scripts" security="restricted" src="https://radioleinewelle.de/index.php/2024/12/09/vorverkauf-fuer-22-kunst-gala-beginnt/embed/#?secret=luxiRHw2so" width="600" height="338" title="&#8222;Vorverkauf für 22. KUNST Gala beginnt&#8220; &#8211; Radio Leinewelle" data-secret="luxiRHw2so" frameborder="0" marginwidth="0" marginheight="0" scrolling="no" class="wp-embedded-content"></iframe><script type="text/javascript">
/* <![CDATA[ */
/*! This file is auto-generated */
!function(d,l){"use strict";l.querySelector&&d.addEventListener&&"undefined"!=typeof URL&&(d.wp=d.wp||{},d.wp.receiveEmbedMessage||(d.wp.receiveEmbedMessage=function(e){var t=e.data;if((t||t.secret||t.message||t.value)&&!/[^a-zA-Z0-9]/.test(t.secret)){for(var s,r,n,a=l.querySelectorAll('iframe[data-secret="'+t.secret+'"]'),o=l.querySelectorAll('blockquote[data-secret="'+t.secret+'"]'),c=new RegExp("^https?:$","i"),i=0;i<o.length;i++)o[i].style.display="none";for(i=0;i<a.length;i++)s=a[i],e.source===s.contentWindow&&(s.removeAttribute("style"),"height"===t.message?(1e3<(r=parseInt(t.value,10))?r=1e3:~~r<200&&(r=200),s.height=r):"link"===t.message&&(r=new URL(s.getAttribute("src")),n=new URL(t.value),c.test(n.protocol))&&n.host===r.host&&l.activeElement===s&&(d.top.location.href=t.value))}},d.addEventListener("message",d.wp.receiveEmbedMessage,!1),l.addEventListener("DOMContentLoaded",function(){for(var e,t,s=l.querySelectorAll("iframe.wp-embedded-content"),r=0;r<s.length;r++)(t=(e=s[r]).getAttribute("data-secret"))||(t=Math.random().toString(36).substring(2,12),e.src+="#?secret="+t,e.setAttribute("data-secret",t)),e.contentWindow.postMessage({message:"ready",secret:t},"*")},!1)))}(window,document);
//# sourceURL=https://radioleinewelle.de/wp-includes/js/wp-embed.min.js
/* ]]> */
</script>

Die 22. KUNST-Gala des Vereins Kultur Unterstützt STadt (KUNST) findet am 9.2.25 ab 18 Uhr in der Stadthalle Göttingen statt. Bei dieser Kulturveranstaltung in der Region treten fast 140 KünstlerInnen aus vielen Göttinger Kultur-Einrichtungen wie dem Deutsche Theater Göttingen, dem Göttinger Symphonie Orchester, den Internationalen Händel-Festspielen, dem Göttinger Knabenchor, dem Boat People Projekt, der Theaterwerkstatt [&hellip;]
