{"version":"1.0","provider_name":"Radio Leinewelle","provider_url":"https:\/\/radioleinewelle.de","author_name":"Leinewelle","author_url":"https:\/\/radioleinewelle.de\/index.php\/author\/leinewelle\/","title":"Nutzung der ehemaligen JVA weiter ungewiss - Radio Leinewelle","type":"rich","width":600,"height":338,"html":"<blockquote class=\"wp-embedded-content\" data-secret=\"U3YEik30QK\"><a href=\"https:\/\/radioleinewelle.de\/index.php\/2025\/05\/22\/nutzung-der-ehemaligen-jva-weiter-ungewiss\/\">Nutzung der ehemaligen JVA weiter ungewiss<\/a><\/blockquote><iframe sandbox=\"allow-scripts\" security=\"restricted\" src=\"https:\/\/radioleinewelle.de\/index.php\/2025\/05\/22\/nutzung-der-ehemaligen-jva-weiter-ungewiss\/embed\/#?secret=U3YEik30QK\" width=\"600\" height=\"338\" title=\"&#8222;Nutzung der ehemaligen JVA weiter ungewiss&#8220; &#8211; Radio Leinewelle\" data-secret=\"U3YEik30QK\" frameborder=\"0\" marginwidth=\"0\" marginheight=\"0\" scrolling=\"no\" class=\"wp-embedded-content\"><\/iframe><script type=\"text\/javascript\">\n\/* <![CDATA[ *\/\n\/*! This file is auto-generated *\/\n!function(d,l){\"use strict\";l.querySelector&&d.addEventListener&&\"undefined\"!=typeof URL&&(d.wp=d.wp||{},d.wp.receiveEmbedMessage||(d.wp.receiveEmbedMessage=function(e){var t=e.data;if((t||t.secret||t.message||t.value)&&!\/[^a-zA-Z0-9]\/.test(t.secret)){for(var s,r,n,a=l.querySelectorAll('iframe[data-secret=\"'+t.secret+'\"]'),o=l.querySelectorAll('blockquote[data-secret=\"'+t.secret+'\"]'),c=new RegExp(\"^https?:$\",\"i\"),i=0;i<o.length;i++)o[i].style.display=\"none\";for(i=0;i<a.length;i++)s=a[i],e.source===s.contentWindow&&(s.removeAttribute(\"style\"),\"height\"===t.message?(1e3<(r=parseInt(t.value,10))?r=1e3:~~r<200&&(r=200),s.height=r):\"link\"===t.message&&(r=new URL(s.getAttribute(\"src\")),n=new URL(t.value),c.test(n.protocol))&&n.host===r.host&&l.activeElement===s&&(d.top.location.href=t.value))}},d.addEventListener(\"message\",d.wp.receiveEmbedMessage,!1),l.addEventListener(\"DOMContentLoaded\",function(){for(var e,t,s=l.querySelectorAll(\"iframe.wp-embedded-content\"),r=0;r<s.length;r++)(t=(e=s[r]).getAttribute(\"data-secret\"))||(t=Math.random().toString(36).substring(2,12),e.src+=\"#?secret=\"+t,e.setAttribute(\"data-secret\",t)),e.contentWindow.postMessage({message:\"ready\",secret:t},\"*\")},!1)))}(window,document);\n\/\/# sourceURL=https:\/\/radioleinewelle.de\/wp-includes\/js\/wp-embed.min.js\n\/* ]]> *\/\n<\/script>\n","thumbnail_url":"https:\/\/radioleinewelle.de\/wp-content\/uploads\/2022\/10\/JVA-2-e1665045481694.jpg","thumbnail_width":600,"thumbnail_height":370,"description":"Mittlerweile eine schier endlose Geschichte: die zuk\u00fcnftige Nutzung der ehemaligen JVA in der G\u00f6ttinger Innenstadt ist weiter ungewiss. Die Fraktionen im G\u00f6ttinger Stadtrat konnten sich nicht auf eine mehrheitsf\u00e4hige L\u00f6sung einigen. F\u00fcr die Nutzung des denkmalgesch\u00fctzten Geb\u00e4udes hatten drei Bewerber Gebote abgegeben. (Siehe auch hier). Darunter waren zwei kommerzielle Projekte, sowie die Initiative f\u00fcr ein [&hellip;]"}

Mittlerweile eine schier endlose Geschichte: die zukünftige Nutzung der ehemaligen JVA in der Göttinger Innenstadt ist weiter ungewiss. Die Fraktionen im Göttinger Stadtrat konnten sich nicht auf eine mehrheitsfähige Lösung einigen. Für die Nutzung des denkmalgeschützten Gebäudes hatten drei Bewerber Gebote abgegeben. (Siehe auch hier). Darunter waren zwei kommerzielle Projekte, sowie die Initiative für ein [&hellip;]
