{"version":"1.0","provider_name":"Radio Leinewelle","provider_url":"https:\/\/radioleinewelle.de","author_name":"Leinewelle","author_url":"https:\/\/radioleinewelle.de\/index.php\/author\/leinewelle\/","title":"News &amp; Infos am 26.05. - Radio Leinewelle","type":"rich","width":600,"height":338,"html":"<blockquote class=\"wp-embedded-content\" data-secret=\"CaBEAHP2b7\"><a href=\"https:\/\/radioleinewelle.de\/index.php\/2025\/05\/26\/news-infos-am-26-05\/\">News &amp; Infos am 26.05.<\/a><\/blockquote><iframe sandbox=\"allow-scripts\" security=\"restricted\" src=\"https:\/\/radioleinewelle.de\/index.php\/2025\/05\/26\/news-infos-am-26-05\/embed\/#?secret=CaBEAHP2b7\" width=\"600\" height=\"338\" title=\"&#8222;News &amp; Infos am 26.05.&#8220; &#8211; Radio Leinewelle\" data-secret=\"CaBEAHP2b7\" frameborder=\"0\" marginwidth=\"0\" marginheight=\"0\" scrolling=\"no\" class=\"wp-embedded-content\"><\/iframe><script type=\"text\/javascript\">\n\/* <![CDATA[ *\/\n\/*! This file is auto-generated *\/\n!function(d,l){\"use strict\";l.querySelector&&d.addEventListener&&\"undefined\"!=typeof URL&&(d.wp=d.wp||{},d.wp.receiveEmbedMessage||(d.wp.receiveEmbedMessage=function(e){var t=e.data;if((t||t.secret||t.message||t.value)&&!\/[^a-zA-Z0-9]\/.test(t.secret)){for(var s,r,n,a=l.querySelectorAll('iframe[data-secret=\"'+t.secret+'\"]'),o=l.querySelectorAll('blockquote[data-secret=\"'+t.secret+'\"]'),c=new RegExp(\"^https?:$\",\"i\"),i=0;i<o.length;i++)o[i].style.display=\"none\";for(i=0;i<a.length;i++)s=a[i],e.source===s.contentWindow&&(s.removeAttribute(\"style\"),\"height\"===t.message?(1e3<(r=parseInt(t.value,10))?r=1e3:~~r<200&&(r=200),s.height=r):\"link\"===t.message&&(r=new URL(s.getAttribute(\"src\")),n=new URL(t.value),c.test(n.protocol))&&n.host===r.host&&l.activeElement===s&&(d.top.location.href=t.value))}},d.addEventListener(\"message\",d.wp.receiveEmbedMessage,!1),l.addEventListener(\"DOMContentLoaded\",function(){for(var e,t,s=l.querySelectorAll(\"iframe.wp-embedded-content\"),r=0;r<s.length;r++)(t=(e=s[r]).getAttribute(\"data-secret\"))||(t=Math.random().toString(36).substring(2,12),e.src+=\"#?secret=\"+t,e.setAttribute(\"data-secret\",t)),e.contentWindow.postMessage({message:\"ready\",secret:t},\"*\")},!1)))}(window,document);\n\/\/# sourceURL=https:\/\/radioleinewelle.de\/wp-includes\/js\/wp-embed.min.js\n\/* ]]> *\/\n<\/script>\n","thumbnail_url":"https:\/\/radioleinewelle.de\/wp-content\/uploads\/2023\/11\/Leinewelle-News-scaled-1.jpeg","thumbnail_width":2560,"thumbnail_height":2560,"description":"+++ Parkpl\u00e4tze auf dem G\u00f6ttinger Sch\u00fctzenplatz bald wieder nutzbar &#8211; Der Parkplatz auf dem Sch\u00fctzenplatz wird ab Mittwoch, 28. Mai 2025, wieder freigegeben. Das soll auch den Parkdruck im Bereich um den derzeit gesperrten Godehardkreisel reduzieren. Weitere Parkpl\u00e4tze stehen nach wie vor am Sch\u00fctzenanger zur Verf\u00fcgung. +++ +++ Northeim &#8211; Am 24.05.2025 kam es gegen [&hellip;]"}

+++ Parkplätze auf dem Göttinger Schützenplatz bald wieder nutzbar &#8211; Der Parkplatz auf dem Schützenplatz wird ab Mittwoch, 28. Mai 2025, wieder freigegeben. Das soll auch den Parkdruck im Bereich um den derzeit gesperrten Godehardkreisel reduzieren. Weitere Parkplätze stehen nach wie vor am Schützenanger zur Verfügung. +++ +++ Northeim &#8211; Am 24.05.2025 kam es gegen [&hellip;]
