{"version":"1.0","provider_name":"Radio Leinewelle","provider_url":"https:\/\/radioleinewelle.de","author_name":"Leinewelle","author_url":"https:\/\/radioleinewelle.de\/index.php\/author\/leinewelle\/","title":"Party des Jahres - \"Nacht der Kultur\" in G\u00f6ttingen - Radio Leinewelle","type":"rich","width":600,"height":338,"html":"<blockquote class=\"wp-embedded-content\" data-secret=\"ZbN0Zr161F\"><a href=\"https:\/\/radioleinewelle.de\/index.php\/2025\/06\/14\/party-des-jahres-nacht-der-kultur-in-goettingen\/\">Party des Jahres &#8211; &#8222;Nacht der Kultur&#8220; in G\u00f6ttingen<\/a><\/blockquote><iframe sandbox=\"allow-scripts\" security=\"restricted\" src=\"https:\/\/radioleinewelle.de\/index.php\/2025\/06\/14\/party-des-jahres-nacht-der-kultur-in-goettingen\/embed\/#?secret=ZbN0Zr161F\" width=\"600\" height=\"338\" title=\"&#8222;Party des Jahres &#8211; &#8222;Nacht der Kultur&#8220; in G\u00f6ttingen&#8220; &#8211; Radio Leinewelle\" data-secret=\"ZbN0Zr161F\" frameborder=\"0\" marginwidth=\"0\" marginheight=\"0\" scrolling=\"no\" class=\"wp-embedded-content\"><\/iframe><script type=\"text\/javascript\">\n\/* <![CDATA[ *\/\n\/*! This file is auto-generated *\/\n!function(d,l){\"use strict\";l.querySelector&&d.addEventListener&&\"undefined\"!=typeof URL&&(d.wp=d.wp||{},d.wp.receiveEmbedMessage||(d.wp.receiveEmbedMessage=function(e){var t=e.data;if((t||t.secret||t.message||t.value)&&!\/[^a-zA-Z0-9]\/.test(t.secret)){for(var s,r,n,a=l.querySelectorAll('iframe[data-secret=\"'+t.secret+'\"]'),o=l.querySelectorAll('blockquote[data-secret=\"'+t.secret+'\"]'),c=new RegExp(\"^https?:$\",\"i\"),i=0;i<o.length;i++)o[i].style.display=\"none\";for(i=0;i<a.length;i++)s=a[i],e.source===s.contentWindow&&(s.removeAttribute(\"style\"),\"height\"===t.message?(1e3<(r=parseInt(t.value,10))?r=1e3:~~r<200&&(r=200),s.height=r):\"link\"===t.message&&(r=new URL(s.getAttribute(\"src\")),n=new URL(t.value),c.test(n.protocol))&&n.host===r.host&&l.activeElement===s&&(d.top.location.href=t.value))}},d.addEventListener(\"message\",d.wp.receiveEmbedMessage,!1),l.addEventListener(\"DOMContentLoaded\",function(){for(var e,t,s=l.querySelectorAll(\"iframe.wp-embedded-content\"),r=0;r<s.length;r++)(t=(e=s[r]).getAttribute(\"data-secret\"))||(t=Math.random().toString(36).substring(2,12),e.src+=\"#?secret=\"+t,e.setAttribute(\"data-secret\",t)),e.contentWindow.postMessage({message:\"ready\",secret:t},\"*\")},!1)))}(window,document);\n\/\/# sourceURL=https:\/\/radioleinewelle.de\/wp-includes\/js\/wp-embed.min.js\n\/* ]]> *\/\n<\/script>\n","thumbnail_url":"https:\/\/radioleinewelle.de\/wp-content\/uploads\/2025\/06\/Nacht-der-Kultur-2025-I-e1749897925809.jpg","thumbnail_width":1000,"thumbnail_height":750,"description":"Es ist der gr\u00f6\u00dfte Event des Jahres: heute am sp\u00e4ten Nachmittag startet in der G\u00f6ttinger Innenstadt die &#8222;Nacht der Kulturen&#8220;. Viele Strassen in der Fu\u00dfg\u00e4ngerzone sind Partyzone. Auf 13 B\u00fchnen ist f\u00fcr jeden musikalischen Geschmack etwas dabei. Die Bandbreite reicht von allen Spielarten des Plattenauflegens, von Vinyl bis Digital bis hin zum Konzert des G\u00f6ttinger [&hellip;]"}

Party des Jahres - "Nacht der Kultur" in Göttingen - Radio Leinewelle

<blockquote class="wp-embedded-content" data-secret="ZbN0Zr161F"><a href="https://radioleinewelle.de/index.php/2025/06/14/party-des-jahres-nacht-der-kultur-in-goettingen/">Party des Jahres &#8211; &#8222;Nacht der Kultur&#8220; in Göttingen</a></blockquote><iframe sandbox="allow-scripts" security="restricted" src="https://radioleinewelle.de/index.php/2025/06/14/party-des-jahres-nacht-der-kultur-in-goettingen/embed/#?secret=ZbN0Zr161F" width="600" height="338" title="&#8222;Party des Jahres &#8211; &#8222;Nacht der Kultur&#8220; in Göttingen&#8220; &#8211; Radio Leinewelle" data-secret="ZbN0Zr161F" frameborder="0" marginwidth="0" marginheight="0" scrolling="no" class="wp-embedded-content"></iframe><script type="text/javascript">
/* <![CDATA[ */
/*! This file is auto-generated */
!function(d,l){"use strict";l.querySelector&&d.addEventListener&&"undefined"!=typeof URL&&(d.wp=d.wp||{},d.wp.receiveEmbedMessage||(d.wp.receiveEmbedMessage=function(e){var t=e.data;if((t||t.secret||t.message||t.value)&&!/[^a-zA-Z0-9]/.test(t.secret)){for(var s,r,n,a=l.querySelectorAll('iframe[data-secret="'+t.secret+'"]'),o=l.querySelectorAll('blockquote[data-secret="'+t.secret+'"]'),c=new RegExp("^https?:$","i"),i=0;i<o.length;i++)o[i].style.display="none";for(i=0;i<a.length;i++)s=a[i],e.source===s.contentWindow&&(s.removeAttribute("style"),"height"===t.message?(1e3<(r=parseInt(t.value,10))?r=1e3:~~r<200&&(r=200),s.height=r):"link"===t.message&&(r=new URL(s.getAttribute("src")),n=new URL(t.value),c.test(n.protocol))&&n.host===r.host&&l.activeElement===s&&(d.top.location.href=t.value))}},d.addEventListener("message",d.wp.receiveEmbedMessage,!1),l.addEventListener("DOMContentLoaded",function(){for(var e,t,s=l.querySelectorAll("iframe.wp-embedded-content"),r=0;r<s.length;r++)(t=(e=s[r]).getAttribute("data-secret"))||(t=Math.random().toString(36).substring(2,12),e.src+="#?secret="+t,e.setAttribute("data-secret",t)),e.contentWindow.postMessage({message:"ready",secret:t},"*")},!1)))}(window,document);
//# sourceURL=https://radioleinewelle.de/wp-includes/js/wp-embed.min.js
/* ]]> */
</script>

Es ist der größte Event des Jahres: heute am späten Nachmittag startet in der Göttinger Innenstadt die &#8222;Nacht der Kulturen&#8220;. Viele Strassen in der Fußgängerzone sind Partyzone. Auf 13 Bühnen ist für jeden musikalischen Geschmack etwas dabei. Die Bandbreite reicht von allen Spielarten des Plattenauflegens, von Vinyl bis Digital bis hin zum Konzert des Göttinger [&hellip;]
