{"version":"1.0","provider_name":"Radio Leinewelle","provider_url":"https:\/\/radioleinewelle.de","author_name":"Leinewelle","author_url":"https:\/\/radioleinewelle.de\/index.php\/author\/leinewelle\/","title":"G\u00f6ttingen - Kunst am Fassberg kehrt zur\u00fcck - Radio Leinewelle","type":"rich","width":600,"height":338,"html":"<blockquote class=\"wp-embedded-content\" data-secret=\"EB61FIoQGH\"><a href=\"https:\/\/radioleinewelle.de\/index.php\/2025\/10\/17\/goettingen-kunst-am-fassberg-kehrt-zurueck\/\">G\u00f6ttingen &#8211; Kunst am Fassberg kehrt zur\u00fcck<\/a><\/blockquote><iframe sandbox=\"allow-scripts\" security=\"restricted\" src=\"https:\/\/radioleinewelle.de\/index.php\/2025\/10\/17\/goettingen-kunst-am-fassberg-kehrt-zurueck\/embed\/#?secret=EB61FIoQGH\" width=\"600\" height=\"338\" title=\"&#8222;G\u00f6ttingen &#8211; Kunst am Fassberg kehrt zur\u00fcck&#8220; &#8211; Radio Leinewelle\" data-secret=\"EB61FIoQGH\" frameborder=\"0\" marginwidth=\"0\" marginheight=\"0\" scrolling=\"no\" class=\"wp-embedded-content\"><\/iframe><script type=\"text\/javascript\">\n\/* <![CDATA[ *\/\n\/*! This file is auto-generated *\/\n!function(d,l){\"use strict\";l.querySelector&&d.addEventListener&&\"undefined\"!=typeof URL&&(d.wp=d.wp||{},d.wp.receiveEmbedMessage||(d.wp.receiveEmbedMessage=function(e){var t=e.data;if((t||t.secret||t.message||t.value)&&!\/[^a-zA-Z0-9]\/.test(t.secret)){for(var s,r,n,a=l.querySelectorAll('iframe[data-secret=\"'+t.secret+'\"]'),o=l.querySelectorAll('blockquote[data-secret=\"'+t.secret+'\"]'),c=new RegExp(\"^https?:$\",\"i\"),i=0;i<o.length;i++)o[i].style.display=\"none\";for(i=0;i<a.length;i++)s=a[i],e.source===s.contentWindow&&(s.removeAttribute(\"style\"),\"height\"===t.message?(1e3<(r=parseInt(t.value,10))?r=1e3:~~r<200&&(r=200),s.height=r):\"link\"===t.message&&(r=new URL(s.getAttribute(\"src\")),n=new URL(t.value),c.test(n.protocol))&&n.host===r.host&&l.activeElement===s&&(d.top.location.href=t.value))}},d.addEventListener(\"message\",d.wp.receiveEmbedMessage,!1),l.addEventListener(\"DOMContentLoaded\",function(){for(var e,t,s=l.querySelectorAll(\"iframe.wp-embedded-content\"),r=0;r<s.length;r++)(t=(e=s[r]).getAttribute(\"data-secret\"))||(t=Math.random().toString(36).substring(2,12),e.src+=\"#?secret=\"+t,e.setAttribute(\"data-secret\",t)),e.contentWindow.postMessage({message:\"ready\",secret:t},\"*\")},!1)))}(window,document);\n\/\/# sourceURL=https:\/\/radioleinewelle.de\/wp-includes\/js\/wp-embed.min.js\n\/* ]]> *\/\n<\/script>\n","thumbnail_url":"https:\/\/radioleinewelle.de\/wp-content\/uploads\/2025\/10\/PR_Kunst-am-Fassberg_institute-scaled-e1760697087958.jpeg","thumbnail_width":1920,"thumbnail_height":1130,"description":"Nach drei Jahren Pause meldet sich die Ausstellungsreihe am Max-Planck-Institut f\u00fcr Multidisziplin\u00e4re Naturwissenschaften (MPI) zur\u00fcck. Im Foyer auf dem Fassberg wird vom 23. Oktober bis 24. November die Ausstellung FARBCODE der K\u00fcnstlerin Birgit Egen zu sehen sein.Mit der R\u00fcckkehr dieses Formats setzt das MPI eine \u00fcber 20 Jahre alte Tradition fort, Besucherinnen und Besucher mit [&hellip;]"}

Göttingen - Kunst am Fassberg kehrt zurück - Radio Leinewelle

<blockquote class="wp-embedded-content" data-secret="EB61FIoQGH"><a href="https://radioleinewelle.de/index.php/2025/10/17/goettingen-kunst-am-fassberg-kehrt-zurueck/">Göttingen &#8211; Kunst am Fassberg kehrt zurück</a></blockquote><iframe sandbox="allow-scripts" security="restricted" src="https://radioleinewelle.de/index.php/2025/10/17/goettingen-kunst-am-fassberg-kehrt-zurueck/embed/#?secret=EB61FIoQGH" width="600" height="338" title="&#8222;Göttingen &#8211; Kunst am Fassberg kehrt zurück&#8220; &#8211; Radio Leinewelle" data-secret="EB61FIoQGH" frameborder="0" marginwidth="0" marginheight="0" scrolling="no" class="wp-embedded-content"></iframe><script type="text/javascript">
/* <![CDATA[ */
/*! This file is auto-generated */
!function(d,l){"use strict";l.querySelector&&d.addEventListener&&"undefined"!=typeof URL&&(d.wp=d.wp||{},d.wp.receiveEmbedMessage||(d.wp.receiveEmbedMessage=function(e){var t=e.data;if((t||t.secret||t.message||t.value)&&!/[^a-zA-Z0-9]/.test(t.secret)){for(var s,r,n,a=l.querySelectorAll('iframe[data-secret="'+t.secret+'"]'),o=l.querySelectorAll('blockquote[data-secret="'+t.secret+'"]'),c=new RegExp("^https?:$","i"),i=0;i<o.length;i++)o[i].style.display="none";for(i=0;i<a.length;i++)s=a[i],e.source===s.contentWindow&&(s.removeAttribute("style"),"height"===t.message?(1e3<(r=parseInt(t.value,10))?r=1e3:~~r<200&&(r=200),s.height=r):"link"===t.message&&(r=new URL(s.getAttribute("src")),n=new URL(t.value),c.test(n.protocol))&&n.host===r.host&&l.activeElement===s&&(d.top.location.href=t.value))}},d.addEventListener("message",d.wp.receiveEmbedMessage,!1),l.addEventListener("DOMContentLoaded",function(){for(var e,t,s=l.querySelectorAll("iframe.wp-embedded-content"),r=0;r<s.length;r++)(t=(e=s[r]).getAttribute("data-secret"))||(t=Math.random().toString(36).substring(2,12),e.src+="#?secret="+t,e.setAttribute("data-secret",t)),e.contentWindow.postMessage({message:"ready",secret:t},"*")},!1)))}(window,document);
//# sourceURL=https://radioleinewelle.de/wp-includes/js/wp-embed.min.js
/* ]]> */
</script>

Nach drei Jahren Pause meldet sich die Ausstellungsreihe am Max-Planck-Institut für Multidisziplinäre Naturwissenschaften (MPI) zurück. Im Foyer auf dem Fassberg wird vom 23. Oktober bis 24. November die Ausstellung FARBCODE der Künstlerin Birgit Egen zu sehen sein.Mit der Rückkehr dieses Formats setzt das MPI eine über 20 Jahre alte Tradition fort, Besucherinnen und Besucher mit [&hellip;]
