{"id":28548,"date":"2025-05-14T08:55:08","date_gmt":"2025-05-14T06:55:08","guid":{"rendered":"https:\/\/radioleinewelle.de\/?post_type=event_listing&#038;p=28548"},"modified":"2025-09-08T00:26:20","modified_gmt":"2025-09-07T22:26:20","slug":"28548","status":"expired","type":"event_listing","link":"https:\/\/radioleinewelle.de\/index.php\/veranstaltung\/28548\/","title":{"rendered":""},"content":{"rendered":"\n<p>Am kommenden Donnerstag, 26. Juni 2025, er\u00f6ffnet um 19 Uhr die n\u00e4chste Ausstellung im Kunsthaus G\u00f6ttingen. Unter dem Titel &#8222;Mobile Homes. Nomaden hinterlassen keine Ruinen&#8220; l\u00e4dt das Kunsthaus G\u00f6ttingen zu einer Fotoausstellung von Winfried Bullinger ein. Kuratiert von Thomas Schirmb\u00f6ck pr\u00e4sentiert die Ausstellung Bullingers Fotografien von H\u00e4usern, H\u00fctten und Zelten von Nomaden in Ost- und Zentralafrika.<\/p>\n\n\n\n<p>Seit 2008 dokumentiert Bullinger mit seinem Fotoprojekt indigene Architekturtraditionen, die in der postkolonialen \u00c4ra weitgehend in Vergessenheit geraten und heute durch ver\u00e4nderte Lebensweisen bedroht sind. Seine Bilder, die er mit einer Gro\u00dfformatkamera und der Silbergelatine-Technik aufnimmt, entstehen im Dialog mit den Bewohnern und zeigen Architektur als direkte, \u00fcber Jahrhunderte verfeinerte Reaktion auf die spezifische Umgebung und Kultur der jeweiligen idigenen Gruppe. Das Ergebnis ist eine wertvolle Dokumentation eines wenig beachteten und rasch verschwindenden Teils des afrikanischen Architekturerbes.<br>Die Ausstellung im Kunsthaus G\u00f6ttingen dauert bis zum 7. September 2025 fort und wird nach den Sommerferien von einem Veranstaltungsprogramm begleitet, dass sich unter anderem mit dem Konzept der &#8222;nomadischen Architektur&#8220;, mit dem &#8222;ethnographischen Blick&#8220; und mit der kolonialen Vergangenheit G\u00f6ttingens befasst. Dar\u00fcber hinaus beginnt mit dieser Ausstellung auch das kunstp\u00e4dagogische Vermittlungsprogramm f\u00fcr Kinder- und Jugendgruppen, das ab sofort auf Anfrage angeboten wird.<\/p>\n\n\n\n<p class=\"has-small-font-size\"><strong>Foto:<\/strong> \u00a9Kunsthaus G\u00f6ttingen<\/p>\n","protected":false},"featured_media":28549,"template":"","meta":{"saved_in_kubio":false},"event_listing_category":[4284],"event_listing_type":[],"class_list":["post-28548","event_listing","type-event_listing","status-expired","has-post-thumbnail","hentry","event_listing_category-ausstellung"],"yoast_head":"<!-- This site is optimized with the Yoast SEO plugin v27.5 - https:\/\/yoast.com\/product\/yoast-seo-wordpress\/ -->\n<title>- Radio Leinewelle<\/title>\n<meta name=\"robots\" content=\"index, follow, max-snippet:-1, max-image-preview:large, max-video-preview:-1\" \/>\n<link rel=\"canonical\" href=\"https:\/\/radioleinewelle.de\/index.php\/veranstaltung\/28548\/\" \/>\n<meta property=\"og:locale\" content=\"de_DE\" \/>\n<meta property=\"og:type\" content=\"article\" \/>\n<meta property=\"og:title\" content=\"- Radio Leinewelle\" \/>\n<meta property=\"og:description\" content=\"Am kommenden Donnerstag, 26. Juni 2025, er\u00f6ffnet um 19 Uhr die n\u00e4chste Ausstellung im Kunsthaus G\u00f6ttingen. Unter dem Titel &#8222;Mobile Homes. Nomaden hinterlassen keine Ruinen&#8220; l\u00e4dt das Kunsthaus G\u00f6ttingen zu einer Fotoausstellung von Winfried Bullinger ein. Kuratiert von Thomas Schirmb\u00f6ck pr\u00e4sentiert die Ausstellung Bullingers Fotografien von H\u00e4usern, H\u00fctten und Zelten von Nomaden in Ost- und [&hellip;]\" \/>\n<meta property=\"og:url\" content=\"https:\/\/radioleinewelle.de\/index.php\/veranstaltung\/28548\/\" \/>\n<meta property=\"og:site_name\" content=\"Radio Leinewelle\" \/>\n<meta property=\"article:publisher\" content=\"https:\/\/www.facebook.com\/radioleinewelle\" \/>\n<meta property=\"article:modified_time\" content=\"2025-09-07T22:26:20+00:00\" \/>\n<meta property=\"og:image\" content=\"https:\/\/radioleinewelle.de\/wp-content\/uploads\/2025\/06\/KHG-WinfriedBullinger-scaled.jpg\" \/>\n\t<meta property=\"og:image:width\" content=\"2560\" \/>\n\t<meta property=\"og:image:height\" content=\"2009\" \/>\n\t<meta property=\"og:image:type\" content=\"image\/jpeg\" \/>\n<meta name=\"twitter:card\" content=\"summary_large_image\" \/>\n<meta name=\"twitter:site\" content=\"@RLeinewelle\" \/>\n<meta name=\"twitter:label1\" content=\"Gesch\u00e4tzte Lesezeit\" \/>\n\t<meta name=\"twitter:data1\" content=\"2\u00a0Minuten\" \/>\n<script type=\"application\/ld+json\" class=\"yoast-schema-graph\">{\"@context\":\"https:\\\/\\\/schema.org\",\"@graph\":[{\"@type\":\"WebPage\",\"@id\":\"https:\\\/\\\/radioleinewelle.de\\\/index.php\\\/veranstaltung\\\/28548\\\/\",\"url\":\"https:\\\/\\\/radioleinewelle.de\\\/index.php\\\/veranstaltung\\\/28548\\\/\",\"name\":\"- Radio Leinewelle\",\"isPartOf\":{\"@id\":\"https:\\\/\\\/radioleinewelle.de\\\/#website\"},\"primaryImageOfPage\":{\"@id\":\"https:\\\/\\\/radioleinewelle.de\\\/index.php\\\/veranstaltung\\\/28548\\\/#primaryimage\"},\"image\":{\"@id\":\"https:\\\/\\\/radioleinewelle.de\\\/index.php\\\/veranstaltung\\\/28548\\\/#primaryimage\"},\"thumbnailUrl\":\"https:\\\/\\\/radioleinewelle.de\\\/wp-content\\\/uploads\\\/2025\\\/06\\\/KHG-WinfriedBullinger-scaled.jpg\",\"datePublished\":\"2025-05-14T06:55:08+00:00\",\"dateModified\":\"2025-09-07T22:26:20+00:00\",\"inLanguage\":\"de\",\"potentialAction\":[{\"@type\":\"ReadAction\",\"target\":[\"https:\\\/\\\/radioleinewelle.de\\\/index.php\\\/veranstaltung\\\/28548\\\/\"]}]},{\"@type\":\"ImageObject\",\"inLanguage\":\"de\",\"@id\":\"https:\\\/\\\/radioleinewelle.de\\\/index.php\\\/veranstaltung\\\/28548\\\/#primaryimage\",\"url\":\"https:\\\/\\\/radioleinewelle.de\\\/wp-content\\\/uploads\\\/2025\\\/06\\\/KHG-WinfriedBullinger-scaled.jpg\",\"contentUrl\":\"https:\\\/\\\/radioleinewelle.de\\\/wp-content\\\/uploads\\\/2025\\\/06\\\/KHG-WinfriedBullinger-scaled.jpg\",\"width\":2560,\"height\":2009,\"caption\":\"2006 beja 2015 001\"},{\"@type\":\"WebSite\",\"@id\":\"https:\\\/\\\/radioleinewelle.de\\\/#website\",\"url\":\"https:\\\/\\\/radioleinewelle.de\\\/\",\"name\":\"Radio Leinewelle\",\"description\":\"\",\"publisher\":{\"@id\":\"https:\\\/\\\/radioleinewelle.de\\\/#organization\"},\"potentialAction\":[{\"@type\":\"SearchAction\",\"target\":{\"@type\":\"EntryPoint\",\"urlTemplate\":\"https:\\\/\\\/radioleinewelle.de\\\/?s={search_term_string}\"},\"query-input\":{\"@type\":\"PropertyValueSpecification\",\"valueRequired\":true,\"valueName\":\"search_term_string\"}}],\"inLanguage\":\"de\"},{\"@type\":\"Organization\",\"@id\":\"https:\\\/\\\/radioleinewelle.de\\\/#organization\",\"name\":\"Radio Leinewelle\",\"alternateName\":\"Mein Radio f\u00fcr S\u00fcdniedersachsen\",\"url\":\"https:\\\/\\\/radioleinewelle.de\\\/\",\"logo\":{\"@type\":\"ImageObject\",\"inLanguage\":\"de\",\"@id\":\"https:\\\/\\\/radioleinewelle.de\\\/#\\\/schema\\\/logo\\\/image\\\/\",\"url\":\"https:\\\/\\\/radioleinewelle.de\\\/wp-content\\\/uploads\\\/2023\\\/11\\\/cropped-Leinewelle_Logo_weiss.png\",\"contentUrl\":\"https:\\\/\\\/radioleinewelle.de\\\/wp-content\\\/uploads\\\/2023\\\/11\\\/cropped-Leinewelle_Logo_weiss.png\",\"width\":854,\"height\":260,\"caption\":\"Radio Leinewelle\"},\"image\":{\"@id\":\"https:\\\/\\\/radioleinewelle.de\\\/#\\\/schema\\\/logo\\\/image\\\/\"},\"sameAs\":[\"https:\\\/\\\/www.facebook.com\\\/radioleinewelle\",\"https:\\\/\\\/x.com\\\/RLeinewelle\",\"https:\\\/\\\/www.instagram.com\\\/radioleinewelle\\\/?hl=de\"]}]}<\/script>\n<!-- \/ Yoast SEO plugin. -->","yoast_head_json":{"title":"- Radio Leinewelle","robots":{"index":"index","follow":"follow","max-snippet":"max-snippet:-1","max-image-preview":"max-image-preview:large","max-video-preview":"max-video-preview:-1"},"canonical":"https:\/\/radioleinewelle.de\/index.php\/veranstaltung\/28548\/","og_locale":"de_DE","og_type":"article","og_title":"- Radio Leinewelle","og_description":"Am kommenden Donnerstag, 26. Juni 2025, er\u00f6ffnet um 19 Uhr die n\u00e4chste Ausstellung im Kunsthaus G\u00f6ttingen. Unter dem Titel &#8222;Mobile Homes. Nomaden hinterlassen keine Ruinen&#8220; l\u00e4dt das Kunsthaus G\u00f6ttingen zu einer Fotoausstellung von Winfried Bullinger ein. Kuratiert von Thomas Schirmb\u00f6ck pr\u00e4sentiert die Ausstellung Bullingers Fotografien von H\u00e4usern, H\u00fctten und Zelten von Nomaden in Ost- und [&hellip;]","og_url":"https:\/\/radioleinewelle.de\/index.php\/veranstaltung\/28548\/","og_site_name":"Radio Leinewelle","article_publisher":"https:\/\/www.facebook.com\/radioleinewelle","article_modified_time":"2025-09-07T22:26:20+00:00","og_image":[{"width":2560,"height":2009,"url":"https:\/\/radioleinewelle.de\/wp-content\/uploads\/2025\/06\/KHG-WinfriedBullinger-scaled.jpg","type":"image\/jpeg"}],"twitter_card":"summary_large_image","twitter_site":"@RLeinewelle","twitter_misc":{"Gesch\u00e4tzte Lesezeit":"2\u00a0Minuten"},"schema":{"@context":"https:\/\/schema.org","@graph":[{"@type":"WebPage","@id":"https:\/\/radioleinewelle.de\/index.php\/veranstaltung\/28548\/","url":"https:\/\/radioleinewelle.de\/index.php\/veranstaltung\/28548\/","name":"- Radio Leinewelle","isPartOf":{"@id":"https:\/\/radioleinewelle.de\/#website"},"primaryImageOfPage":{"@id":"https:\/\/radioleinewelle.de\/index.php\/veranstaltung\/28548\/#primaryimage"},"image":{"@id":"https:\/\/radioleinewelle.de\/index.php\/veranstaltung\/28548\/#primaryimage"},"thumbnailUrl":"https:\/\/radioleinewelle.de\/wp-content\/uploads\/2025\/06\/KHG-WinfriedBullinger-scaled.jpg","datePublished":"2025-05-14T06:55:08+00:00","dateModified":"2025-09-07T22:26:20+00:00","inLanguage":"de","potentialAction":[{"@type":"ReadAction","target":["https:\/\/radioleinewelle.de\/index.php\/veranstaltung\/28548\/"]}]},{"@type":"ImageObject","inLanguage":"de","@id":"https:\/\/radioleinewelle.de\/index.php\/veranstaltung\/28548\/#primaryimage","url":"https:\/\/radioleinewelle.de\/wp-content\/uploads\/2025\/06\/KHG-WinfriedBullinger-scaled.jpg","contentUrl":"https:\/\/radioleinewelle.de\/wp-content\/uploads\/2025\/06\/KHG-WinfriedBullinger-scaled.jpg","width":2560,"height":2009,"caption":"2006 beja 2015 001"},{"@type":"WebSite","@id":"https:\/\/radioleinewelle.de\/#website","url":"https:\/\/radioleinewelle.de\/","name":"Radio Leinewelle","description":"","publisher":{"@id":"https:\/\/radioleinewelle.de\/#organization"},"potentialAction":[{"@type":"SearchAction","target":{"@type":"EntryPoint","urlTemplate":"https:\/\/radioleinewelle.de\/?s={search_term_string}"},"query-input":{"@type":"PropertyValueSpecification","valueRequired":true,"valueName":"search_term_string"}}],"inLanguage":"de"},{"@type":"Organization","@id":"https:\/\/radioleinewelle.de\/#organization","name":"Radio Leinewelle","alternateName":"Mein Radio f\u00fcr S\u00fcdniedersachsen","url":"https:\/\/radioleinewelle.de\/","logo":{"@type":"ImageObject","inLanguage":"de","@id":"https:\/\/radioleinewelle.de\/#\/schema\/logo\/image\/","url":"https:\/\/radioleinewelle.de\/wp-content\/uploads\/2023\/11\/cropped-Leinewelle_Logo_weiss.png","contentUrl":"https:\/\/radioleinewelle.de\/wp-content\/uploads\/2023\/11\/cropped-Leinewelle_Logo_weiss.png","width":854,"height":260,"caption":"Radio Leinewelle"},"image":{"@id":"https:\/\/radioleinewelle.de\/#\/schema\/logo\/image\/"},"sameAs":["https:\/\/www.facebook.com\/radioleinewelle","https:\/\/x.com\/RLeinewelle","https:\/\/www.instagram.com\/radioleinewelle\/?hl=de"]}]}},"_links":{"self":[{"href":"https:\/\/radioleinewelle.de\/index.php\/wp-json\/wp\/v2\/event_listing\/28548","targetHints":{"allow":["GET"]}}],"collection":[{"href":"https:\/\/radioleinewelle.de\/index.php\/wp-json\/wp\/v2\/event_listing"}],"about":[{"href":"https:\/\/radioleinewelle.de\/index.php\/wp-json\/wp\/v2\/types\/event_listing"}],"wp:featuredmedia":[{"embeddable":true,"href":"https:\/\/radioleinewelle.de\/index.php\/wp-json\/wp\/v2\/media\/28549"}],"wp:attachment":[{"href":"https:\/\/radioleinewelle.de\/index.php\/wp-json\/wp\/v2\/media?parent=28548"}],"wp:term":[{"taxonomy":"event_listing_category","embeddable":true,"href":"https:\/\/radioleinewelle.de\/index.php\/wp-json\/wp\/v2\/event_listing_category?post=28548"},{"taxonomy":"event_listing_type","embeddable":true,"href":"https:\/\/radioleinewelle.de\/index.php\/wp-json\/wp\/v2\/event_listing_type?post=28548"}],"curies":[{"name":"wp","href":"https:\/\/api.w.org\/{rel}","templated":true}]}}

<p>Am kommenden Donnerstag, 26. Juni 2025, eröffnet um 19 Uhr die nächste Ausstellung im Kunsthaus Göttingen. Unter dem Titel &#8222;Mobile Homes. Nomaden hinterlassen keine Ruinen&#8220; lädt das Kunsthaus Göttingen zu einer Fotoausstellung von Winfried Bullinger ein. Kuratiert von Thomas Schirmböck präsentiert die Ausstellung Bullingers Fotografien von Häusern, Hütten und Zelten von Nomaden in Ost- und Zentralafrika.</p>



<p>Seit 2008 dokumentiert Bullinger mit seinem Fotoprojekt indigene Architekturtraditionen, die in der postkolonialen Ära weitgehend in Vergessenheit geraten und heute durch veränderte Lebensweisen bedroht sind. Seine Bilder, die er mit einer Großformatkamera und der Silbergelatine-Technik aufnimmt, entstehen im Dialog mit den Bewohnern und zeigen Architektur als direkte, über Jahrhunderte verfeinerte Reaktion auf die spezifische Umgebung und Kultur der jeweiligen idigenen Gruppe. Das Ergebnis ist eine wertvolle Dokumentation eines wenig beachteten und rasch verschwindenden Teils des afrikanischen Architekturerbes.<br>Die Ausstellung im Kunsthaus Göttingen dauert bis zum 7. September 2025 fort und wird nach den Sommerferien von einem Veranstaltungsprogramm begleitet, dass sich unter anderem mit dem Konzept der &#8222;nomadischen Architektur&#8220;, mit dem &#8222;ethnographischen Blick&#8220; und mit der kolonialen Vergangenheit Göttingens befasst. Darüber hinaus beginnt mit dieser Ausstellung auch das kunstpädagogische Vermittlungsprogramm für Kinder- und Jugendgruppen, das ab sofort auf Anfrage angeboten wird.</p>



<p class="has-small-font-size"><strong>Foto:</strong> ©Kunsthaus Göttingen</p>

<!-- This site is optimized with the Yoast SEO plugin v27.5 - https://yoast.com/product/yoast-seo-wordpress/ -->
<title>- Radio Leinewelle</title>
<meta name="robots" content="index, follow, max-snippet:-1, max-image-preview:large, max-video-preview:-1" />
<link rel="canonical" href="https://radioleinewelle.de/index.php/veranstaltung/28548/" />
<meta property="og:locale" content="de_DE" />
<meta property="og:type" content="article" />
<meta property="og:title" content="- Radio Leinewelle" />
<meta property="og:description" content="Am kommenden Donnerstag, 26. Juni 2025, eröffnet um 19 Uhr die nächste Ausstellung im Kunsthaus Göttingen. Unter dem Titel &#8222;Mobile Homes. Nomaden hinterlassen keine Ruinen&#8220; lädt das Kunsthaus Göttingen zu einer Fotoausstellung von Winfried Bullinger ein. Kuratiert von Thomas Schirmböck präsentiert die Ausstellung Bullingers Fotografien von Häusern, Hütten und Zelten von Nomaden in Ost- und [&hellip;]" />
<meta property="og:url" content="https://radioleinewelle.de/index.php/veranstaltung/28548/" />
<meta property="og:site_name" content="Radio Leinewelle" />
<meta property="article:publisher" content="https://www.facebook.com/radioleinewelle" />
<meta property="article:modified_time" content="2025-09-07T22:26:20+00:00" />
<meta property="og:image" content="https://radioleinewelle.de/wp-content/uploads/2025/06/KHG-WinfriedBullinger-scaled.jpg" />
	<meta property="og:image:width" content="2560" />
	<meta property="og:image:height" content="2009" />
	<meta property="og:image:type" content="image/jpeg" />
<meta name="twitter:card" content="summary_large_image" />
<meta name="twitter:site" content="@RLeinewelle" />
<meta name="twitter:label1" content="Geschätzte Lesezeit" />
	<meta name="twitter:data1" content="2 Minuten" />
<script type="application/ld+json" class="yoast-schema-graph">{"@context":"https:\/\/schema.org","@graph":[{"@type":"WebPage","@id":"https:\/\/radioleinewelle.de\/index.php\/veranstaltung\/28548\/","url":"https:\/\/radioleinewelle.de\/index.php\/veranstaltung\/28548\/","name":"- Radio Leinewelle","isPartOf":{"@id":"https:\/\/radioleinewelle.de\/#website"},"primaryImageOfPage":{"@id":"https:\/\/radioleinewelle.de\/index.php\/veranstaltung\/28548\/#primaryimage"},"image":{"@id":"https:\/\/radioleinewelle.de\/index.php\/veranstaltung\/28548\/#primaryimage"},"thumbnailUrl":"https:\/\/radioleinewelle.de\/wp-content\/uploads\/2025\/06\/KHG-WinfriedBullinger-scaled.jpg","datePublished":"2025-05-14T06:55:08+00:00","dateModified":"2025-09-07T22:26:20+00:00","inLanguage":"de","potentialAction":[{"@type":"ReadAction","target":["https:\/\/radioleinewelle.de\/index.php\/veranstaltung\/28548\/"]}]},{"@type":"ImageObject","inLanguage":"de","@id":"https:\/\/radioleinewelle.de\/index.php\/veranstaltung\/28548\/#primaryimage","url":"https:\/\/radioleinewelle.de\/wp-content\/uploads\/2025\/06\/KHG-WinfriedBullinger-scaled.jpg","contentUrl":"https:\/\/radioleinewelle.de\/wp-content\/uploads\/2025\/06\/KHG-WinfriedBullinger-scaled.jpg","width":2560,"height":2009,"caption":"2006 beja 2015 001"},{"@type":"WebSite","@id":"https:\/\/radioleinewelle.de\/#website","url":"https:\/\/radioleinewelle.de\/","name":"Radio Leinewelle","description":"","publisher":{"@id":"https:\/\/radioleinewelle.de\/#organization"},"potentialAction":[{"@type":"SearchAction","target":{"@type":"EntryPoint","urlTemplate":"https:\/\/radioleinewelle.de\/?s={search_term_string}"},"query-input":{"@type":"PropertyValueSpecification","valueRequired":true,"valueName":"search_term_string"}}],"inLanguage":"de"},{"@type":"Organization","@id":"https:\/\/radioleinewelle.de\/#organization","name":"Radio Leinewelle","alternateName":"Mein Radio für Südniedersachsen","url":"https:\/\/radioleinewelle.de\/","logo":{"@type":"ImageObject","inLanguage":"de","@id":"https:\/\/radioleinewelle.de\/#\/schema\/logo\/image\/","url":"https:\/\/radioleinewelle.de\/wp-content\/uploads\/2023\/11\/cropped-Leinewelle_Logo_weiss.png","contentUrl":"https:\/\/radioleinewelle.de\/wp-content\/uploads\/2023\/11\/cropped-Leinewelle_Logo_weiss.png","width":854,"height":260,"caption":"Radio Leinewelle"},"image":{"@id":"https:\/\/radioleinewelle.de\/#\/schema\/logo\/image\/"},"sameAs":["https:\/\/www.facebook.com\/radioleinewelle","https:\/\/x.com\/RLeinewelle","https:\/\/www.instagram.com\/radioleinewelle\/?hl=de"]}]}</script>
<!-- / Yoast SEO plugin. -->

Am kommenden Donnerstag, 26. Juni 2025, eröffnet um 19 Uhr die nächste Ausstellung im Kunsthaus Göttingen. Unter dem Titel &#8222;Mobile Homes. Nomaden hinterlassen keine Ruinen&#8220; lädt das Kunsthaus Göttingen zu einer Fotoausstellung von Winfried Bullinger ein. Kuratiert von Thomas Schirmböck präsentiert die Ausstellung Bullingers Fotografien von Häusern, Hütten und Zelten von Nomaden in Ost- und [&hellip;]

Mein Radio für Südniedersachsen
